{"text_format":"1","workbook":"xlsx","n_sheets":9,"sheets":["Enrollment & Allocations","Position Simulator","Grade 6 and School Type","All Schools","High Needs","Tchr Norming","Pivot ECAST","ECAST Enroll & FTEs","School List"],"not_rendered":{"charts":0,"images":1,"macros":1,"external_links":0,"defined_names":20,"comments":3,"pivot_tables":3},"unopened":[],"bounds":{"document_bytes":16777216,"sheet_cells":100000,"rows_first":2000,"rows_last":500,"rows_between":2000,"halvings":0,"cell_chars":16384,"cell_head_chars":4096},"cells_cut":0,"cells_raw":0,"read":"whole","date_system":"1900"}

{"sheet":"Enrollment & Allocations","index":0,"n_rows":43,"n_cols":17,"rows_kept":43,"cut":false,"hidden":false,"merged":[[31,5,31,14],[32,6,32,13],[1,3,1,17],[2,3,2,17],[3,3,3,17],[43,5,43,10],[43,12,43,14],[42,2,42,17],[6,5,6,8],[7,5,7,16],[17,5,17,8],[17,9,17,12],[17,13,17,16],[8,5,8,9],[8,10,8,12],[8,13,8,15],[34,13,34,14],[39,13,39,14],[35,8,35,9],[36,8,36,9],[37,8,37,9],[38,8,38,9],[35,13,35,14],[36,13,36,14],[37,13,37,14],[38,13,38,14]]}
[]
[null,null,null,"ECAST ENROLLMENT & ALLOCATIONS"]
[null,null,null,"Instructions: enter or select a value for field highlighted in blue to populate the ECAST enrollment and allocations for your school(s)."]
[null,null,null,"Use the Position Simulator to project allocations based on enrollment or school attribute changes."]
[]
[]
[null,null,null,"Cost Center","",{"$f":"IF(AND(D12=\"\",E7<>\"\"),\"Please check the cost center code\",\"\")","v":""}]
[null,null,null,null,null,"2020-21 ECAST Enrollment "]
[null,null,null,null,null,"General Education",null,null,null,null,"Special Day Program",null,null,"Pre-Kindergarten"]
[]
[null,null,null,"Cost Center","School Name","K-3","4-5(6)","6-8","9-10","9-12","SDP\nK-5(6)","SDP\n6-8","SDP\n9-12","Pre-K\nSP ED","State\nPreschool","TE (ETK)","Total"]
[null,null,{"$f":"LEFT($E$7,5)&\"01\"&1","v":"011"},{"$f":"IFERROR(INDEX('ECAST Enroll & FTEs'!B:B, MATCH('Enrollment & Allocations'!$C12,'ECAST Enroll & FTEs'!$AE:$AE,0)),\"\")","v":""},{"$f":"IF($D12=\"\",\"\",(VLOOKUP($D12,'ECAST Enroll & FTEs'!$B:$AB,2,FALSE)))","v":""},{"$f":"IF($D12=\"\",\"\",(VLOOKUP($D12,'ECAST Enroll & FTEs'!$B:$AB,4,FALSE)))","v":""},{"$f":"IF($D12=\"\",\"\",(VLOOKUP($D12,'ECAST Enroll & FTEs'!$B:$AB,5,FALSE)))","v":""},{"$f":"IF($D12=\"\",\"\",(VLOOKUP($D12,'ECAST Enroll & FTEs'!$B:$AB,6,FALSE)))","v":""},{"$f":"IF($D12=\"\",\"\",(VLOOKUP($D12,'ECAST Enroll & FTEs'!$B:$AB,7,FALSE)))","v":""},{"$f":"IF($D12=\"\",\"\",(VLOOKUP($D12,'ECAST Enroll & FTEs'!$B:$AB,8,FALSE)))","v":""},{"$f":"IF($D12=\"\",\"\",(VLOOKUP($D12,'ECAST Enroll & FTEs'!$B:$AB,9,FALSE)))","v":""},{"$f":"IF($D12=\"\",\"\",(VLOOKUP($D12,'ECAST Enroll & FTEs'!$B:$AB,10,FALSE)))","v":""},{"$f":"IF($D12=\"\",\"\",(VLOOKUP($D12,'ECAST Enroll & FTEs'!$B:$AB,11,FALSE)))","v":""},{"$f":"IF($D12=\"\",\"\",(VLOOKUP($D12,'ECAST Enroll & FTEs'!$B:$AB,12,FALSE)))","v":""},{"$f":"IF($D12=\"\",\"\",(VLOOKUP($D12,'ECAST Enroll & FTEs'!$B:$AB,13,FALSE)))","v":""},{"$f":"IF($D12=\"\",\"\",(VLOOKUP($D12,'ECAST Enroll & FTEs'!$B:$AB,14,FALSE)))","v":""},{"$f":"IF(D12=\"\",\"\",SUM(F12:H12)+SUM(J12:P12))","v":""}]
[null,null,{"$f":"LEFT($E$7,5)&\"01\"&2","v":"012"},{"$f":"IFERROR(INDEX('ECAST Enroll & FTEs'!B:B, MATCH('Enrollment & Allocations'!$C13,'ECAST Enroll & FTEs'!$AE:$AE,0)),\"\")","v":""},{"$f":"IF($D13=\"\",\"\",(VLOOKUP($D13,'ECAST Enroll & FTEs'!$B:$AB,2,FALSE)))","v":""},{"$f":"IF($D13=\"\",\"\",(VLOOKUP($D13,'ECAST Enroll & FTEs'!$B:$AB,4,FALSE)))","v":""},{"$f":"IF($D13=\"\",\"\",(VLOOKUP($D13,'ECAST Enroll & FTEs'!$B:$AB,5,FALSE)))","v":""},{"$f":"IF($D13=\"\",\"\",(VLOOKUP($D13,'ECAST Enroll & FTEs'!$B:$AB,6,FALSE)))","v":""},{"$f":"IF($D13=\"\",\"\",(VLOOKUP($D13,'ECAST Enroll & FTEs'!$B:$AB,7,FALSE)))","v":""},{"$f":"IF($D13=\"\",\"\",(VLOOKUP($D13,'ECAST Enroll & FTEs'!$B:$AB,8,FALSE)))","v":""},{"$f":"IF($D13=\"\",\"\",(VLOOKUP($D13,'ECAST Enroll & FTEs'!$B:$AB,9,FALSE)))","v":""},{"$f":"IF($D13=\"\",\"\",(VLOOKUP($D13,'ECAST Enroll & FTEs'!$B:$AB,10,FALSE)))","v":""},{"$f":"IF($D13=\"\",\"\",(VLOOKUP($D13,'ECAST Enroll & FTEs'!$B:$AB,11,FALSE)))","v":""},{"$f":"IF($D13=\"\",\"\",(VLOOKUP($D13,'ECAST Enroll & FTEs'!$B:$AB,12,FALSE)))","v":""},{"$f":"IF($D13=\"\",\"\",(VLOOKUP($D13,'ECAST Enroll & FTEs'!$B:$AB,13,FALSE)))","v":""},{"$f":"IF($D13=\"\",\"\",(VLOOKUP($D13,'ECAST Enroll & FTEs'!$B:$AB,14,FALSE)))","v":""},{"$f":"IF(D13=\"\",\"\",SUM(F13:H13)+SUM(J13:P13))","v":""}]
[null,null,{"$f":"LEFT($E$7,5)&\"01\"&3","v":"013"},{"$f":"IFERROR(INDEX('ECAST Enroll & FTEs'!B:B, MATCH('Enrollment & Allocations'!$C14,'ECAST Enroll & FTEs'!$AE:$AE,0)),\"\")","v":""},{"$f":"IF($D14=\"\",\"\",(VLOOKUP($D14,'ECAST Enroll & FTEs'!$B:$AB,2,FALSE)))","v":""},{"$f":"IF($D14=\"\",\"\",(VLOOKUP($D14,'ECAST Enroll & FTEs'!$B:$AB,4,FALSE)))","v":""},{"$f":"IF($D14=\"\",\"\",(VLOOKUP($D14,'ECAST Enroll & FTEs'!$B:$AB,5,FALSE)))","v":""},{"$f":"IF($D14=\"\",\"\",(VLOOKUP($D14,'ECAST Enroll & FTEs'!$B:$AB,6,FALSE)))","v":""},{"$f":"IF($D14=\"\",\"\",(VLOOKUP($D14,'ECAST Enroll & FTEs'!$B:$AB,7,FALSE)))","v":""},{"$f":"IF($D14=\"\",\"\",(VLOOKUP($D14,'ECAST Enroll & FTEs'!$B:$AB,8,FALSE)))","v":""},{"$f":"IF($D14=\"\",\"\",(VLOOKUP($D14,'ECAST Enroll & FTEs'!$B:$AB,9,FALSE)))","v":""},{"$f":"IF($D14=\"\",\"\",(VLOOKUP($D14,'ECAST Enroll & FTEs'!$B:$AB,10,FALSE)))","v":""},{"$f":"IF($D14=\"\",\"\",(VLOOKUP($D14,'ECAST Enroll & FTEs'!$B:$AB,11,FALSE)))","v":""},{"$f":"IF($D14=\"\",\"\",(VLOOKUP($D14,'ECAST Enroll & FTEs'!$B:$AB,12,FALSE)))","v":""},{"$f":"IF($D14=\"\",\"\",(VLOOKUP($D14,'ECAST Enroll & FTEs'!$B:$AB,13,FALSE)))","v":""},{"$f":"IF($D14=\"\",\"\",(VLOOKUP($D14,'ECAST Enroll & FTEs'!$B:$AB,14,FALSE)))","v":""},""]
[null,null,{"$f":"LEFT($E$7,5)&\"01\"&4","v":"014"},{"$f":"IFERROR(INDEX('ECAST Enroll & FTEs'!B:B, MATCH('Enrollment & Allocations'!$C15,'ECAST Enroll & FTEs'!$AE:$AE,0)),\"\")","v":""},{"$f":"IF($D15=\"\",\"\",(VLOOKUP($D15,'ECAST Enroll & FTEs'!$B:$AB,2,FALSE)))","v":""},{"$f":"IF($D15=\"\",\"\",(VLOOKUP($D15,'ECAST Enroll & FTEs'!$B:$AB,4,FALSE)))","v":""},{"$f":"IF($D15=\"\",\"\",(VLOOKUP($D15,'ECAST Enroll & FTEs'!$B:$AB,5,FALSE)))","v":""},{"$f":"IF($D15=\"\",\"\",(VLOOKUP($D15,'ECAST Enroll & FTEs'!$B:$AB,6,FALSE)))","v":""},{"$f":"IF($D15=\"\",\"\",(VLOOKUP($D15,'ECAST Enroll & FTEs'!$B:$AB,7,FALSE)))","v":""},{"$f":"IF($D15=\"\",\"\",(VLOOKUP($D15,'ECAST Enroll & FTEs'!$B:$AB,8,FALSE)))","v":""},{"$f":"IF($D15=\"\",\"\",(VLOOKUP($D15,'ECAST Enroll & FTEs'!$B:$AB,9,FALSE)))","v":""},{"$f":"IF($D15=\"\",\"\",(VLOOKUP($D15,'ECAST Enroll & FTEs'!$B:$AB,10,FALSE)))","v":""},{"$f":"IF($D15=\"\",\"\",(VLOOKUP($D15,'ECAST Enroll & FTEs'!$B:$AB,11,FALSE)))","v":""},{"$f":"IF($D15=\"\",\"\",(VLOOKUP($D15,'ECAST Enroll & FTEs'!$B:$AB,12,FALSE)))","v":""},{"$f":"IF($D15=\"\",\"\",(VLOOKUP($D15,'ECAST Enroll & FTEs'!$B:$AB,13,FALSE)))","v":""},{"$f":"IF($D15=\"\",\"\",(VLOOKUP($D15,'ECAST Enroll & FTEs'!$B:$AB,14,FALSE)))","v":""},""]
[null,null,{"$f":"LEFT($E$7,5)&\"01\"&5","v":"015"},{"$f":"IFERROR(INDEX('ECAST Enroll & FTEs'!B:B, MATCH('Enrollment & Allocations'!$C16,'ECAST Enroll & FTEs'!$AE:$AE,0)),\"\")","v":""},{"$f":"IF($D16=\"\",\"\",(VLOOKUP($D16,'ECAST Enroll & FTEs'!$B:$AB,2,FALSE)))","v":""},{"$f":"IF($D16=\"\",\"\",(VLOOKUP($D16,'ECAST Enroll & FTEs'!$B:$AB,4,FALSE)))","v":""},{"$f":"IF($D16=\"\",\"\",(VLOOKUP($D16,'ECAST Enroll & FTEs'!$B:$AB,5,FALSE)))","v":""},{"$f":"IF($D16=\"\",\"\",(VLOOKUP($D16,'ECAST Enroll & FTEs'!$B:$AB,6,FALSE)))","v":""},{"$f":"IF($D16=\"\",\"\",(VLOOKUP($D16,'ECAST Enroll & FTEs'!$B:$AB,7,FALSE)))","v":""},{"$f":"IF($D16=\"\",\"\",(VLOOKUP($D16,'ECAST Enroll & FTEs'!$B:$AB,8,FALSE)))","v":""},{"$f":"IF($D16=\"\",\"\",(VLOOKUP($D16,'ECAST Enroll & FTEs'!$B:$AB,9,FALSE)))","v":""},{"$f":"IF($D16=\"\",\"\",(VLOOKUP($D16,'ECAST Enroll & FTEs'!$B:$AB,10,FALSE)))","v":""},{"$f":"IF($D16=\"\",\"\",(VLOOKUP($D16,'ECAST Enroll & FTEs'!$B:$AB,11,FALSE)))","v":""},{"$f":"IF($D16=\"\",\"\",(VLOOKUP($D16,'ECAST Enroll & FTEs'!$B:$AB,12,FALSE)))","v":""},{"$f":"IF($D16=\"\",\"\",(VLOOKUP($D16,'ECAST Enroll & FTEs'!$B:$AB,13,FALSE)))","v":""},{"$f":"IF($D16=\"\",\"\",(VLOOKUP($D16,'ECAST Enroll & FTEs'!$B:$AB,14,FALSE)))","v":""},""]
[]
[null,null,null,null,null,"2020-21 ECAST Allocations",null,null,null,"2019-20 Norm Day Allocations",null,null,null,"Gain/Loss"]
[null,null,null,"Cost Center","School Name","Teacher","Admin ","Counselor ","Clerical ","Teacher","Admin ","Counselor ","Clerical ","Teacher","Admin ","Counselor ","Clerical "]
[null,null,null,{"$f":"D12","v":""},"",{"$f":"IF($D20=\"\",\"\",(VLOOKUP($D20,'ECAST Enroll & FTEs'!$B:$AK,21,FALSE)))","v":""},{"$f":"IF($D20=\"\",\"\",(VLOOKUP($D20,'ECAST Enroll & FTEs'!$B:$AK,31,FALSE)))","v":""},{"$f":"IF($D20=\"\",\"\",(VLOOKUP($D20,'ECAST Enroll & FTEs'!$B:$AK,32,FALSE)))","v":""},{"$f":"IF($D20=\"\",\"\",(VLOOKUP($D20,'ECAST Enroll & FTEs'!$B:$AK,33,FALSE)))","v":""},{"$f":"IF($D20=\"\",\"\",(VLOOKUP($D20,'ECAST Enroll & FTEs'!$B:$AK,27,FALSE)))","v":""},{"$f":"IF($D20=\"\",\"\",(VLOOKUP($D20,'ECAST Enroll & FTEs'!$B:$AK,34,FALSE)))","v":""},{"$f":"IF($D20=\"\",\"\",(VLOOKUP($D20,'ECAST Enroll & FTEs'!$B:$AK,35,FALSE)))","v":""},{"$f":"IF($D20=\"\",\"\",(VLOOKUP($D20,'ECAST Enroll & FTEs'!$B:$AK,36,FALSE)))","v":""},{"$f":"IF($D20=\"\",\"\",F20-J20)","v":""},"","",""]
[null,null,null,"","",{"$f":"IF($D21=\"\",\"\",(VLOOKUP($D21,'ECAST Enroll & FTEs'!$B:$AK,21,FALSE)))","v":""},{"$f":"IF($D21=\"\",\"\",(VLOOKUP($D21,'ECAST Enroll & FTEs'!$B:$AK,31,FALSE)))","v":""},{"$f":"IF($D21=\"\",\"\",(VLOOKUP($D21,'ECAST Enroll & FTEs'!$B:$AK,32,FALSE)))","v":""},{"$f":"IF($D21=\"\",\"\",(VLOOKUP($D21,'ECAST Enroll & FTEs'!$B:$AK,33,FALSE)))","v":""},{"$f":"IF($D21=\"\",\"\",(VLOOKUP($D21,'ECAST Enroll & FTEs'!$B:$AK,27,FALSE)))","v":""},{"$f":"IF($D21=\"\",\"\",(VLOOKUP($D21,'ECAST Enroll & FTEs'!$B:$AK,34,FALSE)))","v":""},{"$f":"IF($D21=\"\",\"\",(VLOOKUP($D21,'ECAST Enroll & FTEs'!$B:$AK,35,FALSE)))","v":""},{"$f":"IF($D21=\"\",\"\",(VLOOKUP($D21,'ECAST Enroll & FTEs'!$B:$AK,36,FALSE)))","v":""},"","","",""]
[null,null,null,"","",{"$f":"IF($D22=\"\",\"\",(VLOOKUP($D22,'ECAST Enroll & FTEs'!$B:$AK,21,FALSE)))","v":""},{"$f":"IF($D22=\"\",\"\",(VLOOKUP($D22,'ECAST Enroll & FTEs'!$B:$AK,31,FALSE)))","v":""},{"$f":"IF($D22=\"\",\"\",(VLOOKUP($D22,'ECAST Enroll & FTEs'!$B:$AK,32,FALSE)))","v":""},{"$f":"IF($D22=\"\",\"\",(VLOOKUP($D22,'ECAST Enroll & FTEs'!$B:$AK,33,FALSE)))","v":""},{"$f":"IF($D22=\"\",\"\",(VLOOKUP($D22,'ECAST Enroll & FTEs'!$B:$AK,27,FALSE)))","v":""},{"$f":"IF($D22=\"\",\"\",(VLOOKUP($D22,'ECAST Enroll & FTEs'!$B:$AK,34,FALSE)))","v":""},{"$f":"IF($D22=\"\",\"\",(VLOOKUP($D22,'ECAST Enroll & FTEs'!$B:$AK,35,FALSE)))","v":""},{"$f":"IF($D22=\"\",\"\",(VLOOKUP($D22,'ECAST Enroll & FTEs'!$B:$AK,36,FALSE)))","v":""},"","","",""]
[null,null,null,"","",{"$f":"IF($D23=\"\",\"\",(VLOOKUP($D23,'ECAST Enroll & FTEs'!$B:$AK,21,FALSE)))","v":""},{"$f":"IF($D23=\"\",\"\",(VLOOKUP($D23,'ECAST Enroll & FTEs'!$B:$AK,31,FALSE)))","v":""},{"$f":"IF($D23=\"\",\"\",(VLOOKUP($D23,'ECAST Enroll & FTEs'!$B:$AK,32,FALSE)))","v":""},{"$f":"IF($D23=\"\",\"\",(VLOOKUP($D23,'ECAST Enroll & FTEs'!$B:$AK,33,FALSE)))","v":""},{"$f":"IF($D23=\"\",\"\",(VLOOKUP($D23,'ECAST Enroll & FTEs'!$B:$AK,27,FALSE)))","v":""},{"$f":"IF($D23=\"\",\"\",(VLOOKUP($D23,'ECAST Enroll & FTEs'!$B:$AK,34,FALSE)))","v":""},{"$f":"IF($D23=\"\",\"\",(VLOOKUP($D23,'ECAST Enroll & FTEs'!$B:$AK,35,FALSE)))","v":""},{"$f":"IF($D23=\"\",\"\",(VLOOKUP($D23,'ECAST Enroll & FTEs'!$B:$AK,36,FALSE)))","v":""},{"$f":"IF($D23=\"\",\"\",F23-J23)","v":""},{"$f":"IF($D23=\"\",\"\",G23-K23)","v":""},{"$f":"IF($D23=\"\",\"\",H23-L23)","v":""},{"$f":"IF($D23=\"\",\"\",I23-M23)","v":""}]
[null,null,null,"","",{"$f":"IF($D24=\"\",\"\",(VLOOKUP($D24,'ECAST Enroll & FTEs'!$B:$AK,21,FALSE)))","v":""},{"$f":"IF($D24=\"\",\"\",(VLOOKUP($D24,'ECAST Enroll & FTEs'!$B:$AK,31,FALSE)))","v":""},{"$f":"IF($D24=\"\",\"\",(VLOOKUP($D24,'ECAST Enroll & FTEs'!$B:$AK,32,FALSE)))","v":""},{"$f":"IF($D24=\"\",\"\",(VLOOKUP($D24,'ECAST Enroll & FTEs'!$B:$AK,33,FALSE)))","v":""},{"$f":"IF($D24=\"\",\"\",(VLOOKUP($D24,'ECAST Enroll & FTEs'!$B:$AK,27,FALSE)))","v":""},{"$f":"IF($D24=\"\",\"\",(VLOOKUP($D24,'ECAST Enroll & FTEs'!$B:$AK,34,FALSE)))","v":""},{"$f":"IF($D24=\"\",\"\",(VLOOKUP($D24,'ECAST Enroll & FTEs'!$B:$AK,35,FALSE)))","v":""},{"$f":"IF($D24=\"\",\"\",(VLOOKUP($D24,'ECAST Enroll & FTEs'!$B:$AK,36,FALSE)))","v":""},"","","",""]
[]
[null,null,null,"ECAST Off Norm Approvals"]
[null,null,null,"Type","FTEs"]
[null,null,null,"Teacher ",{"$f":"IFERROR(IF($D12=\"\",\"\",VLOOKUP(LEFT($E$7,5)&\"01\",'Pivot ECAST'!$D:$E,2,FALSE)),0)","v":""}]
[null,null,null,"Counselor",{"$f":"IFERROR(IF($D12=\"\",\"\",VLOOKUP(LEFT($E$7,5)&\"01\",'Pivot ECAST'!$G:$H,2,FALSE)),0)","v":""}]
[]
[]
[null,null,null,null,null,"ECAST Campus Summary"]
[null,null,null,null,null,null,"(total enrollment and FTEs, including off norm, for all sites within the campus)"]
[]
[null,null,null,null,null,"Enrollment Group",null,null,"ECAST Enrollment",null,null,"Allocations",null,"ECAST FTEs"]
[null,null,null,null,null,"Total K-12 General Ed ",null,null,{"$f":"IF($D12=\"\",\"\",SUMIF(F12:H16,\"<>\",F12:H16)+SUMIF(J12:J16,\"<>\",J12:J16))","v":""},null,null,"Teacher",null,{"$f":"IF($D12=\"\",\"\",SUMIF(F20:F24,\"<>\",F20:F24)+SUMIF(E28,\"<>\",E28))","v":""}]
[null,null,null,null,null,"Total K-12 SDP",null,null,{"$f":"IF($D12=\"\",\"\",SUMIF(K12:M16,\"<>\",K12:M16))","v":""},null,null,"Administrator",null,{"$f":"IF($D12=\"\",\"\",SUMIF(G20:G24,\"<>\",G20:G24))","v":""}]
[null,null,null,null,null,"Total Pre-Kindergarten",null,null,{"$f":"IF($D12=\"\",\"\",SUMIF(N12:P16,\"<>\",N12:P16))","v":""},null,null,"Counselor",null,{"$f":"IF($D12=\"\",\"\",SUMIF(H20:H24,\"<>\",H20:H24)+SUMIF(E29,\"<>\",E29))","v":""}]
[null,null,null,null,null,"Grand Total",null,null,{"$f":"IF($D12=\"\",\"\",SUM(I36:I38))","v":""},null,null,"Clerical Support",null,{"$f":"IF($D12=\"\",\"\",SUMIF(I20:I24,\"<>\",I20:I24))","v":""}]
[null,null,null,null,null,null,null,null,null,null,null,"Grand Total",null,{"$f":"IF($D12=\"\",\"\",SUM(N36:N39))","v":""}]
[]
[]
[null,null,"SUBJECT TO CHANGE"]

{"sheet":"Position Simulator","index":1,"n_rows":102,"n_cols":11,"rows_kept":102,"cut":false,"hidden":false,"merged":[[101,2,101,8],[1,2,1,8],[2,2,2,8],[43,2,43,8],[45,2,45,8],[39,2,39,8],[21,11,21,12],[96,2,96,3],[96,5,96,6],[96,11,96,12],[18,2,18,8],[77,2,77,3],[95,2,95,6],[19,5,19,8],[27,5,27,8],[19,2,19,3],[27,2,27,3],[26,2,26,8],[49,2,49,8],[77,5,77,6],[42,2,42,8]]}
[]
[null,null,"2020-21 TEACHER PROJECTIONS"]
[null,null,"Instructions: enter value for fields highlighted in blue to simulate norm FTEs"]
[]
[null,null,"Indicate whether the school has elementary 6th grade enrollment (\"t\" if yes, \"f\" if no)"]
[]
[null,null,"6th grade elementary"]
[]
[null,null,"Enter general ed enrollment by school and grade level"]
[null,null,"Grade","Enrollment",null,"Grade","Enrollment"]
[null,null,"TK and K",null,null,"G7"]
[null,null,"G1",null,null,"G8"]
[null,null,"G2",null,null,"G9"]
[null,null,"G3",null,null,"G10"]
[null,null,"G4",null,null,"G11"]
[null,null,"G5",null,null,"G12"]
[null,null,"G6"]
[]
[null,null,"\nAll Schools\n"]
[null,null,"Regular Schools",null,null,"Affiliated Charter Schools"]
[null,null,"Norm Category","District Funded Teachers",null,"Norm Category","District Funded Teachers","Charter Block Grant Funded Teachers","Total Teachers"]
[null,null,"Desegregated/Receiver",{"$f":"INDEX('Tchr Norming'!AL:AL, MATCH('Position Simulator'!C22&\"f\"&\"No\",'Tchr Norming'!$AN:$AN,0))","v":0},null,"Desegregated/Receiver",{"$f":"INDEX('Tchr Norming'!AC:AC, MATCH('Position Simulator'!F22&\"t\"&\"No\",'Tchr Norming'!$AN:$AN,0))","v":0},{"$f":"INDEX('Tchr Norming'!AJ:AJ, MATCH('Position Simulator'!F22&\"t\"&\"No\",'Tchr Norming'!$AN:$AN,0))","v":0},{"$f":"INDEX('Tchr Norming'!AL:AL, MATCH('Position Simulator'!F22&\"f\"&\"No\",'Tchr Norming'!$AN:$AN,0))","v":0}]
[null,null,"PHBAO",{"$f":"INDEX('Tchr Norming'!AL:AL, MATCH('Position Simulator'!C23&\"f\"&\"No\",'Tchr Norming'!$AN:$AN,0))","v":0},null,"PHBAO",{"$f":"INDEX('Tchr Norming'!AC:AC, MATCH('Position Simulator'!F23&\"t\"&\"No\",'Tchr Norming'!$AN:$AN,0))","v":0},{"$f":"INDEX('Tchr Norming'!AJ:AJ, MATCH('Position Simulator'!F23&\"t\"&\"No\",'Tchr Norming'!$AN:$AN,0))","v":0},{"$f":"INDEX('Tchr Norming'!AL:AL, MATCH('Position Simulator'!F23&\"f\"&\"No\",'Tchr Norming'!$AN:$AN,0))","v":0}]
[null,null,"Magnet I",{"$f":"INDEX('Tchr Norming'!AL:AL, MATCH('Position Simulator'!C24&\"f\"&\"No\",'Tchr Norming'!$AN:$AN,0))","v":0},null,"Magnet I",{"$f":"INDEX('Tchr Norming'!AC:AC, MATCH('Position Simulator'!F24&\"t\"&\"No\",'Tchr Norming'!$AN:$AN,0))","v":0},{"$f":"INDEX('Tchr Norming'!AJ:AJ, MATCH('Position Simulator'!F24&\"t\"&\"No\",'Tchr Norming'!$AN:$AN,0))","v":0},{"$f":"INDEX('Tchr Norming'!AL:AL, MATCH('Position Simulator'!F24&\"f\"&\"No\",'Tchr Norming'!$AN:$AN,0))","v":0}]
[null,null,"Magnet II",{"$f":"INDEX('Tchr Norming'!AL:AL, MATCH('Position Simulator'!C25&\"f\"&\"No\",'Tchr Norming'!$AN:$AN,0))","v":0},null,"Magnet II",{"$f":"INDEX('Tchr Norming'!AC:AC, MATCH('Position Simulator'!F25&\"t\"&\"No\",'Tchr Norming'!$AN:$AN,0))","v":0},{"$f":"INDEX('Tchr Norming'!AJ:AJ, MATCH('Position Simulator'!F25&\"t\"&\"No\",'Tchr Norming'!$AN:$AN,0))","v":0},{"$f":"INDEX('Tchr Norming'!AL:AL, MATCH('Position Simulator'!F25&\"f\"&\"No\",'Tchr Norming'!$AN:$AN,0))","v":0}]
[]
[null,null,"\nTargeted High Needs Schools\n"]
[null,null,"Regular Schools",null,null,"Affiliated Charter Schools"]
[null,null,"Norm Category","District Funded Teachers",null,"Norm Category","District Funded Teachers","Charter Block Grant Funded Teachers","Total Teachers"]
[null,null,"Desegregated/Receiver",{"$f":"INDEX('Tchr Norming'!AL:AL, MATCH('Position Simulator'!C30&\"f\"&\"Yes\",'Tchr Norming'!$AN:$AN,0))","v":0},null,"Desegregated/Receiver",{"$f":"INDEX('Tchr Norming'!AC:AC, MATCH('Position Simulator'!F30&\"t\"&\"Yes\",'Tchr Norming'!$AN:$AN,0))","v":0},{"$f":"INDEX('Tchr Norming'!AJ:AJ, MATCH('Position Simulator'!F30&\"t\"&\"Yes\",'Tchr Norming'!$AN:$AN,0))","v":0},{"$f":"INDEX('Tchr Norming'!AL:AL, MATCH('Position Simulator'!F30&\"f\"&\"Yes\",'Tchr Norming'!$AN:$AN,0))","v":0}]
[null,null,"PHBAO",{"$f":"INDEX('Tchr Norming'!AL:AL, MATCH('Position Simulator'!C31&\"f\"&\"Yes\",'Tchr Norming'!$AN:$AN,0))","v":0},null,"PHBAO",{"$f":"INDEX('Tchr Norming'!AC:AC, MATCH('Position Simulator'!F31&\"t\"&\"Yes\",'Tchr Norming'!$AN:$AN,0))","v":0},{"$f":"INDEX('Tchr Norming'!AJ:AJ, MATCH('Position Simulator'!F31&\"t\"&\"Yes\",'Tchr Norming'!$AN:$AN,0))","v":0},{"$f":"INDEX('Tchr Norming'!AL:AL, MATCH('Position Simulator'!F31&\"f\"&\"Yes\",'Tchr Norming'!$AN:$AN,0))","v":0}]
[null,null,"Magnet I",{"$f":"INDEX('Tchr Norming'!AL:AL, MATCH('Position Simulator'!C32&\"f\"&\"Yes\",'Tchr Norming'!$AN:$AN,0))","v":0},null,"Magnet I",{"$f":"INDEX('Tchr Norming'!AC:AC, MATCH('Position Simulator'!F32&\"t\"&\"Yes\",'Tchr Norming'!$AN:$AN,0))","v":0},{"$f":"INDEX('Tchr Norming'!AJ:AJ, MATCH('Position Simulator'!F32&\"t\"&\"Yes\",'Tchr Norming'!$AN:$AN,0))","v":0},{"$f":"INDEX('Tchr Norming'!AL:AL, MATCH('Position Simulator'!F32&\"f\"&\"Yes\",'Tchr Norming'!$AN:$AN,0))","v":0}]
[null,null,"Magnet II",{"$f":"INDEX('Tchr Norming'!AL:AL, MATCH('Position Simulator'!C33&\"f\"&\"Yes\",'Tchr Norming'!$AN:$AN,0))","v":0},null,"Magnet II",{"$f":"INDEX('Tchr Norming'!AC:AC, MATCH('Position Simulator'!F33&\"t\"&\"Yes\",'Tchr Norming'!$AN:$AN,0))","v":0},{"$f":"INDEX('Tchr Norming'!AJ:AJ, MATCH('Position Simulator'!F33&\"t\"&\"Yes\",'Tchr Norming'!$AN:$AN,0))","v":0},{"$f":"INDEX('Tchr Norming'!AL:AL, MATCH('Position Simulator'!F33&\"f\"&\"Yes\",'Tchr Norming'!$AN:$AN,0))","v":0}]
[]
[null,null,"Notes:"]
[null,null,"• District Funded Teachers - funded by Central"]
[null,null,"• Charter Block Grant Funded Teachers - funded by School"]
[null,null,"• Schools that converted to Affiliated Charter in 2013-14 or thereafter - follow projections under \"All Schools\"."]
[]
[null,null,"SUBJECT TO CHANGE"]
[]
[]
[null,null,"2020-21 CLERICAL, ADMINISTRATOR & COUNSELOR PROJECTIONS"]
[null,null,"Instructions: enter value for fields highlighted in blue to simulate norm FTEs"]
[]
[null,null,"Enter the school type of the home school.  If the school type is not span or span magnet but the total enrollment of the home school and magnet center(s)/dual language center(s)/OLC spans across K-8 or K-12, then use span as the school type."]
[]
[null,null,"School Type"]
[]
[null,null,"Enter total enrollment for the home school plus any magnet center, dual language center, and OLC by grade level.  Include any SDP, Pre-K SDP, SPS, and ETK counts."]
[]
[null,null,"Grade","Enrollment",null,"Grade","Enrollment"]
[null,null,"TK and K",null,null,"G9"]
[null,null,"G1",null,null,"G10"]
[null,null,"G2",null,null,"G11"]
[null,null,"G3",null,null,"G12"]
[null,null,"G4",null,null,"SDP K-5(6)"]
[null,null,"G5",null,null,"SDP 6-8"]
[null,null,"G6",null,null,"SDP 9-12"]
[null,null,"G7",null,null,"TE (ETK)"]
[null,null,"G8",null,null,"PRE-K SDP"]
[null,null,null,null,null,"STATE PRESCHOOL"]
[]
[null,null,"Total Clerical Enrollment - Non-span",{"$f":"IF(OR($D$48=\"Elementary School\",$D$48=\"Primary Center\",$D$48=\"Elementary School, Magnet\"),SUM($D$53:$D$59)+$G$57+$G$60+$G$61,IF(OR($D$48=\"Middle School\",$D$48=\"Middle School, Magnet\"),SUM($D$59:$D$61)+$G$58,IF(OR($D$48=\"Senior High School\",$D$48=\"Senior High School, Magnet\"),SUM($G$53:$G$56)+$G$59,0)))","v":0},null,"Total Admin Enrollment - Non-span",{"$f":"IF(OR($D$48=\"Elementary School\",$D$48=\"Primary Center\",$D$48=\"Elementary School, Magnet\"),SUM($D$53:$D$59)+$G$57+$G$60+$G$61+$G$62,IF(OR($D$48=\"Middle School\",$D$48=\"Middle School, Magnet\"),SUM($D$59:$D$61)+$G$58,IF(OR($D$48=\"Senior High School\",$D$48=\"Senior High School, Magnet\"),SUM($G$53:$G$56)+$G$59,0)))","v":0}]
[]
[null,null,"SPAN or SPAN Magnet","Enrollment","% to Total","Total FTEs","FTEs Prorated","MCD","MCD Prorated","SAA",{"$f":"IF(G70=0,0,1)","v":0}]
[null,null,"Elem",{"$f":"IF(OR($D$48=\"Span School\",$D$48=\"Span Magnet School\"),SUM($D$53:$D$58)+$G$57+$G$60+$G$61,0)","v":0},{"$f":"IF(D67=0,0,D67/$D$70)","v":0},{"$f":"IF($D$70=0,0,VLOOKUP($D$70,'All Schools'!CD:CJ,7,TRUE))","v":0},{"$f":"E67*F67","v":0},{"$f":"IF(D67=0,0,VLOOKUP($D$70,'All Schools'!CD:CH,5,TRUE))","v":0},{"$f":"E67*H67","v":0},"MCD",{"$f":"I70","v":0}]
[null,null,"Middle",{"$f":"IF(OR($D$48=\"Span School\",$D$48=\"Span Magnet School\"),SUM($D$59:$D$61)+$G$58,0)","v":0},{"$f":"IF(D68=0,0,D68/$D$70)","v":0},{"$f":"IF($D$70=0,0,VLOOKUP($D$70,'All Schools'!CL:CR,7,TRUE))","v":0},{"$f":"E68*F68","v":0},{"$f":"IF(D68=0,0,VLOOKUP($D$70,'All Schools'!CL:CP,5,TRUE))","v":0},{"$f":"E68*H68","v":0},"Total",{"$f":"G70","v":0}]
[null,null,"Sec",{"$f":"IF(OR($D$48=\"Span School\",$D$48=\"Span Magnet School\"),SUM($G$53:$G$56)+$G$59,0)","v":0},0,{"$f":"IF($D$70=0,0,VLOOKUP($D$70,'All Schools'!CT:CZ,7,TRUE))","v":0},0,{"$f":"IF(D69=0,0,VLOOKUP($D$70,'All Schools'!CT:CX,5,TRUE))","v":0},0,"Add'l Support",{"$f":"IF(K68>K66+K67,K68-K66-K67,0)","v":0}]
[null,null,"Total Clerical Enrollment - Span",{"$f":"SUM(D67:D69)","v":0},{"$f":"SUM(E67:E69)","v":0},null,{"$f":"IF(D70=0,0,ROUND(SUM(G67:G69),0))","v":0},null,{"$f":"MROUND(SUM(I67:I69),0.5)","v":0}]
[]
[null,null,"SPAN or SPAN Magnet",null,null,null,null,null,null,"Principal",{"$f":"IF($F$76=0,0, 1)","v":0}]
[null,null,"Elem",{"$f":"IF(OR($D$48=\"Span School\",$D$48=\"Span Magnet School\"),SUM($D$53:$D$58)+$G$57+$G$60+$G$61+$G$62,0)","v":0},null,null,null,null,null,"APSCS",{"$f":"IF($F$76>1,1,0)","v":0}]
[null,null,"Middle",{"$f":"IF(OR($D$48=\"Span School\",$D$48=\"Span Magnet School\"),SUM($D$59:$D$61)+$G$58,0)","v":0},null,null,null,null,null,"Total",{"$f":"F76","v":0}]
[null,null,"Sec",{"$f":"IF(OR(D48=\"Span School\",D48=\"Span Magnet School\"),SUM($G$53:$G$56)+$G$59,0)","v":0},null,null,null,null,null,"AP",{"$f":"IF(K74>K72+K73,K74-K72-K73,0)","v":0}]
[null,null,"Total Admin Enrollment - Span",{"$f":"SUM(D73:D75)","v":0},null,{"$f":"VLOOKUP($D76, 'All Schools'!$DI:$DO,7,TRUE)","v":0}]
[]
[null,null,"Clerical Staffing",null,null,"Administrator Staffing"]
[null,null,"School Admin Assistant",{"$f":"IF(AND($D$64=0,$D$70=0),0,1)","v":0},null,"Principal",{"$f":"IF(AND($G$64=0,$D$76=0),0,1)","v":0}]
[null,null,"Special Ed Clerical Support",{"$f":"IF(AND($D$64=0,$D$70=0),0,IF(OR($D$48=\"Span School\",$D$48=\"Span Magnet School\"),$K$67,IF(OR($D$48=\"Primary Center\",$D$48=\"Elementary School\",$D$48=\"Elementary School, Magnet\"),VLOOKUP($D$64,'All Schools'!CD:CH,5,TRUE),IF(OR($D$48=\"Middle School\",$D$48=\"Middle School, Magnet\"),VLOOKUP($D$64,'All Schools'!CL:CP,5,TRUE),IF(OR($D$48=\"Senior High School\",$D$48=\"Senior High School, Magnet\"),VLOOKUP($D$64,'All Schools'!CT:CX,5,TRUE))))))","v":0},null,"APSCS",{"$f":"IF(AND($G$64=0,$D$76=0),0,IF(OR($D$48=\"Span School\",$D$48=\"Span Magnet School\"),$K$73,IF(OR($D$48=\"Primary Center\",$D$48=\"Elementary School\",D48=\"Elementary School, Magnet\"),0,VLOOKUP($G$64,'All Schools'!DI:DM,5,TRUE))))","v":0}]
[null,null,"Additional Clerical Support",{"$f":"IF(AND($D$64=0,$D$70=0),0,IF(D82>D79+D80,D82-D79-D80,0))","v":0},null,"AP",{"$f":"IF(AND($G$64=0,$D$76=0),0,IF(G82>G79+G80,G82-G79-G80,0))","v":0}]
[null,null,"Total",{"$f":"IF(AND($D$64=0,$D$70=0),0,IF(OR($D$48=\"Span School\",$D$48=\"Span Magnet School\"),$K$68,IF(OR($D$48=\"Primary Center\",$D$48=\"Elementary School\",$D$48=\"Elementary School, Magnet\"),VLOOKUP($D$64,'All Schools'!CD:CJ,7,TRUE),IF(OR($D$48=\"Middle School\",$D$48=\"Middle School, Magnet\"),VLOOKUP($D$64,'All Schools'!CL:CR,7,TRUE),IF(OR($D$48=\"Senior High School\",$D$48=\"Senior High School, Magnet\"),VLOOKUP($D$64,'All Schools'!CT:CZ,7,TRUE))))))","v":0},null,"Total",{"$f":"IF(AND($G$64=0,$D$76=0),0,IF(OR($D$48=\"Span School\",$D$48=\"Span Magnet School\"),$K$74,IF(OR($D$48=\"Primary Center\",$D$48=\"Elementary School\",$D$48=\"Elementary School, Magnet\"),VLOOKUP($G$64,'All Schools'!DB:DG,6,TRUE),VLOOKUP($G$64,'All Schools'!DI:DO,7,TRUE))))","v":0}]
[null,null,"Check",{"$f":"D82-D79-D80-D81","v":0},null,"Check",{"$f":"G82-G79-G80-G81","v":0}]
[]
[]
[null,null,"Total Counselor Enrollment - Non-span",{"$f":"IF(OR($D$48=\"Primary Center\",$D$48=\"Elementary School\",$D$48=\"Elementary School, Magnet\"),0,IF(OR($D$48=\"Middle School\",$D$48=\"Middle School, Magnet\"),SUM($D$59:$D$61)+$G$58,IF(OR($D$48=\"Senior High School\",$D$48=\"Senior High School, Magnet\"),SUM($G$53:$G$56)+$G$59,0)))","v":0}]
[]
[null,null,"SPAN or SPAN Magnet","Enrollment","% to Total","Total FTEs - PHBAO","FTEs Prorated -PHBAO","Total FTEs - Deseg","FTEs Prorated -Deseg"]
[null,null,"Sec, G6-G8",{"$f":"IF(OR($D$48=\"Span School\", $D$48=\"Span Magnet School\"), SUM($D$59:$D$61)+$G$58,0)","v":0},{"$f":"IF(D89=0,0, D89/$D$91)","v":0},{"$f":"IF($D$91=0,0,VLOOKUP($D$91,'All Schools'!DQ:DS,3,TRUE))","v":0},{"$f":"E89*F89","v":0},{"$f":"IF($D$91=0,0,VLOOKUP($D$91,'All Schools'!DU:DW,3,TRUE))","v":0},{"$f":"E89*H89","v":0}]
[null,null,"Sec, G9-G12",{"$f":"IF(OR($D$48=\"Span School\", $D$48=\"Span Magnet School\"), SUM($G$53:$G$56)+$G$59,0)","v":0},{"$f":"IF(D90=0,0, D90/$D$91)","v":0},{"$f":"IF($D$91=0,0,VLOOKUP($D$91,'All Schools'!DY:EA,3,TRUE))","v":0},{"$f":"E90*F90","v":0},{"$f":"IF($D$91=0,0,VLOOKUP($D$91,'All Schools'!EC:EE,3,TRUE))","v":0},{"$f":"E90*H90","v":0}]
[null,null,"Total Counselor Enrollment - Span",{"$f":"SUM(D89:D90)","v":0},null,null,{"$f":"IF(D91=0,0,IF(G89+G90>0.5,ROUND(G89+G90,0),0.5))","v":0},null,{"$f":"IF(D91=0,0,IF(I89+I90>0.5,ROUND(I89+I90,0),0.5))","v":0}]
[]
[]
[]
[]
[null,null,"Counselor Staffing"]
[null,null,"PHBAO & Magnet II",null,null,"Desegregated/Receiver & Magnet I"]
[null,null,"Middle School",{"$f":"IF(AND($D$86=0,$D$91=0),0,IF(OR($D$48=\"Middle School\",$D$48=\"Middle School, Magnet\"),VLOOKUP($D$86,'All Schools'!DQ:DS,3,TRUE),0))","v":0},null,"Middle School",{"$f":"IF(AND($D$86=0,$D$91=0),0,IF(OR($D$48=\"Middle School\",$D$48=\"Middle School, Magnet\"),VLOOKUP($D$86,'All Schools'!DU:DW,3,TRUE),0))","v":0}]
[null,null,"Senior High School",{"$f":"IF(AND($D$86=0,$D$91=0),0,IF(OR($D$48=\"Senior High School\",$D$48=\"Senior High School, Magnet\"),VLOOKUP($D$86,'All Schools'!DY:EA,3,TRUE),0))","v":0},null,"Senior High School",{"$f":"IF(AND($D$86=0,$D$91=0),0,IF(OR($D$48=\"Senior High School\",$D$48=\"Senior High School, Magnet\"),VLOOKUP($D$86,'All Schools'!EC:EE,3,TRUE),0))","v":0}]
[null,null,"Span/Span Magnet",{"$f":"IF(AND($D$86=0,$D$91=0),0,IF(OR($D$48=\"Span School\",$D$48=\"Span Magnet School\"),G91,0))","v":0},null,"Span/Span Magnet",{"$f":"IF(AND($D$86=0,$D$91=0),0,IF(OR($D$48=\"Span School\",$D$48=\"Span Magnet School\"),I91,0))","v":0}]
[]
[null,null,"SUBJECT TO CHANGE"]

{"sheet":"Grade 6 and School Type","index":2,"n_rows":15,"n_cols":15,"rows_kept":15,"cut":false,"hidden":true,"merged":[]}
["School Type",null,".5 Full Time Equivalent (FTE) for (a) elementary schools with enrollment below 500; (b) middle schools with enrollment below 1000; and (c) senior high schools with enrollment below 1700",null,"Elem",null,null,null,"Middle",null,null,null,"Senior"]
["Primary Center",null,"1 FTE for (a) elementary schools with enrollment of 500 and above; (b) middle schools with enrollment of 1000 and above; and (c) senior high schools with enrollment of 1700 and above",null,0,499,0.5,null,0,999,0.5,null,0,1699,0.5]
["Elementary School",null,null,null,500,9999,1,null,1000,9999,1,null,1700,9999,1]
["Elementary School, Magnet"]
["Middle School"]
["Middle School, Magnet"]
["Senior High School"]
["Senior High School, Magnet"]
["Span School"]
["Span Magnet School"]
[]
[]
["6th Grade Elem"]
["t"]
["f"]

{"sheet":"All Schools","index":3,"n_rows":143,"n_cols":137,"rows_kept":143,"cut":false,"hidden":true,"merged":[[0,44,0,46],[0,0,0,2],[0,4,0,6],[0,8,0,10],[0,12,0,14],[0,16,0,18],[0,20,0,22],[0,24,0,26],[0,28,0,30],[0,32,0,34],[0,36,0,38],[0,40,0,42],[0,72,0,74],[0,76,0,78],[0,48,0,50],[0,52,0,54],[0,56,0,58],[0,60,0,62],[0,64,0,66],[0,68,0,70]]}
["Dist K-3",null,null,null,"K-3 State",null,null,null,"K-3 PHBAO",null,null,null,"Mag II K-3 PHBAO",null,null,null,"Mag I K-3 Deseg/Receiver",null,null,null,"Dist 4-5 (6)",null,null,null,"4-5 (6) PHBAO",null,null,null,"4-5(6) Deseg/Receiver",null,null,null,"Mag II 4-5 (6) PHBAO",null,null,null,"Mag I 4-5(6) Deseg/Receiver",null,null,null,"6-8 District Norm ",null,null,null,"6-8 PHBAO",null,null,null,"6-8 Deseg/Receiver",null,null,null,"Mag II  6-8",null,null,null,"Mag I 6-8 Deseg/Receiver",null,null,null,"9-12 District Norm",null,null,null,"9-10 CSR PHBAO",null,null,null,"9-10 CSR Deseg/Receiver",null,null,null,"Mag II 9-12 PHBAO",null,null,null,"Mag I 9-12 Deseg/Receiver",null,null,null,null,"Elementary Clerical",null,null,"SAA","MCD","Add'l","Total",null,"Middle School Clerical",null,null,"SAA","MCD","Add'l","Total",null,"Senior High Clerical",null,null,"SAA","MCD","Add'l","Total",null,"Elementary Admin Table",null,null,"Prin","AP","Total",null,"Secondary Admin Table",null,null,"Prin","APSCS","AP","Total",null,"MS PHBAO COUNSELOR",null,null,null,"MS DESEG COUNSELOR",null,null,null,"SH PHBAO COUNSELOR",null,null,null,"SH DESEG COUNSELOR",null,null,null,"Norm CNS changed back to 18-19 tables"]
[null,null,null,null,null,null,null,null,null,null,null,null,null,null,null,null,null,null,null,null,null,null,null,null,null,null,null,null,null,null,null,null,null,null,null,null,null,null,null,null,null,null,null,null,null,null,null,null,null,null,null,null,null,null,null,null,null,null,null,null,null,null,null,null,null,null,null,null,null,null,null,null,null,null,null,null,null,null,null,null,null,0,null,0,0,0,0,0,null,0,null,0,0,0,0,0,null,0,null,0,0,0,0,0,null,0,null,0,0,0,0,null,0,null,0,0,0,0,0,null,0,0,0,null,0,0,0,null,0,0,0,null,0,0,0]
[-1,0,0,null,-1,0,0,null,-1,0,0,null,-1,0,0,null,-1,0,0,null,-1,0,0,null,-1,0,0,null,-1,0,0,null,-1,0,0,null,-1,0,0,null,-1,0,0,null,-1,0,0,null,-1,0,0,null,-1,0,0,null,-1,0,0,null,-1,0,0,null,-1,0,0,null,-1,0,0,null,-1,0,0,null,-1,0,0,null,null,1,"to",300,1,0.5,0.5,2,null,1,"to",700,1,0.5,0.5,2,null,1,"to",700,1,0.5,0.5,2,null,1,"to",999,1,0,{"$f":"DE3+DF3","v":1},null,1,"to",699,1,0,0,{"$f":"DL3+DM3+DN3","v":1},null,1,395,0.5,null,1,445,0.5,null,1,345,0.5,null,1,395,0.5]
[1,32,1,null,1,24,1,null,1,30,1,null,1,30,1,null,1,32,1,null,1,37,1,null,1,29,1,null,1,34,1,null,1,29,1,null,1,32,1,null,1,33,1,null,1,28,1,null,1,32,1,null,1,26,1,null,1,28,1,null,1,33,1,null,1,190,1,null,1,630,1,null,1,26,1,null,1,28,1,null,null,301,"to",749,1,1,0,2,null,701,"to",1200,1,1,1,3,null,701,"to",1200,1,1,1,3,null,1000,"to",1809,1,1,{"$f":"DE4+DF4","v":2},null,700,"to",1354,1,1,0,{"$f":"DL4+DM4+DN4","v":2},null,396,790,1,null,446,890,1,null,346,690,1,null,396,790,1]
[33,64,2,null,25,48,2,null,31,59,2,null,31,59,2,null,33,64,2,null,38,74,2,null,30,57,2,null,35,68,2,null,30,57,2,null,33,64,2,null,34,67,2,null,29,57,2,null,33,64,2,null,27,53,2,null,29,57,2,null,34,67,2,null,191,380,2,null,631,1270,2,null,27,53,2,null,29,57,2,null,null,750,"to",1499,1,1,1,3,null,1201,"to",1650,1,1,2,4,null,1201,"to",1699,1,1,2,4,null,1810,"to",2419,1,2,3,null,1355,"to",1749,1,1,1,3,null,791,1580,2,null,891,1780,2,null,691,1380,2,null,791,1580,2]
[65,96,3,null,49,72,3,null,60,89,3,null,60,89,3,null,65,96,3,null,75,111,3,null,58,86,3,null,69,102,3,null,58,86,3,null,65,96,3,null,68,101,3,null,58,86,3,null,65,96,3,null,54,80,3,null,58,86,3,null,68,101,3,null,381,570,3,null,1271,1900,3,null,54,80,3,null,58,86,3,null,null,1500,"to",2199,1,1,2,4,null,1651,"to",2100,1,1,3,5,null,1700,"to",2150,1,1,3,5,null,2420,"to",9999999,1,3,4,null,1750,"to",2088,1,1,2,4,null,1581,2370,3,null,1781,2670,3,null,1381,2070,3,null,1581,2370,3]
[97,128,4,null,73,96,4,null,90,118,4,null,90,118,4,null,97,128,4,null,112,148,4,null,87,114,4,null,103,136,4,null,87,114,4,null,97,128,4,null,102,135,4,null,87,114,4,null,97,128,4,null,81,106,4,null,87,115,4,null,102,135,4,null,571,760,4,null,1901,2530,4,null,81,106,4,null,87,115,4,null,null,2200,"to",2899,1,1,3,5,null,2101,"to",2550,1,1,4,6,null,2151,"to",2600,1,1,4,6,null,null,null,null,null,null,null,null,2089,"to",4233,1,1,3,5,null,2371,3160,4,null,2671,3560,4,null,2071,2760,4,null,2371,3160,4]
[129,160,5,null,97,120,5,null,119,148,5,null,119,148,5,null,129,160,5,null,149,185,5,null,115,143,5,null,137,170,5,null,115,143,5,null,129,160,5,null,136,168,5,null,115,143,5,null,129,160,5,null,107,133,5,null,116,143,5,null,136,168,5,null,761,950,5,null,2531,3160,5,null,107,133,5,null,116,143,5,null,null,2900,"to",3599,1,1,4,6,null,2551,"to",3000,1,1,5,7,null,2601,"to",3050,1,1,5,7,null,null,null,null,null,null,null,null,4234,"to",9999999,1,1,4,6,null,3161,3950,5,null,3561,4450,5,null,2761,3450,5,null,3161,3950,5]
[161,192,6,null,121,144,6,null,149,177,6,null,149,177,6,null,161,192,6,null,186,222,6,null,144,171,6,null,171,204,6,null,144,171,6,null,161,192,6,null,169,202,6,null,144,172,6,null,161,192,6,null,134,160,6,null,144,172,6,null,169,202,6,null,951,1140,6,null,3161,3800,6,null,134,160,6,null,144,172,6,null,null,3600,"to",9999,1,1,5,7,null,3001,"to",3450,1,1,6,8,null,3051,"to",3500,1,1,6,8,null,null,null,null,null,null,null,null,null,null,null,null,null,null,null,null,3951,4740,6,null,4451,5340,6,null,3451,4140,6,null,3951,4740,6]
[193,224,7,null,145,168,7,null,178,207,7,null,178,207,7,null,193,224,7,null,223,259,7,null,172,200,7,null,205,238,7,null,172,200,7,null,193,224,7,null,203,236,7,null,173,200,7,null,193,224,7,null,161,186,7,null,173,201,7,null,203,236,7,null,1141,1330,7,null,3801,4430,7,null,161,186,7,null,173,201,7,null,null,null,null,null,null,null,null,null,null,3451,"to",3900,1,1,7,9,null,3501,"to",3950,1,1,7,9,null,null,null,null,null,null,null,null,null,null,null,null,null,null,null,null,4741,5530,7,null,5341,6230,7,null,4141,4830,7,null,4741,5530,7]
[225,256,8,null,169,192,8,null,208,236,8,null,208,236,8,null,225,256,8,null,260,296,8,null,201,228,8,null,239,272,8,null,201,228,8,null,225,256,8,null,237,270,8,null,201,229,8,null,225,256,8,null,187,213,8,null,202,230,8,null,237,270,8,null,1331,1520,8,null,4431,5060,8,null,187,213,8,null,202,230,8,null,null,null,null,null,null,null,null,null,null,3901,"to",4350,1,1,8,10,null,3951,"to",4400,1,1,8,10,null,null,null,null,null,null,null,null,null,null,null,null,null,null,null,null,5531,6320,8,null,6231,7120,8,null,4831,5520,8,null,5531,6320,8]
[257,288,9,null,193,216,9,null,237,266,9,null,237,266,9,null,257,288,9,null,297,333,9,null,229,257,9,null,273,306,9,null,229,257,9,null,257,288,9,null,271,303,9,null,230,258,9,null,257,288,9,null,214,240,9,null,231,258,9,null,271,303,9,null,1521,1720,9,null,5061,5700,9,null,214,240,9,null,231,258,9,null,null,null,null,null,null,null,null,null,null,4351,"to",4800,1,1,9,11,null,4401,"to",4850,1,1,9,11,null,null,null,null,null,null,null,null,null,null,null,null,null,null,null,null,6321,7110,9,null,7121,8010,9,null,5521,6210,9,null,6321,7110,9]
[289,320,10,null,217,240,10,null,267,295,10,null,267,295,10,null,289,320,10,null,334,370,10,null,258,285,10,null,307,340,10,null,258,285,10,null,289,320,10,null,304,337,10,null,259,286,10,null,289,320,10,null,241,266,10,null,259,287,10,null,304,337,10,null,1721,1910,10,null,5701,6330,10,null,241,266,10,null,259,287,10,null,null,null,null,null,null,null,null,null,null,4801,"to",5250,1,1,10,12,null,4851,"to",5300,1,1,10,12,null,null,null,null,null,null,null,null,null,null,null,null,null,null,null,null,null,null,null,null,null,null,null,null,6211,6900,10,null,7111,7900,10]
[321,352,11,null,241,264,11,null,296,325,11,null,296,325,11,null,321,352,11,null,371,407,11,null,286,314,11,null,341,374,11,null,286,314,11,null,321,352,11,null,338,371,11,null,287,315,11,null,321,352,11,null,267,293,11,null,288,316,11,null,338,371,11,null,1911,2100,11,null,6331,6960,11,null,267,293,11,null,288,316,11,null,null,null,null,null,null,null,null,null,null,5251,"to",9999,1,1,11,13,null,5301,"to",9999,1,1,11,13,null,null,null,null,null,null,null,null,null,null,null,null,null,null,null,null,null,null,null,null,null,null,null,null,6901,7590,11,null,7901,8690,11]
[353,384,12,null,265,288,12,null,326,354,12,null,326,354,12,null,353,384,12,null,408,444,12,null,315,342,12,null,375,408,12,null,315,342,12,null,353,384,12,null,372,405,12,null,316,344,12,null,353,384,12,null,294,320,12,null,317,345,12,null,372,405,12,null,2101,2290,12,null,6961,7590,12,null,294,320,12,null,317,345,12,null,null,null,null,null,null,null,null,null,null,null,null,null,null,null,null,null,null,null,null,null,null,null,null,null,null,null,null,null,null,null,null,null,null,null,null,null,null,null,null,null,null,null,null,null,null,null,null,null,7591,8280,12,null,8691,9480,12]
[385,416,13,null,289,312,13,null,355,384,13,null,355,384,13,null,385,416,13,null,445,481,13,null,343,371,13,null,409,442,13,null,343,371,13,null,385,416,13,null,406,438,13,null,345,372,13,null,385,416,13,null,321,346,13,null,346,373,13,null,406,438,13,null,2291,2480,13,null,7591,8230,13,null,321,346,13,null,346,373,13,null,null,null,null,null,null,null,null,null,null,null,null,null,null,null,null,null,null,null,null,null,null,null,null,null,null,null,null,null,null,null,null,null,null,null,null,null,null,null,null,null,null,null,null,null,null,null,null,null,8281,8970,13,null,9481,10270,13]
[417,448,14,null,313,336,14,null,385,413,14,null,385,413,14,null,417,448,14,null,482,518,14,null,372,399,14,null,443,476,14,null,372,399,14,null,417,448,14,null,439,472,14,null,373,401,14,null,417,448,14,null,347,373,14,null,374,402,14,null,439,472,14,null,2481,2670,14,null,8231,8860,14,null,347,373,14,null,374,402,14,null,null,null,null,null,null,null,null,null,null,null,null,null,null,null,null,null,null,null,null,null,null,null,null,null,null,null,null,null,null,null,null,null,null,null,null,null,null,null,null,null,null,null,null,null,null,null,null,null,8971,9660,14,null,10271,11060,14]
[449,480,15,null,337,360,15,null,414,443,15,null,414,443,15,null,449,480,15,null,519,555,15,null,400,428,15,null,477,510,15,null,400,428,15,null,449,480,15,null,473,506,15,null,402,430,15,null,449,480,15,null,374,400,15,null,403,431,15,null,473,506,15,null,2671,2860,15,null,8861,9490,15,null,374,400,15,null,403,431,15,null,null,null,null,null,null,null,null,null,null,null,null,null,null,null,null,null,null,null,null,null,null,null,null,null,null,null,null,null,null,null,null,null,null,null,null,null,null,null,null,null,null,null,null,null,null,null,null,null,9661,10350,15,null,11061,11850,15]
[481,512,16,null,361,384,16,null,444,472,16,null,444,472,16,null,481,512,16,null,556,592,16,null,429,456,16,null,511,544,16,null,429,456,16,null,481,512,16,null,507,540,16,null,431,458,16,null,481,512,16,null,401,426,16,null,432,460,16,null,507,540,16,null,2861,3050,16,null,9491,10130,16,null,401,426,16,null,432,460,16,null,null,null,null,null,null,null,null,null,null,null,null,null,null,null,null,null,null,null,null,null,null,null,null,null,null,null,null,null,null,null,null,null,null,null,null,null,null,null,null,null,null,null,null,null,null,null,null,null,10351,11040,16]
[513,544,17,null,385,408,17,null,473,502,17,null,473,502,17,null,513,544,17,null,593,629,17,null,457,485,17,null,545,578,17,null,457,485,17,null,513,544,17,null,541,573,17,null,459,487,17,null,513,544,17,null,427,453,17,null,461,488,17,null,541,573,17,null,3051,3240,17,null,10131,10760,17,null,427,453,17,null,461,488,17,null,null,null,null,null,null,null,null,null,null,null,null,null,null,null,null,null,null,null,null,null,null,null,null,null,null,null,null,null,null,null,null,null,null,null,null,null,null,null,null,null,null,null,null,null,null,null,null,null,11041,11730,17]
[545,576,18,null,409,432,18,null,503,531,18,null,503,531,18,null,545,576,18,null,630,666,18,null,486,513,18,null,579,612,18,null,486,513,18,null,545,576,18,null,574,607,18,null,488,516,18,null,545,576,18,null,454,480,18,null,489,517,18,null,574,607,18,null,3241,3430,18,null,10761,11390,18,null,454,480,18,null,489,517,18,null,null,null,null,null,null,null,null,null,null,null,null,null,null,null,null,null,null,null,null,null,null,null,null,null,null,null,null,null,null,null,null,null,null,null,null,null,null,null,null,null,null,null,null,null,null,null,null,null,11731,12420,18]
[577,608,19,null,433,456,19,null,532,561,19,null,532,561,19,null,577,608,19,null,667,703,19,null,514,542,19,null,613,646,19,null,514,542,19,null,577,608,19,null,608,641,19,null,517,544,19,null,577,608,19,null,481,506,19,null,518,546,19,null,608,641,19,null,3431,3620,19,null,11391,12020,19,null,481,506,19,null,518,546,19]
[609,640,20,null,457,480,20,null,562,590,20,null,562,590,20,null,609,640,20,null,704,740,20,null,543,570,20,null,647,680,20,null,543,570,20,null,609,640,20,null,642,675,20,null,545,573,20,null,609,640,20,null,507,533,20,null,547,575,20,null,642,675,20,null,3621,3810,20,null,12021,12660,20,null,507,533,20,null,547,575,20]
[641,672,21,null,481,504,21,null,591,620,21,null,591,620,21,null,641,672,21,null,741,777,21,null,571,599,21,null,681,714,21,null,571,599,21,null,641,672,21,null,676,708,21,null,574,602,21,null,641,672,21,null,534,560,21,null,576,603,21,null,676,708,21,null,3811,4000,21,null,12661,13290,21,null,534,560,21,null,576,603,21]
[673,704,22,null,505,528,22,null,621,649,22,null,621,649,22,null,673,704,22,null,778,814,22,null,600,627,22,null,715,748,22,null,600,627,22,null,673,704,22,null,709,742,22,null,603,630,22,null,673,704,22,null,561,586,22,null,604,632,22,null,709,742,22,null,4001,4190,22,null,13291,13920,22,null,561,586,22,null,604,632,22]
[705,736,23,null,529,552,23,null,650,679,23,null,650,679,23,null,705,736,23,null,815,851,23,null,628,656,23,null,749,782,23,null,628,656,23,null,705,736,23,null,743,776,23,null,631,659,23,null,705,736,23,null,587,613,23,null,633,661,23,null,743,776,23,null,null,null,null,null,null,null,null,null,587,613,23,null,633,661,23]
[737,768,24,null,553,576,24,null,680,708,24,null,680,708,24,null,737,768,24,null,852,888,24,null,657,684,24,null,783,816,24,null,657,684,24,null,737,768,24,null,777,810,24,null,660,688,24,null,737,768,24,null,614,640,24,null,662,690,24,null,777,810,24,null,null,null,null,null,null,null,null,null,614,640,24,null,662,690,24]
[769,800,25,null,577,600,25,null,709,738,25,null,709,738,25,null,769,800,25,null,889,925,25,null,685,713,25,null,817,850,25,null,685,713,25,null,769,800,25,null,811,843,25,null,689,716,25,null,769,801,25,null,641,666,25,null,691,718,25,null,811,843,25,null,null,null,null,null,null,null,null,null,641,666,25,null,691,718,25]
[801,832,26,null,601,624,26,null,739,767,26,null,739,767,26,null,801,832,26,null,926,962,26,null,714,741,26,null,851,884,26,null,714,741,26,null,801,832,26,null,844,877,26,null,717,745,26,null,802,833,26,null,667,693,26,null,719,747,26,null,844,877,26,null,null,null,null,null,null,null,null,null,667,693,26,null,719,747,26]
[833,864,27,null,625,648,27,null,768,797,27,null,768,797,27,null,833,864,27,null,963,999,27,null,742,770,27,null,885,918,27,null,742,770,27,null,833,864,27,null,878,911,27,null,746,774,27,null,834,865,27,null,694,720,27,null,748,776,27,null,878,911,27,null,null,null,null,null,null,null,null,null,694,720,27,null,748,776,27]
[865,896,28,null,649,672,28,null,798,826,28,null,798,826,28,null,865,896,28,null,1000,1036,28,null,771,798,28,null,919,952,28,null,771,798,28,null,865,896,28,null,912,945,28,null,775,802,28,null,866,897,28,null,721,746,28,null,777,805,28,null,912,945,28,null,null,null,null,null,null,null,null,null,721,746,28,null,777,805,28]
[897,928,29,null,673,696,29,null,827,856,29,null,827,856,29,null,897,928,29,null,1037,1073,29,null,799,827,29,null,953,986,29,null,799,827,29,null,897,928,29,null,946,978,29,null,803,831,29,null,898,929,29,null,747,773,29,null,806,833,29,null,946,978,29,null,null,null,null,null,null,null,null,null,747,773,29,null,806,833,29]
[929,960,30,null,697,720,30,null,857,885,30,null,857,885,30,null,929,960,30,null,1074,1110,30,null,828,855,30,null,987,1020,30,null,828,855,30,null,929,960,30,null,979,1012,30,null,832,860,30,null,930,961,30,null,774,800,30,null,834,862,30,null,979,1012,30,null,null,null,null,null,null,null,null,null,774,800,30,null,834,862,30]
[961,992,31,null,721,744,31,null,886,915,31,null,886,915,31,null,961,992,31,null,1111,1147,31,null,856,884,31,null,1021,1054,31,null,856,884,31,null,961,992,31,null,1013,1046,31,null,861,888,31,null,962,993,31,null,801,826,31,null,863,891,31,null,1013,1046,31,null,null,null,null,null,null,null,null,null,801,826,31,null,863,891,31]
[993,1024,32,null,745,768,32,null,916,944,32,null,916,944,32,null,993,1024,32,null,1148,1184,32,null,885,912,32,null,1055,1088,32,null,885,912,32,null,993,1024,32,null,1047,1080,32,null,889,917,32,null,994,1025,32,null,827,853,32,null,892,920,32,null,1047,1080,32,null,null,null,null,null,null,null,null,null,827,853,32,null,892,920,32]
[1025,1056,33,null,769,792,33,null,945,974,33,null,945,974,33,null,1025,1056,33,null,1185,1221,33,null,913,941,33,null,1089,1122,33,null,913,941,33,null,1025,1056,33,null,1081,1113,33,null,918,946,33,null,1026,1057,33,null,854,880,33,null,921,948,33,null,1081,1113,33,null,null,null,null,null,null,null,null,null,854,880,33,null,921,948,33]
[1057,1088,34,null,793,816,34,null,975,1003,34,null,975,1003,34,null,1057,1088,34,null,1222,1258,34,null,942,969,34,null,1123,1156,34,null,942,969,34,null,1057,1088,34,null,1114,1147,34,null,947,974,34,null,1058,1089,34,null,881,906,34,null,949,977,34,null,1114,1147,34,null,null,null,null,null,null,null,null,null,881,906,34,null,949,977,34]
[1089,1120,35,null,817,840,35,null,1004,1033,35,null,1004,1033,35,null,1089,1120,35,null,1259,1295,35,null,970,998,35,null,1157,1190,35,null,970,998,35,null,1089,1120,35,null,1148,1181,35,null,975,1003,35,null,1090,1121,35,null,907,933,35,null,978,1006,35,null,1148,1181,35,null,null,null,null,null,null,null,null,null,907,933,35,null,978,1006,35]
[1121,1152,36,null,841,864,36,null,1034,1062,36,null,1034,1062,36,null,1121,1152,36,null,1296,1332,36,null,999,1026,36,null,1191,1224,36,null,999,1026,36,null,1121,1152,36,null,1182,1215,36,null,1004,1032,36,null,1122,1153,36,null,934,960,36,null,1007,1035,36,null,1182,1215,36,null,null,null,null,null,null,null,null,null,934,960,36,null,1007,1035,36]
[1153,1184,37,null,865,888,37,null,1063,1092,37,null,1063,1092,37,null,1153,1184,37,null,1333,1369,37,null,1027,1055,37,null,1225,1258,37,null,1027,1055,37,null,1153,1184,37,null,1216,1248,37,null,1033,1060,37,null,1154,1185,37,null,961,986,37,null,1036,1063,37,null,1216,1248,37,null,null,null,null,null,null,null,null,null,961,986,37,null,1036,1063,37]
[1185,1216,38,null,889,912,38,null,1093,1121,38,null,1093,1121,38,null,1185,1216,38,null,1370,1406,38,null,1056,1083,38,null,1259,1292,38,null,1056,1083,38,null,1185,1216,38,null,1249,1282,38,null,1061,1089,38,null,1186,1217,38,null,987,1013,38,null,1064,1092,38,null,1249,1282,38,null,null,null,null,null,null,null,null,null,987,1013,38,null,1064,1092,38]
[1217,1248,39,null,913,936,39,null,1122,1151,39,null,1122,1151,39,null,1217,1248,39,null,1407,1443,39,null,1084,1112,39,null,1293,1326,39,null,1084,1112,39,null,1217,1248,39,null,1283,1316,39,null,1090,1118,39,null,1218,1249,39,null,1014,1040,39,null,1093,1121,39,null,1283,1316,39,null,null,null,null,null,null,null,null,null,1014,1040,39,null,1093,1121,39]
[1249,1280,40,null,937,960,40,null,1152,1180,40,null,1152,1180,40,null,1249,1280,40,null,1444,1480,40,null,1113,1140,40,null,1327,1360,40,null,1113,1140,40,null,1249,1280,40,null,1317,1350,40,null,1119,1146,40,null,1250,1281,40,null,1041,1066,40,null,1122,1150,40,null,1317,1350,40,null,null,null,null,null,null,null,null,null,1041,1066,40,null,1122,1150,40]
[1281,1312,41,null,961,984,41,null,1181,1210,41,null,1181,1210,41,null,1281,1312,41,null,1481,1517,41,null,1141,1169,41,null,1361,1394,41,null,1141,1169,41,null,1281,1312,41,null,1351,1383,41,null,1147,1175,41,null,1282,1313,41,null,1067,1093,41,null,1151,1178,41,null,1351,1383,41,null,null,null,null,null,null,null,null,null,1067,1093,41,null,1151,1178,41]
[1313,1344,42,null,985,1008,42,null,1211,1239,42,null,1211,1239,42,null,1313,1344,42,null,1518,1554,42,null,1170,1197,42,null,1395,1428,42,null,1170,1197,42,null,1313,1344,42,null,1384,1417,42,null,1176,1204,42,null,1314,1345,42,null,1094,1120,42,null,1179,1207,42,null,1384,1417,42,null,null,null,null,null,null,null,null,null,1094,1120,42,null,1179,1207,42]
[1345,1376,43,null,1009,1032,43,null,1240,1269,43,null,1240,1269,43,null,1345,1376,43,null,1555,1591,43,null,1198,1226,43,null,1429,1462,43,null,1198,1226,43,null,1345,1376,43,null,1418,1451,43,null,1205,1232,43,null,1346,1377,43,null,1121,1146,43,null,1208,1236,43,null,1418,1451,43,null,null,null,null,null,null,null,null,null,1121,1146,43,null,1208,1236,43]
[1377,1408,44,null,1033,1056,44,null,1270,1298,44,null,1270,1298,44,null,1377,1408,44,null,1592,1628,44,null,1227,1254,44,null,1463,1496,44,null,1227,1254,44,null,1377,1408,44,null,1452,1485,44,null,1233,1261,44,null,1378,1409,44,null,1147,1173,44,null,1237,1265,44,null,1452,1485,44,null,null,null,null,null,null,null,null,null,1147,1173,44,null,1237,1265,44]
[1409,1440,45,null,1057,1080,45,null,1299,1328,45,null,1299,1328,45,null,1409,1440,45,null,1629,1665,45,null,1255,1283,45,null,1497,1530,45,null,1255,1283,45,null,1409,1440,45,null,1486,1518,45,null,1262,1290,45,null,1410,1441,45,null,1174,1200,45,null,1266,1293,45,null,1486,1518,45,null,null,null,null,null,null,null,null,null,1174,1200,45,null,1266,1293,45]
[1441,1472,46,null,1081,1104,46,null,1329,1357,46,null,1329,1357,46,null,1441,1472,46,null,1666,1702,46,null,1284,1311,46,null,1531,1564,46,null,1284,1311,46,null,1441,1472,46,null,1519,1552,46,null,1291,1318,46,null,1442,1473,46,null,1201,1226,46,null,1294,1322,46,null,1519,1552,46,null,null,null,null,null,null,null,null,null,1201,1226,46,null,1294,1322,46]
[1473,1504,47,null,1105,1128,47,null,1358,1387,47,null,1358,1387,47,null,1473,1504,47,null,1703,1739,47,null,1312,1340,47,null,1565,1598,47,null,1312,1340,47,null,1473,1504,47,null,1553,1586,47,null,1319,1347,47,null,1474,1505,47,null,1227,1253,47,null,1323,1351,47,null,1553,1586,47,null,null,null,null,null,null,null,null,null,1227,1253,47,null,1323,1351,47]
[1505,1536,48,null,1129,1152,48,null,1388,1416,48,null,1388,1416,48,null,1505,1536,48,null,1740,1776,48,null,1341,1368,48,null,1599,1632,48,null,1341,1368,48,null,1505,1536,48,null,1587,1620,48,null,1348,1376,48,null,1506,1537,48,null,1254,1280,48,null,1352,1380,48,null,1587,1620,48,null,null,null,null,null,null,null,null,null,1254,1280,48,null,1352,1380,48]
[1537,1568,49,null,1153,1176,49,null,1417,1446,49,null,1417,1446,49,null,1537,1568,49,null,1777,1813,49,null,1369,1397,49,null,1633,1666,49,null,1369,1397,49,null,1537,1568,49,null,1621,1653,49,null,1377,1404,49,null,1538,1570,49,null,1281,1306,49,null,1381,1408,49,null,1621,1653,49,null,null,null,null,null,null,null,null,null,1281,1306,49,null,1381,1408,49]
[1569,1600,50,null,1177,1200,50,null,1447,1475,50,null,1447,1475,50,null,1569,1600,50,null,1814,1850,50,null,1398,1425,50,null,1667,1700,50,null,1398,1425,50,null,1569,1600,50,null,1654,1687,50,null,1405,1433,50,null,1571,1602,50,null,1307,1333,50,null,1409,1437,50,null,1654,1687,50,null,null,null,null,null,null,null,null,null,1307,1333,50,null,1409,1437,50]
[1601,1632,51,null,1201,1224,51,null,1476,1505,51,null,1476,1505,51,null,1601,1632,51,null,1851,1887,51,null,1426,1454,51,null,1701,1734,51,null,1426,1454,51,null,1601,1632,51,null,1688,1721,51,null,1434,1462,51,null,1603,1634,51,null,1334,1360,51,null,1438,1466,51,null,1688,1721,51,null,null,null,null,null,null,null,null,null,1334,1360,51,null,1438,1466,51]
[1633,1664,52,null,1225,1248,52,null,1506,1534,52,null,1506,1534,52,null,1633,1664,52,null,1888,1924,52,null,1455,1482,52,null,1735,1768,52,null,1455,1482,52,null,1633,1664,52,null,1722,1755,52,null,1463,1490,52,null,1635,1666,52,null,1361,1386,52,null,1467,1495,52,null,1722,1755,52,null,null,null,null,null,null,null,null,null,1361,1386,52,null,1467,1495,52]
[1665,1696,53,null,1249,1272,53,null,1535,1564,53,null,1535,1564,53,null,1665,1696,53,null,1925,1961,53,null,1483,1511,53,null,1769,1802,53,null,1483,1511,53,null,1665,1696,53,null,1756,1788,53,null,1491,1519,53,null,1667,1698,53,null,1387,1413,53,null,1496,1523,53,null,1756,1788,53,null,null,null,null,null,null,null,null,null,1387,1413,53,null,1496,1523,53]
[1697,1728,54,null,1273,1296,54,null,1565,1593,54,null,1565,1593,54,null,1697,1728,54,null,1962,1998,54,null,1512,1539,54,null,1803,1836,54,null,1512,1539,54,null,1697,1728,54,null,1789,1822,54,null,1520,1548,54,null,1699,1730,54,null,1414,1440,54,null,1524,1552,54,null,1789,1822,54,null,null,null,null,null,null,null,null,null,1414,1440,54,null,1524,1552,54]
[1729,1760,55,null,1297,1320,55,null,1594,1623,55,null,1594,1623,55,null,1729,1760,55,null,1999,2035,55,null,1540,1568,55,null,1837,1870,55,null,1540,1568,55,null,1729,1760,55,null,1823,1856,55,null,1549,1576,55,null,1731,1762,55,null,1441,1466,55,null,1553,1581,55,null,1823,1856,55,null,null,null,null,null,null,null,null,null,1441,1466,55,null,1553,1581,55]
[1761,1792,56,null,1321,1344,56,null,1624,1652,56,null,1624,1652,56,null,1761,1792,56,null,2036,2072,56,null,1569,1596,56,null,1871,1904,56,null,1569,1596,56,null,1761,1792,56,null,1857,1890,56,null,1577,1605,56,null,1763,1794,56,null,1467,1493,56,null,1582,1610,56,null,1857,1890,56,null,null,null,null,null,null,null,null,null,1467,1493,56,null,1582,1610,56]
[1793,1824,57,null,1345,1368,57,null,1653,1682,57,null,1653,1682,57,null,1793,1824,57,null,2073,2109,57,null,1597,1625,57,null,1905,1938,57,null,1597,1625,57,null,1793,1824,57,null,1891,1923,57,null,1606,1634,57,null,1795,1826,57,null,1494,1520,57,null,1611,1638,57,null,1891,1923,57,null,null,null,null,null,null,null,null,null,1494,1520,57,null,1611,1638,57]
[1825,1856,58,null,1369,1392,58,null,1683,1711,58,null,1683,1711,58,null,1825,1856,58,null,2110,2146,58,null,1626,1653,58,null,1939,1972,58,null,1626,1653,58,null,1825,1856,58,null,1924,1957,58,null,1635,1663,58,null,1827,1858,58,null,1521,1546,58,null,1639,1667,58,null,1924,1957,58,null,null,null,null,null,null,null,null,null,1521,1546,58,null,1639,1667,58]
[1857,1888,59,null,1393,1416,59,null,1712,1741,59,null,1712,1741,59,null,1857,1888,59,null,2147,2183,59,null,1654,1682,59,null,1973,2006,59,null,1654,1682,59,null,1857,1888,59,null,1958,1991,59,null,1664,1691,59,null,1859,1890,59,null,1547,1573,59,null,1668,1696,59,null,1958,1991,59,null,null,null,null,null,null,null,null,null,1547,1573,59,null,1668,1696,59]
[1889,1920,60,null,1417,1440,60,null,1742,1770,60,null,1742,1770,60,null,1889,1920,60,null,2184,2220,60,null,1683,1710,60,null,2007,2040,60,null,1683,1710,60,null,1889,1920,60,null,1992,2025,60,null,1692,1720,60,null,1891,1922,60,null,1574,1600,60,null,1697,1725,60,null,1992,2025,60,null,null,null,null,null,null,null,null,null,1574,1600,60,null,1697,1725,60]
[1921,1952,61,null,1441,1464,61,null,1771,1800,61,null,1771,1800,61,null,1921,1952,61,null,2221,2257,61,null,1711,1739,61,null,2041,2074,61,null,1711,1739,61,null,1921,1952,61,null,2026,2058,61,null,1721,1749,61,null,1923,1954,61,null,1601,1626,61,null,1726,1753,61,null,2026,2058,61,null,null,null,null,null,null,null,null,null,1601,1626,61,null,1726,1753,61]
[1953,1984,62,null,1465,1488,62,null,1801,1829,62,null,1801,1829,62,null,1953,1984,62,null,2258,2294,62,null,1740,1767,62,null,2075,2108,62,null,1740,1767,62,null,1953,1984,62,null,2059,2092,62,null,1750,1777,62,null,1955,1986,62,null,1627,1653,62,null,1754,1782,62,null,2059,2092,62,null,null,null,null,null,null,null,null,null,1627,1653,62,null,1754,1782,62]
[1985,2016,63,null,1489,1512,63,null,1830,1859,63,null,1830,1859,63,null,1985,2016,63,null,2295,2331,63,null,1768,1796,63,null,2109,2142,63,null,1768,1796,63,null,1985,2016,63,null,2093,2126,63,null,1778,1806,63,null,1987,2018,63,null,1654,1680,63,null,1783,1811,63,null,2093,2126,63,null,null,null,null,null,null,null,null,null,1654,1680,63,null,1783,1811,63]
[2017,2048,64,null,1513,1536,64,null,1860,1888,64,null,1860,1888,64,null,2017,2048,64,null,2332,2368,64,null,1797,1824,64,null,2143,2176,64,null,1797,1824,64,null,2017,2048,64,null,2127,2160,64,null,1807,1835,64,null,2019,2050,64,null,1681,1706,64,null,1812,1840,64,null,2127,2160,64,null,null,null,null,null,null,null,null,null,1681,1706,64,null,1812,1840,64]
[2049,2080,65,null,1537,1560,65,null,1889,1918,65,null,1889,1918,65,null,2049,2080,65,null,2369,2405,65,null,1825,1853,65,null,2177,2210,65,null,1825,1853,65,null,2049,2080,65,null,2161,2193,65,null,1836,1863,65,null,2051,2082,65,null,1707,1733,65,null,1841,1868,65,null,2161,2193,65,null,null,null,null,null,null,null,null,null,1707,1733,65,null,1841,1868,65]
[2081,2112,66,null,1561,1584,66,null,1919,1947,66,null,1919,1947,66,null,2081,2112,66,null,2406,2442,66,null,1854,1881,66,null,2211,2244,66,null,1854,1881,66,null,2081,2112,66,null,2194,2227,66,null,1864,1892,66,null,2083,2114,66,null,1734,1760,66,null,1869,1897,66,null,2194,2227,66,null,null,null,null,null,null,null,null,null,1734,1760,66,null,1869,1897,66]
[2113,2144,67,null,1585,1608,67,null,1948,1977,67,null,1948,1977,67,null,2113,2144,67,null,2443,2479,67,null,1882,1910,67,null,2245,2278,67,null,1882,1910,67,null,2113,2144,67,null,2228,2261,67,null,1893,1921,67,null,2115,2146,67,null,1761,1786,67,null,1898,1926,67,null,2228,2261,67,null,null,null,null,null,null,null,null,null,1761,1786,67,null,1898,1926,67]
[2145,2176,68,null,1609,1632,68,null,1983,2006,68,null,1978,2006,68,null,2145,2176,68,null,2480,2516,68,null,1911,1938,68,null,2279,2312,68,null,1911,1938,68,null,2145,2176,68,null,2262,2295,68,null,1922,1949,68,null,2147,2178,68,null,1787,1813,68,null,1927,1955,68,null,2262,2295,68,null,null,null,null,null,null,null,null,null,1787,1813,68,null,1927,1955,68]
[2177,2208,69,null,1633,1656,69,null,2012,2036,69,null,2007,2036,69,null,2177,2208,69,null,2517,2553,69,null,1939,1967,69,null,2313,2346,69,null,1939,1967,69,null,2177,2208,69,null,2296,2328,69,null,1950,1978,69,null,2179,2210,69,null,1814,1840,69,null,1956,1983,69,null,2296,2328,69,null,null,null,null,null,null,null,null,null,1814,1840,69,null,1956,1983,69]
[2209,2240,70,null,1657,1680,70,null,2042,2065,70,null,2037,2065,70,null,2209,2240,70,null,2554,2590,70,null,1968,1995,70,null,2347,2380,70,null,1968,1995,70,null,2209,2240,70,null,2329,2362,70,null,1979,2007,70,null,2211,2242,70,null,1841,1866,70,null,1984,2012,70,null,2329,2362,70,null,null,null,null,null,null,null,null,null,1841,1866,70,null,1984,2012,70]
[2241,2272,71,null,1681,1704,71,null,2071,2095,71,null,2066,2095,71,null,2241,2272,71,null,2591,2627,71,null,1996,2024,71,null,2381,2414,71,null,1996,2024,71,null,2241,2272,71,null,2363,2396,71,null,2008,2035,71,null,2243,2274,71,null,1867,1893,71,null,2013,2041,71,null,2363,2396,71,null,null,null,null,null,null,null,null,null,1867,1893,71,null,2013,2041,71]
[2273,2304,72,null,1705,1728,72,null,2101,2124,72,null,2096,2124,72,null,2273,2304,72,null,2628,2664,72,null,2025,2052,72,null,2415,2448,72,null,2025,2052,72,null,2273,2304,72,null,2397,2430,72,null,2036,2064,72,null,2275,2306,72,null,1894,1920,72,null,2042,2070,72,null,2397,2430,72,null,null,null,null,null,null,null,null,null,1894,1920,72,null,2042,2070,72]
[2305,2336,73,null,1729,1752,73,null,2130,2154,73,null,2125,2154,73,null,2305,2336,73,null,2665,2701,73,null,null,null,null,null,null,null,null,null,null,null,null,null,null,null,null,null,2431,2463,73,null,2065,2093,73,null,2307,2339,73,null,1921,1946,73,null,2071,2098,73,null,2431,2463,73,null,null,null,null,null,null,null,null,null,1921,1946,73,null,2071,2098,73]
[2337,2368,74,null,1753,1776,74,null,2160,2183,74,null,2155,2183,74,null,2337,2368,74,null,2702,2738,74,null,null,null,null,null,null,null,null,null,null,null,null,null,null,null,null,null,2464,2497,74,null,2094,2121,74,null,2340,2371,74,null,1947,1973,74,null,2099,2127,74,null,2464,2497,74,null,null,null,null,null,null,null,null,null,1947,1973,74,null,2099,2127,74]
[2369,2400,75,null,1777,1800,75,null,2189,2213,75,null,2184,2213,75,null,2369,2400,75,null,2739,2775,75,null,null,null,null,null,null,null,null,null,null,null,null,null,null,null,null,null,2498,2531,75,null,2122,2150,75,null,2372,2403,75,null,1974,2000,75,null,2128,2156,75,null,2498,2531,75,null,null,null,null,null,null,null,null,null,1974,2000,75,null,2128,2156,75]
[2401,2432,76,null,1801,1824,76,null,2219,2242,76,null,2214,2242,76,null,2401,2432,76,null,2776,2812,76,null,null,null,null,null,null,null,null,null,null,null,null,null,null,null,null,null,2532,2565,76,null,2151,2179,76,null,2404,2435,76,null,2001,2026,76,null,2157,2185,76,null,2532,2565,76,null,null,null,null,null,null,null,null,null,2001,2026,76,null,2157,2185,76]
[2433,2464,77,null,1825,1848,77,null,2248,2272,77,null,2243,2272,77,null,2433,2464,77,null,2813,2849,77,null,null,null,null,null,null,null,null,null,null,null,null,null,null,null,null,null,2566,2598,77,null,2180,2207,77,null,2436,2467,77,null,2027,2053,77,null,2186,2213,77,null,2566,2598,77,null,null,null,null,null,null,null,null,null,2027,2053,77,null,2186,2213,77]
[2465,2496,78,null,1849,1872,78,null,2278,2301,78,null,2273,2301,78,null,2465,2496,78,null,2850,2886,78,null,null,null,null,null,null,null,null,null,null,null,null,null,null,null,null,null,2599,2632,78,null,2208,2236,78,null,2468,2499,78,null,2054,2080,78,null,2214,2242,78,null,2599,2632,78,null,null,null,null,null,null,null,null,null,2054,2080,78,null,2214,2242,78]
[2497,2528,79,null,1873,1896,79,null,2307,2331,79,null,2302,2331,79,null,2497,2528,79,null,2887,2923,79,null,null,null,null,null,null,null,null,null,null,null,null,null,null,null,null,null,2633,2666,79,null,2237,2265,79,null,2500,2531,79,null,2081,2106,79,null,2243,2271,79,null,2633,2666,79,null,null,null,null,null,null,null,null,null,2081,2106,79,null,2243,2271,79]
[2529,2560,80,null,1897,1920,80,null,2337,2360,80,null,2332,2360,80,null,2529,2560,80,null,2924,2960,80,null,null,null,null,null,null,null,null,null,null,null,null,null,null,null,null,null,2667,2700,80,null,2266,2293,80,null,2532,2563,80,null,2107,2133,80,null,2272,2300,80,null,2667,2700,80,null,null,null,null,null,null,null,null,null,2107,2133,80,null,2272,2300,80]
[2561,2592,81,null,1921,1944,81,null,2366,2390,81,null,2361,2390,81,null,2561,2592,81,null,2961,2997,81,null,null,null,null,null,null,null,null,null,null,null,null,null,null,null,null,null,2701,2733,81,null,2294,2322,81,null,2564,2595,81,null,2134,2160,81,null,2301,2328,81,null,2701,2733,81,null,null,null,null,null,null,null,null,null,2134,2160,81,null,2301,2328,81]
[2593,2624,82,null,1945,1968,82,null,2396,2419,82,null,2391,2419,82,null,2593,2624,82,null,2998,3034,82,null,null,null,null,null,null,null,null,null,null,null,null,null,null,null,null,null,2734,2767,82,null,2323,2351,82,null,2596,2627,82,null,2161,2186,82,null,2329,2357,82,null,2734,2767,82,null,null,null,null,null,null,null,null,null,2161,2186,82,null,2329,2357,82]
[2625,2656,83,null,1969,1992,83,null,2425,2449,83,null,2420,2449,83,null,2625,2656,83,null,3035,3071,83,null,null,null,null,null,null,null,null,null,null,null,null,null,null,null,null,null,2768,2801,83,null,2352,2379,83,null,2628,2659,83,null,2187,2213,83,null,2358,2386,83,null,2768,2801,83,null,null,null,null,null,null,null,null,null,2187,2213,83,null,2358,2386,83]
[2657,2688,84,null,1993,2016,84,null,2455,2478,84,null,2450,2478,84,null,2657,2688,84,null,3072,3108,84,null,null,null,null,null,null,null,null,null,null,null,null,null,null,null,null,null,2802,2835,84,null,2380,2408,84,null,2660,2691,84,null,2214,2240,84,null,2387,2415,84,null,2802,2835,84,null,null,null,null,null,null,null,null,null,2214,2240,84,null,2387,2415,84]
[2689,2720,85,null,2017,2040,85,null,2484,2508,85,null,2479,2508,85,null,2689,2720,85,null,3109,3145,85,null,null,null,null,null,null,null,null,null,null,null,null,null,null,null,null,null,2836,2868,85,null,2409,2437,85,null,2692,2723,85,null,2241,2266,85,null,2416,2443,85,null,2836,2868,85,null,null,null,null,null,null,null,null,null,2241,2266,85,null,2416,2443,85]
[2721,2752,86,null,2041,2064,86,null,2514,2537,86,null,2509,2537,86,null,2721,2752,86,null,3146,3182,86,null,null,null,null,null,null,null,null,null,null,null,null,null,null,null,null,null,2869,2902,86,null,2438,2465,86,null,2724,2755,86,null,2267,2293,86,null,2444,2472,86,null,2869,2902,86,null,null,null,null,null,null,null,null,null,2267,2293,86,null,2444,2472,86]
[2753,2784,87,null,2065,2088,87,null,2543,2567,87,null,2538,2567,87,null,2753,2784,87,null,3183,3219,87,null,null,null,null,null,null,null,null,null,null,null,null,null,null,null,null,null,2903,2936,87,null,2466,2494,87,null,2756,2787,87,null,2294,2320,87,null,2473,2501,87,null,2903,2936,87,null,null,null,null,null,null,null,null,null,2294,2320,87,null,2473,2501,87]
[2785,2816,88,null,2089,2112,88,null,2573,2596,88,null,2568,2596,88,null,2785,2816,88,null,3220,3256,88,null,null,null,null,null,null,null,null,null,null,null,null,null,null,null,null,null,2937,2970,88,null,2495,2523,88,null,2788,2819,88,null,2321,2346,88,null,2502,2530,88,null,2937,2970,88,null,null,null,null,null,null,null,null,null,2321,2346,88,null,2502,2530,88]
[2817,2848,89,null,2113,2136,89,null,2602,2626,89,null,2597,2626,89,null,2817,2848,89,null,3257,3293,89,null,null,null,null,null,null,null,null,null,null,null,null,null,null,null,null,null,2971,3003,89,null,2524,2551,89,null,2820,2851,89,null,2347,2373,89,null,2531,2558,89,null,2971,3003,89,null,null,null,null,null,null,null,null,null,2347,2373,89,null,2531,2558,89]
[2849,2880,90,null,2137,2160,90,null,2632,2655,90,null,2627,2655,90,null,2849,2880,90,null,3294,3330,90,null,null,null,null,null,null,null,null,null,null,null,null,null,null,null,null,null,3004,3037,90,null,2552,2580,90,null,2852,2883,90,null,2374,2400,90,null,2559,2587,90,null,3004,3037,90,null,null,null,null,null,null,null,null,null,2374,2400,90,null,2559,2587,90]
[2881,2912,91,null,2161,2184,91,null,2661,2685,91,null,2656,2685,91,null,2881,2912,91,null,3331,3367,91,null,null,null,null,null,null,null,null,null,null,null,null,null,null,null,null,null,3038,3071,91,null,2581,2609,91,null,2884,2915,91,null,2401,2426,91,null,2588,2616,91,null,3038,3071,91,null,null,null,null,null,null,null,null,null,2401,2426,91,null,2588,2616,91]
[2913,2944,92,null,2185,2208,92,null,2691,2714,92,null,2686,2714,92,null,2913,2944,92,null,3368,3404,92,null,null,null,null,null,null,null,null,null,null,null,null,null,null,null,null,null,3072,3105,92,null,2610,2637,92,null,2916,2947,92,null,2427,2453,92,null,2617,2645,92,null,3072,3105,92,null,null,null,null,null,null,null,null,null,2427,2453,92,null,2617,2645,92]
[2945,2976,93,null,2209,2232,93,null,2720,2744,93,null,2715,2744,93,null,2945,2976,93,null,3405,3441,93,null,null,null,null,null,null,null,null,null,null,null,null,null,null,null,null,null,3106,3138,93,null,2638,2666,93,null,2948,2979,93,null,2454,2480,93,null,2646,2673,93,null,3106,3138,93,null,null,null,null,null,null,null,null,null,2454,2480,93,null,2646,2673,93]
[2977,3008,94,null,2233,2256,94,null,2750,2773,94,null,2745,2773,94,null,2977,3008,94,null,3442,3478,94,null,null,null,null,null,null,null,null,null,null,null,null,null,null,null,null,null,3139,3172,94,null,2667,2695,94,null,2980,3011,94,null,2481,2506,94,null,2674,2702,94,null,3139,3172,94,null,null,null,null,null,null,null,null,null,2481,2506,94,null,2674,2702,94]
[3009,3040,95,null,2257,2280,95,null,2779,2803,95,null,2774,2803,95,null,3009,3040,95,null,3479,3515,95,null,null,null,null,null,null,null,null,null,null,null,null,null,null,null,null,null,3173,3206,95,null,2696,2723,95,null,3012,3043,95,null,2507,2533,95,null,2703,2731,95,null,3173,3206,95,null,null,null,null,null,null,null,null,null,2507,2533,95,null,2703,2731,95]
[3041,3072,96,null,2281,2304,96,null,2809,2832,96,null,2804,2832,96,null,3041,3072,96,null,3516,3552,96,null,null,null,null,null,null,null,null,null,null,null,null,null,null,null,null,null,3207,3240,96,null,2724,2752,96,null,3044,3075,96,null,2534,2560,96,null,2732,2760,96,null,3207,3240,96,null,null,null,null,null,null,null,null,null,2534,2560,96,null,2732,2760,96]
[3073,3104,97,null,2305,2328,97,null,2838,2862,97,null,2833,2862,97,null,3073,3104,97,null,3553,3589,97,null,null,null,null,null,null,null,null,null,null,null,null,null,null,null,null,null,3241,3273,97,null,2753,2781,97,null,3076,3107,97,null,2561,2586,97,null,2761,2788,97,null,3241,3273,97,null,null,null,null,null,null,null,null,null,2561,2586,97,null,2761,2788,97]
[3105,3136,98,null,2329,2352,98,null,2868,2891,98,null,2863,2891,98,null,3105,3136,98,null,3590,3626,98,null,null,null,null,null,null,null,null,null,null,null,null,null,null,null,null,null,3274,3307,98,null,2782,2809,98,null,3108,3140,98,null,2587,2613,98,null,2789,2817,98,null,3274,3307,98,null,null,null,null,null,null,null,null,null,2587,2613,98,null,2789,2817,98]
[3137,3168,99,null,2353,2376,99,null,2897,2921,99,null,2892,2921,99,null,3137,3168,99,null,3627,3663,99,null,null,null,null,null,null,null,null,null,null,null,null,null,null,null,null,null,3308,3341,99,null,2810,2838,99,null,3141,3172,99,null,2614,2640,99,null,2818,2846,99,null,3308,3341,99,null,null,null,null,null,null,null,null,null,2614,2640,99,null,2818,2846,99]
[3169,3200,100,null,2377,2400,100,null,2927,2950,100,null,2922,2950,100,null,3169,3200,100,null,3664,3700,100,null,null,null,null,null,null,null,null,null,null,null,null,null,null,null,null,null,3342,3375,100,null,2839,2867,100,null,3173,3204,100,null,2641,2666,100,null,2847,2875,100,null,3342,3375,100,null,null,null,null,null,null,null,null,null,2641,2666,100,null,2847,2875,100]
[3201,3232,101,null,2401,2424,101,null,2956,2980,101,null,2951,2980,101,null,3201,3232,101,null,3701,3737,101,null,null,null,null,null,null,null,null,null,null,null,null,null,null,null,null,null,3376,3408,101,null,2868,2895,101,null,3205,3236,101,null,2667,2693,101,null,2876,2903,101,null,3376,3408,101,null,null,null,null,null,null,null,null,null,2667,2693,101,null,2876,2903,101]
[3233,3264,102,null,2425,2448,102,null,2986,3009,102,null,2981,3009,102,null,3233,3264,102,null,3738,3774,102,null,null,null,null,null,null,null,null,null,null,null,null,null,null,null,null,null,3409,3442,102,null,2896,2924,102,null,3237,3268,102,null,2694,2720,102,null,2904,2932,102,null,3409,3442,102,null,null,null,null,null,null,null,null,null,2694,2720,102,null,2904,2932,102]
[3265,3296,103,null,2449,2472,103,null,3015,3039,103,null,3010,3039,103,null,3265,3296,103,null,3775,3811,103,null,null,null,null,null,null,null,null,null,null,null,null,null,null,null,null,null,3443,3476,103,null,2925,2953,103,null,3269,3300,103,null,2721,2746,103,null,2933,2961,103,null,3443,3476,103,null,null,null,null,null,null,null,null,null,2721,2746,103,null,2933,2961,103]
[3297,3328,104,null,2473,2496,104,null,3045,3068,104,null,3040,3068,104,null,3297,3328,104,null,3812,3848,104,null,null,null,null,null,null,null,null,null,null,null,null,null,null,null,null,null,3477,3510,104,null,2954,2981,104,null,3301,3332,104,null,2747,2773,104,null,2962,2990,104,null,3477,3510,104,null,null,null,null,null,null,null,null,null,2747,2773,104,null,2962,2990,104]
[3329,3360,105,null,2497,2520,105,null,3074,3098,105,null,3069,3098,105,null,3329,3360,105,null,3849,3885,105,null,null,null,null,null,null,null,null,null,null,null,null,null,null,null,null,null,3511,3543,105,null,2982,3010,105,null,3333,3364,105,null,2774,2800,105,null,2991,3018,105,null,3511,3543,105,null,null,null,null,null,null,null,null,null,2774,2800,105,null,2991,3018,105]
[3361,3392,106,null,2521,2544,106,null,3104,3127,106,null,3099,3127,106,null,3361,3392,106,null,3886,3922,106,null,null,null,null,null,null,null,null,null,null,null,null,null,null,null,null,null,3544,3577,106,null,3011,3039,106,null,3365,3396,106,null,2801,2826,106,null,3019,3047,106,null,3544,3577,106,null,null,null,null,null,null,null,null,null,2801,2826,106,null,3019,3047,106]
[3393,3424,107,null,2545,2568,107,null,3133,3157,107,null,3128,3157,107,null,3393,3424,107,null,3923,3959,107,null,null,null,null,null,null,null,null,null,null,null,null,null,null,null,null,null,3578,3611,107,null,3040,3067,107,null,3397,3428,107,null,2827,2853,107,null,3048,3076,107,null,3578,3611,107,null,null,null,null,null,null,null,null,null,2827,2853,107,null,3048,3076,107]
[3425,3456,108,null,2569,2592,108,null,3163,3186,108,null,3158,3186,108,null,3425,3456,108,null,3960,3996,108,null,null,null,null,null,null,null,null,null,null,null,null,null,null,null,null,null,3612,3645,108,null,3068,3096,108,null,3429,3460,108,null,2854,2880,108,null,3077,3105,108,null,3612,3645,108,null,null,null,null,null,null,null,null,null,2854,2880,108,null,3077,3105,108]
[3457,3488,109,null,2593,2616,109,null,3192,3216,109,null,3187,3216,109,null,3457,3488,109,null,3997,4033,109,null,null,null,null,null,null,null,null,null,null,null,null,null,null,null,null,null,3646,3678,109,null,3097,3125,109,null,3461,3492,109,null,2881,2906,109,null,3106,3133,109,null,3646,3678,109,null,null,null,null,null,null,null,null,null,2881,2906,109,null,3106,3133,109]
[3489,3520,110,null,2617,2640,110,null,3222,3245,110,null,3217,3245,110,null,3489,3520,110,null,4034,4070,110,null,null,null,null,null,null,null,null,null,null,null,null,null,null,null,null,null,3679,3712,110,null,3126,3153,110,null,3493,3524,110,null,2907,2933,110,null,3134,3162,110,null,3679,3712,110,null,null,null,null,null,null,null,null,null,2907,2933,110,null,3134,3162,110]
[3521,3552,111,null,2641,2664,111,null,3251,3275,111,null,3246,3275,111,null,3521,3552,111,null,4071,4107,111,null,null,null,null,null,null,null,null,null,null,null,null,null,null,null,null,null,3713,3746,111,null,3154,3182,111,null,3525,3556,111,null,2934,2960,111,null,3163,3191,111,null,3713,3746,111,null,null,null,null,null,null,null,null,null,2934,2960,111,null,3163,3191,111]
[3553,3584,112,null,2665,2688,112,null,3281,3304,112,null,3276,3304,112,null,3553,3584,112,null,4108,4144,112,null,null,null,null,null,null,null,null,null,null,null,null,null,null,null,null,null,3747,3780,112,null,3183,3211,112,null,3557,3588,112,null,2961,2986,112,null,3192,3220,112,null,3747,3780,112,null,null,null,null,null,null,null,null,null,2961,2986,112,null,3192,3220,112]
[3585,3616,113,null,2689,2712,113,null,3310,3334,113,null,3305,3334,113,null,3585,3616,113,null,4145,4181,113,null,null,null,null,null,null,null,null,null,null,null,null,null,null,null,null,null,3781,3813,113,null,3212,3240,113,null,3589,3620,113,null,2987,3013,113,null,3221,3248,113,null,3781,3813,113,null,null,null,null,null,null,null,null,null,2987,3013,113,null,3221,3248,113]
[3617,3648,114,null,2713,2736,114,null,3340,3363,114,null,3335,3363,114,null,3617,3648,114,null,4182,4218,114,null,null,null,null,null,null,null,null,null,null,null,null,null,null,null,null,null,3814,3847,114,null,3241,3268,114,null,3621,3652,114,null,3014,3040,114,null,3249,3277,114,null,3814,3847,114,null,null,null,null,null,null,null,null,null,3014,3040,114,null,3249,3277,114]
[3649,3680,115,null,2737,2760,115,null,3369,3393,115,null,3364,3393,115,null,3649,3680,115,null,4219,4255,115,null,null,null,null,null,null,null,null,null,null,null,null,null,null,null,null,null,3848,3881,115,null,3269,3297,115,null,3653,3684,115,null,3041,3066,115,null,3278,3306,115,null,3848,3881,115,null,null,null,null,null,null,null,null,null,3041,3066,115,null,3278,3306,115]
[3681,3712,116,null,2761,2784,116,null,3399,3422,116,null,3394,3422,116,null,3681,3712,116,null,4256,4292,116,null,null,null,null,null,null,null,null,null,null,null,null,null,null,null,null,null,3882,3915,116,null,3298,3326,116,null,3685,3716,116,null,3067,3093,116,null,3307,3335,116,null,3882,3915,116,null,null,null,null,null,null,null,null,null,3067,3093,116,null,3307,3335,116]
[3713,3744,117,null,2785,2808,117,null,3428,3452,117,null,3423,3452,117,null,3713,3744,117,null,4293,4329,117,null,null,null,null,null,null,null,null,null,null,null,null,null,null,null,null,null,3916,3948,117,null,3327,3354,117,null,3717,3748,117,null,3094,3120,117,null,3336,3363,117,null,3916,3948,117,null,null,null,null,null,null,null,null,null,3094,3120,117,null,3336,3363,117]
[3745,3776,118,null,2809,2832,118,null,3458,3481,118,null,3453,3481,118,null,3745,3776,118,null,4330,4366,118,null,null,null,null,null,null,null,null,null,null,null,null,null,null,null,null,null,3949,3982,118,null,3355,3383,118,null,3749,3780,118,null,3121,3146,118,null,3364,3392,118,null,3949,3982,118,null,null,null,null,null,null,null,null,null,3121,3146,118,null,3364,3392,118]
[3777,3808,119,null,2833,2856,119,null,3487,3511,119,null,3482,3511,119,null,3777,3808,119,null,4367,4403,119,null,null,null,null,null,null,null,null,null,null,null,null,null,null,null,null,null,3983,4016,119,null,3384,3412,119,null,3781,3812,119,null,3147,3173,119,null,3393,3421,119,null,3983,4016,119,null,null,null,null,null,null,null,null,null,3147,3173,119,null,3393,3421,119]
[3809,3840,120,null,2857,2880,120,null,3517,3540,120,null,3512,3540,120,null,3809,3840,120,null,4404,4440,120,null,null,null,null,null,null,null,null,null,null,null,null,null,null,null,null,null,4017,4050,120,null,3413,3440,120,null,3813,3844,120,null,3174,3200,120,null,3422,3450,120,null,4017,4050,120,null,null,null,null,null,null,null,null,null,3174,3200,120,null,3422,3450,120]
[3841,3872,121,null,2881,2904,121,null,3546,3570,121,null,3541,3570,121,null,3841,3872,121,null,4441,4477,121,null,null,null,null,null,null,null,null,null,null,null,null,null,null,null,null,null,4051,4083,121,null,3441,3469,121,null,3845,3876,121,null,3201,3226,121,null,3451,3478,121,null,4051,4083,121,null,null,null,null,null,null,null,null,null,3201,3226,121,null,3451,3478,121]
[3873,3904,122,null,2905,2928,122,null,3576,3599,122,null,3571,3599,122,null,3873,3904,122,null,4478,4514,122,null,null,null,null,null,null,null,null,null,null,null,null,null,null,null,null,null,4084,4117,122,null,3470,3498,122,null,3877,3909,122,null,3227,3253,122,null,3479,3507,122,null,4084,4117,122,null,null,null,null,null,null,null,null,null,3227,3253,122,null,3479,3507,122]
[3905,3936,123,null,2929,2952,123,null,3605,3629,123,null,3600,3629,123,null,3905,3936,123,null,4515,4551,123,null,null,null,null,null,null,null,null,null,null,null,null,null,null,null,null,null,4118,4151,123,null,3499,3526,123,null,3910,3941,123,null,3254,3280,123,null,3508,3536,123,null,4118,4151,123,null,null,null,null,null,null,null,null,null,3254,3280,123,null,3508,3536,123]
[3937,3968,124,null,2953,2976,124,null,3635,3658,124,null,3630,3658,124,null,3937,3968,124,null,4552,4588,124,null,null,null,null,null,null,null,null,null,null,null,null,null,null,null,null,null,4152,4185,124,null,3527,3555,124,null,3942,3973,124,null,3281,3306,124,null,3537,3565,124,null,4152,4185,124,null,null,null,null,null,null,null,null,null,3281,3306,124,null,3537,3565,124]
[3969,4000,125,null,2977,3000,125,null,3664,3688,125,null,3659,3688,125,null,3969,4000,125,null,4589,4625,125,null,null,null,null,null,null,null,null,null,null,null,null,null,null,null,null,null,4186,4218,125,null,3556,3584,125,null,3974,4005,125,null,3307,3333,125,null,3566,3593,125,null,4186,4218,125,null,null,null,null,null,null,null,null,null,3307,3333,125,null,3566,3593,125]
[4001,4032,126,null,3001,3024,126,null,3694,3717,126,null,3689,3717,126,null,4001,4032,126,null,4626,4662,126,null,null,null,null,null,null,null,null,null,null,null,null,null,null,null,null,null,4219,4252,126,null,3585,3612,126,null,4006,4037,126,null,3334,3360,126,null,3594,3622,126,null,4219,4252,126,null,null,null,null,null,null,null,null,null,3334,3360,126,null,3594,3622,126]
[4033,4064,127,null,3025,3048,127,null,3723,3747,127,null,3718,3747,127,null,4033,4064,127,null,4663,4699,127,null,null,null,null,null,null,null,null,null,null,null,null,null,null,null,null,null,4253,4286,127,null,3613,3641,127,null,4038,4069,127,null,3361,3386,127,null,3623,3651,127,null,4253,4286,127,null,null,null,null,null,null,null,null,null,3361,3386,127,null,3623,3651,127]
[4065,4096,128,null,3049,3072,128,null,3753,3776,128,null,3748,3776,128,null,4065,4096,128,null,4700,4736,128,null,null,null,null,null,null,null,null,null,null,null,null,null,null,null,null,null,4287,4320,128,null,3642,3670,128,null,4070,4101,128,null,3387,3413,128,null,3652,3680,128,null,4287,4320,128,null,null,null,null,null,null,null,null,null,3387,3413,128,null,3652,3680,128]
[4097,4128,129,null,3073,3096,129,null,3782,3806,129,null,3777,3806,129,null,4097,4128,129,null,4737,4773,129,null,null,null,null,null,null,null,null,null,null,null,null,null,null,null,null,null,4321,4353,129,null,3671,3698,129,null,4102,4133,129,null,3414,3440,129,null,3681,3708,129,null,4321,4353,129,null,null,null,null,null,null,null,null,null,3414,3440,129,null,3681,3708,129]
[4129,4160,130,null,3097,3120,130,null,3812,3835,130,null,3807,3835,130,null,4129,4160,130,null,4774,4810,130,null,null,null,null,null,null,null,null,null,null,null,null,null,null,null,null,null,4354,4387,130,null,3699,3727,130,null,4134,4165,130,null,3441,3466,130,null,3709,3737,130,null,4354,4387,130,null,null,null,null,null,null,null,null,null,3441,3466,130,null,3709,3737,130]
[null,null,null,null,null,null,null,null,null,null,null,null,null,null,null,null,null,null,null,null,4811,4847,131,null,null,null,null,null,null,null,null,null,null,null,null,null,null,null,null,null,4388,4421,131,null,3728,3756,131,null,4166,4197,131,null,3467,3493,131,null,3738,3766,131,null,4388,4421,131,null,null,null,null,null,null,null,null,null,3467,3493,131,null,3738,3766,131]
[null,null,null,null,null,null,null,null,null,null,null,null,null,null,null,null,null,null,null,null,null,null,null,null,null,null,null,null,null,null,null,null,null,null,null,null,null,null,null,null,4422,4455,132,null,3757,3784,132,null,4198,4229,132,null,3494,3520,132,null,3767,3795,132,null,4422,4455,132,null,null,null,null,null,null,null,null,null,3494,3520,132,null,3767,3795,132]
[null,null,null,null,null,null,null,null,null,null,null,null,null,null,null,null,null,null,null,null,null,null,null,null,null,null,null,null,null,null,null,null,null,null,null,null,null,null,null,null,4456,4488,133,null,3785,3813,133,null,4230,4261,133,null,3521,3546,133,null,3796,3823,133,null,4456,4488,133,null,null,null,null,null,null,null,null,null,3521,3546,133,null,3796,3823,133]
[null,null,null,null,null,null,null,null,null,null,null,null,null,null,null,null,null,null,null,null,null,null,null,null,null,null,null,null,null,null,null,null,null,null,null,null,null,null,null,null,4489,4522,134,null,3814,3842,134,null,4262,4293,134,null,3547,3573,134,null,3824,3852,134,null,4489,4522,134,null,null,null,null,null,null,null,null,null,3547,3573,134,null,3824,3852,134]
[null,null,null,null,null,null,null,null,null,null,null,null,null,null,null,null,null,null,null,null,null,null,null,null,null,null,null,null,null,null,null,null,null,null,null,null,null,null,null,null,4523,4556,135,null,3843,3870,135,null,4294,4325,135,null,3574,3600,135,null,3853,3881,135,null,4523,4556,135,null,null,null,null,null,null,null,null,null,3574,3600,135,null,3853,3881,135]
[null,null,null,null,null,null,null,null,null,null,null,null,null,null,null,null,null,null,null,null,null,null,null,null,null,null,null,null,null,null,null,null,null,null,null,null,null,null,null,null,4557,4590,136,null,3871,3899,136,null,4326,4357,136,null,3601,3626,136,null,3882,3910,136,null,4557,4590,136,null,null,null,null,null,null,null,null,null,3601,3626,136,null,3882,3910,136]
[null,null,null,null,null,null,null,null,null,null,null,null,null,null,null,null,null,null,null,null,null,null,null,null,null,null,null,null,null,null,null,null,null,null,null,null,null,null,null,null,4591,4623,137,null,3900,3928,137,null,4358,4389,137,null,3627,3653,137,null,3911,3938,137,null,4591,4623,137,null,null,null,null,null,null,null,null,null,3627,3653,137,null,3911,3938,137]
[null,null,null,null,null,null,null,null,null,null,null,null,null,null,null,null,null,null,null,null,null,null,null,null,null,null,null,null,null,null,null,null,null,null,null,null,null,null,null,null,4624,4657,138,null,3929,3956,138,null,4390,4421,138,null,3654,3680,138,null,3939,3967,138,null,4624,4657,138,null,null,null,null,null,null,null,null,null,3654,3680,138,null,3939,3967,138]
[null,null,null,null,null,null,null,null,null,null,null,null,null,null,null,null,null,null,null,null,null,null,null,null,null,null,null,null,null,null,null,null,null,null,null,null,null,null,null,null,4658,4691,139,null,3957,3985,139,null,4422,4453,139,null,3681,3706,139,null,3968,3996,139,null,4658,4691,139,null,null,null,null,null,null,null,null,null,3681,3706,139,null,3968,3996,139]
[null,null,null,null,null,null,null,null,null,null,null,null,null,null,null,null,null,null,null,null,null,null,null,null,null,null,null,null,null,null,null,null,null,null,null,null,null,null,null,null,4692,4725,140,null,3986,4014,140,null,4454,4485,140,null,3707,3733,140,null,3997,4025,140,null,4692,4725,140,null,null,null,null,null,null,null,null,null,3707,3733,140,null,3997,4025,140]

{"sheet":"High Needs","index":4,"n_rows":143,"n_cols":83,"rows_kept":143,"cut":false,"hidden":true,"merged":[[0,72,0,74],[0,76,0,78],[0,48,0,50],[0,52,0,54],[0,56,0,58],[0,60,0,62],[0,64,0,66],[0,68,0,70],[0,44,0,46],[0,0,0,2],[0,4,0,6],[0,8,0,10],[0,12,0,14],[0,16,0,18],[0,20,0,22],[0,24,0,26],[0,28,0,30],[0,32,0,34],[0,36,0,38],[0,40,0,42]]}
["Dist K-3",null,null,null,"K-3 State",null,null,null,"K-3 PHBAO",null,null,null,"Mag II K-3 PHBAO",null,null,null,"Mag I K-3 Deseg/Receiver",null,null,null,"Dist 4-5 (6) for Magnet I",null,null,null,"4-5 (6) PHBAO",null,null,null,"4-5(6) Deseg/Receiver",null,null,null,"Mag II 4-5 (6) PHBAO",null,null,null,"Mag I 4-5(6) Deseg/Receiver",null,null,null,"6-8 District Norm",null,null,null,"6-8 PHBAO",null,null,null,"6-8 Deseg/Receiver",null,null,null,"Mag II  6-8",null,null,null,"Mag I 6-8 Deseg/Receiver",null,null,null,"9-12 District Norm",null,null,null,"9-10 CSR PHBAO",null,null,null,"9-10 CSR Deseg/Receiver",null,null,null,"Mag II 9-12 PHBAO",null,null,null,"Mag I 9-12 Deseg/Receiver",null,null,null,"4-5 District for Deseg/PHBAO/Magnet II"]
[]
[-1,0,0,null,-1,0,0,null,-1,0,0,null,-1,0,0,null,-1,0,0,null,-1,0,0,null,-1,0,0,null,-1,0,0,null,-1,0,0,null,-1,0,0,null,-1,0,0,null,-1,0,0,null,-1,0,0,null,-1,0,0,null,-1,0,0,null,-1,0,0,null,-1,0,0,null,-1,0,0,null,-1,0,0,null,-1,0,0,null,-1,0,0]
[1,32,1,null,1,24,1,null,1,30,1,null,1,30,1,null,1,32,1,null,1,35,1,null,1,27,1,null,1,33,1,null,1,27,1,null,1,30,1,null,1,32,1,null,1,26,1,null,1,30,1,null,1,25,1,null,1,27,1,null,1,33,1,null,1,190,1,null,1,630,1,null,1,26,1,null,1,28,1,null,1,36,1]
[33,64,2,null,25,48,2,null,31,59,2,null,31,59,2,null,33,64,2,null,36,70,2,null,28,54,2,null,34,65,2,null,28,54,2,null,31,60,2,null,33,64,2,null,27,53,2,null,31,60,2,null,26,50,2,null,28,54,2,null,34,67,2,null,191,380,2,null,631,1270,2,null,27,53,2,null,29,57,2,null,37,71,2]
[65,96,3,null,49,72,3,null,60,89,3,null,60,89,3,null,65,96,3,null,71,105,3,null,55,81,3,null,66,98,3,null,55,81,3,null,61,90,3,null,65,96,3,null,54,80,3,null,61,91,3,null,51,75,3,null,55,81,3,null,68,101,3,null,381,570,3,null,1271,1900,3,null,54,80,3,null,58,86,3,null,72,107,3]
[97,128,4,null,73,96,4,null,90,118,4,null,90,118,4,null,97,128,4,null,106,140,4,null,82,108,4,null,99,130,4,null,82,108,4,null,91,120,4,null,97,128,4,null,81,107,4,null,92,121,4,null,76,100,4,null,82,108,4,null,102,135,4,null,571,760,4,null,1901,2530,4,null,81,106,4,null,87,115,4,null,108,142,4]
[129,160,5,null,97,120,5,null,119,148,5,null,119,148,5,null,129,160,5,null,141,175,5,null,109,135,5,null,131,163,5,null,109,135,5,null,121,150,5,null,129,160,5,null,108,134,5,null,122,151,5,null,101,125,5,null,109,135,5,null,136,168,5,null,761,950,5,null,2531,3160,5,null,107,133,5,null,116,143,5,null,143,178,5]
[161,192,6,null,121,144,6,null,149,177,6,null,149,177,6,null,161,192,6,null,176,210,6,null,136,162,6,null,164,195,6,null,136,162,6,null,151,180,6,null,161,192,6,null,135,161,6,null,152,182,6,null,126,150,6,null,136,162,6,null,169,202,6,null,951,1140,6,null,3161,3800,6,null,134,160,6,null,144,172,6,null,179,213,6]
[193,224,7,null,145,168,7,null,178,207,7,null,178,207,7,null,193,224,7,null,211,245,7,null,163,189,7,null,196,228,7,null,163,189,7,null,181,210,7,null,193,224,7,null,162,188,7,null,183,212,7,null,151,175,7,null,163,189,7,null,203,236,7,null,1141,1330,7,null,3801,4430,7,null,161,186,7,null,173,201,7,null,214,249,7]
[225,256,8,null,169,192,8,null,208,236,8,null,208,236,8,null,225,256,8,null,246,280,8,null,190,216,8,null,229,260,8,null,190,216,8,null,211,240,8,null,225,256,8,null,189,215,8,null,213,242,8,null,176,200,8,null,190,216,8,null,237,270,8,null,1331,1520,8,null,4431,5060,8,null,187,213,8,null,202,230,8,null,250,284,8]
[257,288,9,null,193,216,9,null,237,266,9,null,237,266,9,null,257,288,9,null,281,315,9,null,217,243,9,null,261,293,9,null,217,243,9,null,241,270,9,null,257,288,9,null,216,242,9,null,243,273,9,null,201,225,9,null,217,243,9,null,271,303,9,null,1521,1720,9,null,5061,5700,9,null,214,240,9,null,231,258,9,null,285,320,9]
[289,320,10,null,217,240,10,null,267,295,10,null,267,295,10,null,289,320,10,null,316,350,10,null,244,270,10,null,294,325,10,null,244,270,10,null,271,300,10,null,289,320,10,null,243,269,10,null,274,303,10,null,226,250,10,null,244,270,10,null,304,337,10,null,1721,1910,10,null,5701,6330,10,null,241,266,10,null,259,287,10,null,321,355,10]
[321,352,11,null,241,264,11,null,296,325,11,null,296,325,11,null,321,352,11,null,351,385,11,null,271,297,11,null,326,358,11,null,271,297,11,null,301,330,11,null,321,352,11,null,270,296,11,null,304,334,11,null,251,275,11,null,271,297,11,null,338,371,11,null,1911,2100,11,null,6331,6960,11,null,267,293,11,null,288,316,11,null,356,391,11]
[353,384,12,null,265,288,12,null,326,354,12,null,326,354,12,null,353,384,12,null,386,420,12,null,298,324,12,null,359,390,12,null,298,324,12,null,331,360,12,null,353,385,12,null,297,323,12,null,335,364,12,null,276,300,12,null,298,325,12,null,372,405,12,null,2101,2290,12,null,6961,7590,12,null,294,320,12,null,317,345,12,null,392,426,12]
[385,416,13,null,289,312,13,null,355,384,13,null,355,384,13,null,385,416,13,null,421,455,13,null,325,351,13,null,391,423,13,null,325,351,13,null,361,390,13,null,386,417,13,null,324,350,13,null,365,394,13,null,301,325,13,null,326,352,13,null,406,438,13,null,2291,2480,13,null,7591,8230,13,null,321,346,13,null,346,373,13,null,427,462,13]
[417,448,14,null,313,336,14,null,385,413,14,null,385,413,14,null,417,448,14,null,456,490,14,null,352,378,14,null,424,455,14,null,352,378,14,null,391,420,14,null,418,449,14,null,351,377,14,null,395,425,14,null,326,350,14,null,353,379,14,null,439,472,14,null,2481,2670,14,null,8231,8860,14,null,347,373,14,null,374,402,14,null,463,497,14]
[449,480,15,null,337,360,15,null,414,443,15,null,414,443,15,null,449,480,15,null,491,525,15,null,379,405,15,null,456,488,15,null,379,405,15,null,421,450,15,null,450,481,15,null,378,404,15,null,426,455,15,null,351,375,15,null,380,406,15,null,473,506,15,null,2671,2860,15,null,8861,9490,15,null,374,400,15,null,403,431,15,null,498,533,15]
[481,512,16,null,361,384,16,null,444,472,16,null,444,472,16,null,481,512,16,null,526,560,16,null,406,432,16,null,489,520,16,null,406,432,16,null,451,480,16,null,482,513,16,null,405,431,16,null,456,485,16,null,376,400,16,null,407,433,16,null,507,540,16,null,2861,3050,16,null,9491,10130,16,null,401,426,16,null,432,460,16,null,534,568,16]
[513,544,17,null,385,408,17,null,473,502,17,null,473,502,17,null,513,544,17,null,561,595,17,null,433,459,17,null,521,553,17,null,433,459,17,null,481,510,17,null,514,545,17,null,432,458,17,null,486,516,17,null,401,425,17,null,434,460,17,null,541,573,17,null,3051,3240,17,null,10131,10760,17,null,427,453,17,null,461,488,17,null,569,604,17]
[545,576,18,null,409,432,18,null,503,531,18,null,503,531,18,null,545,576,18,null,596,630,18,null,460,486,18,null,554,585,18,null,460,486,18,null,511,540,18,null,546,577,18,null,459,485,18,null,517,546,18,null,426,450,18,null,461,487,18,null,574,607,18,null,3241,3430,18,null,10761,11390,18,null,454,480,18,null,489,517,18,null,605,639,18]
[577,608,19,null,433,456,19,null,532,561,19,null,532,561,19,null,577,608,19,null,631,665,19,null,487,513,19,null,586,618,19,null,487,513,19,null,541,570,19,null,578,609,19,null,486,512,19,null,547,577,19,null,451,475,19,null,488,514,19,null,608,641,19,null,3431,3620,19,null,11391,12020,19,null,481,506,19,null,518,546,19,null,640,675,19]
[609,640,20,null,457,480,20,null,562,590,20,null,562,590,20,null,609,640,20,null,666,700,20,null,514,540,20,null,619,650,20,null,514,540,20,null,571,600,20,null,610,641,20,null,513,539,20,null,578,607,20,null,476,500,20,null,515,541,20,null,642,675,20,null,3621,3810,20,null,12021,12660,20,null,507,533,20,null,547,575,20,null,676,710,20]
[641,672,21,null,481,504,21,null,591,620,21,null,591,620,21,null,641,672,21,null,701,735,21,null,541,567,21,null,651,683,21,null,541,567,21,null,601,630,21,null,642,673,21,null,540,566,21,null,608,637,21,null,501,525,21,null,542,568,21,null,676,708,21,null,3811,4000,21,null,12661,13290,21,null,534,560,21,null,576,603,21,null,711,746,21]
[673,704,22,null,505,528,22,null,621,649,22,null,621,649,22,null,673,704,22,null,736,770,22,null,568,594,22,null,684,715,22,null,568,594,22,null,631,660,22,null,674,705,22,null,567,593,22,null,638,668,22,null,526,550,22,null,569,595,22,null,709,742,22,null,4001,4190,22,null,13291,13920,22,null,561,586,22,null,604,632,22,null,747,781,22]
[705,736,23,null,529,552,23,null,650,679,23,null,650,679,23,null,705,736,23,null,771,805,23,null,595,621,23,null,716,748,23,null,595,621,23,null,661,690,23,null,706,737,23,null,594,620,23,null,669,698,23,null,551,575,23,null,596,622,23,null,743,776,23,null,null,null,null,null,null,null,null,null,587,613,23,null,633,661,23,null,782,817,23]
[737,768,24,null,553,576,24,null,680,708,24,null,680,708,24,null,737,768,24,null,806,840,24,null,622,648,24,null,749,780,24,null,622,648,24,null,691,720,24,null,738,770,24,null,621,647,24,null,699,728,24,null,576,600,24,null,623,650,24,null,777,810,24,null,null,null,null,null,null,null,null,null,614,640,24,null,662,690,24,null,818,852,24]
[769,800,25,null,577,600,25,null,709,738,25,null,709,738,25,null,769,800,25,null,841,875,25,null,649,675,25,null,781,813,25,null,649,675,25,null,721,750,25,null,771,802,25,null,648,674,25,null,729,759,25,null,601,625,25,null,651,677,25,null,811,843,25,null,null,null,null,null,null,null,null,null,641,666,25,null,691,718,25,null,853,888,25]
[801,832,26,null,601,624,26,null,739,767,26,null,739,767,26,null,801,832,26,null,876,910,26,null,676,702,26,null,814,845,26,null,676,702,26,null,751,780,26,null,803,834,26,null,675,701,26,null,760,789,26,null,626,650,26,null,678,704,26,null,844,877,26,null,null,null,null,null,null,null,null,null,667,693,26,null,719,747,26,null,889,923,26]
[833,864,27,null,625,648,27,null,768,797,27,null,768,797,27,null,833,864,27,null,911,945,27,null,703,729,27,null,846,878,27,null,703,729,27,null,781,810,27,null,835,866,27,null,702,728,27,null,790,820,27,null,651,675,27,null,705,731,27,null,878,911,27,null,null,null,null,null,null,null,null,null,694,720,27,null,748,776,27,null,924,959,27]
[865,896,28,null,649,672,28,null,798,826,28,null,798,826,28,null,865,896,28,null,946,980,28,null,730,756,28,null,879,910,28,null,730,756,28,null,811,840,28,null,867,898,28,null,729,755,28,null,821,850,28,null,676,700,28,null,732,758,28,null,912,945,28,null,null,null,null,null,null,null,null,null,721,746,28,null,777,805,28,null,960,994,28]
[897,928,29,null,673,696,29,null,827,856,29,null,827,856,29,null,897,928,29,null,981,1015,29,null,757,783,29,null,911,943,29,null,757,783,29,null,841,870,29,null,899,930,29,null,756,782,29,null,851,880,29,null,701,725,29,null,759,785,29,null,946,978,29,null,null,null,null,null,null,null,null,null,747,773,29,null,806,833,29,null,995,1030,29]
[929,960,30,null,697,720,30,null,857,885,30,null,857,885,30,null,929,960,30,null,1016,1050,30,null,784,810,30,null,944,975,30,null,784,810,30,null,871,900,30,null,931,962,30,null,783,809,30,null,881,911,30,null,726,750,30,null,786,812,30,null,979,1012,30,null,null,null,null,null,null,null,null,null,774,800,30,null,834,862,30,null,1031,1065,30]
[961,992,31,null,721,744,31,null,886,915,31,null,886,915,31,null,961,992,31,null,1051,1085,31,null,811,837,31,null,976,1008,31,null,811,837,31,null,901,930,31,null,963,994,31,null,810,836,31,null,912,941,31,null,751,775,31,null,813,839,31,null,1013,1046,31,null,null,null,null,null,null,null,null,null,801,826,31,null,863,891,31,null,1066,1101,31]
[993,1024,32,null,745,768,32,null,916,944,32,null,916,944,32,null,993,1024,32,null,1086,1120,32,null,838,864,32,null,1009,1040,32,null,838,864,32,null,931,960,32,null,995,1026,32,null,837,863,32,null,942,971,32,null,776,800,32,null,840,866,32,null,1047,1080,32,null,null,null,null,null,null,null,null,null,827,853,32,null,892,920,32,null,1102,1136,32]
[1025,1056,33,null,769,792,33,null,945,974,33,null,945,974,33,null,1025,1056,33,null,1121,1155,33,null,865,891,33,null,1041,1073,33,null,865,891,33,null,961,990,33,null,1027,1058,33,null,864,890,33,null,972,1002,33,null,801,825,33,null,867,893,33,null,1081,1113,33,null,null,null,null,null,null,null,null,null,854,880,33,null,921,948,33,null,1137,1172,33]
[1057,1088,34,null,793,816,34,null,975,1003,34,null,975,1003,34,null,1057,1088,34,null,1156,1190,34,null,892,918,34,null,1074,1105,34,null,892,918,34,null,991,1020,34,null,1059,1090,34,null,891,917,34,null,1003,1032,34,null,826,850,34,null,894,920,34,null,1114,1147,34,null,null,null,null,null,null,null,null,null,881,906,34,null,949,977,34,null,1173,1207,34]
[1089,1120,35,null,817,840,35,null,1004,1033,35,null,1004,1033,35,null,1089,1120,35,null,1191,1225,35,null,919,945,35,null,1106,1138,35,null,919,945,35,null,1021,1050,35,null,1091,1122,35,null,918,944,35,null,1033,1063,35,null,851,875,35,null,921,947,35,null,1148,1181,35,null,null,null,null,null,null,null,null,null,907,933,35,null,978,1006,35,null,1208,1243,35]
[1121,1152,36,null,841,864,36,null,1034,1062,36,null,1034,1062,36,null,1121,1152,36,null,1226,1260,36,null,946,972,36,null,1139,1170,36,null,946,972,36,null,1051,1080,36,null,1123,1155,36,null,945,971,36,null,1064,1093,36,null,876,900,36,null,948,975,36,null,1182,1215,36,null,null,null,null,null,null,null,null,null,934,960,36,null,1007,1035,36,null,1244,1278,36]
[1153,1184,37,null,865,888,37,null,1063,1092,37,null,1063,1092,37,null,1153,1184,37,null,1261,1295,37,null,973,999,37,null,1171,1203,37,null,973,999,37,null,1081,1110,37,null,1156,1187,37,null,972,998,37,null,1094,1123,37,null,901,925,37,null,976,1002,37,null,1216,1248,37,null,null,null,null,null,null,null,null,null,961,986,37,null,1036,1063,37,null,1279,1314,37]
[1185,1216,38,null,889,912,38,null,1093,1121,38,null,1093,1121,38,null,1185,1216,38,null,1296,1330,38,null,1000,1026,38,null,1204,1235,38,null,1000,1026,38,null,1111,1140,38,null,1188,1219,38,null,999,1025,38,null,1124,1154,38,null,926,950,38,null,1003,1029,38,null,1249,1282,38,null,null,null,null,null,null,null,null,null,987,1013,38,null,1064,1092,38,null,1315,1349,38]
[1217,1248,39,null,913,936,39,null,1122,1151,39,null,1122,1151,39,null,1217,1248,39,null,1331,1365,39,null,1027,1053,39,null,1236,1268,39,null,1027,1053,39,null,1141,1170,39,null,1220,1251,39,null,1026,1052,39,null,1155,1184,39,null,951,975,39,null,1030,1056,39,null,1283,1316,39,null,null,null,null,null,null,null,null,null,1014,1040,39,null,1093,1121,39,null,1350,1385,39]
[1249,1280,40,null,937,960,40,null,1152,1180,40,null,1152,1180,40,null,1249,1280,40,null,1366,1400,40,null,1054,1080,40,null,1269,1300,40,null,1054,1080,40,null,1171,1200,40,null,1252,1283,40,null,1053,1079,40,null,1185,1214,40,null,976,1000,40,null,1057,1083,40,null,1317,1350,40,null,null,null,null,null,null,null,null,null,1041,1066,40,null,1122,1150,40,null,1386,1420,40]
[1281,1312,41,null,961,984,41,null,1181,1210,41,null,1181,1210,41,null,1281,1312,41,null,1401,1435,41,null,1081,1107,41,null,1301,1333,41,null,1081,1107,41,null,1201,1230,41,null,1284,1315,41,null,1080,1106,41,null,1215,1245,41,null,1001,1025,41,null,1084,1110,41,null,1351,1383,41,null,null,null,null,null,null,null,null,null,1067,1093,41,null,1151,1178,41,null,1421,1456,41]
[1313,1344,42,null,985,1008,42,null,1211,1239,42,null,1211,1239,42,null,1313,1344,42,null,1436,1470,42,null,1108,1134,42,null,1334,1365,42,null,1108,1134,42,null,1231,1260,42,null,1316,1347,42,null,1107,1133,42,null,1246,1275,42,null,1026,1050,42,null,1111,1137,42,null,1384,1417,42,null,null,null,null,null,null,null,null,null,1094,1120,42,null,1179,1207,42,null,1457,1491,42]
[1345,1376,43,null,1009,1032,43,null,1240,1269,43,null,1240,1269,43,null,1345,1376,43,null,1471,1505,43,null,1135,1161,43,null,1366,1398,43,null,1135,1161,43,null,1261,1290,43,null,1348,1379,43,null,1134,1160,43,null,1276,1306,43,null,1051,1075,43,null,1138,1164,43,null,1418,1451,43,null,null,null,null,null,null,null,null,null,1121,1146,43,null,1208,1236,43,null,1492,1527,43]
[1377,1408,44,null,1033,1056,44,null,1270,1298,44,null,1270,1298,44,null,1377,1408,44,null,1506,1540,44,null,1162,1188,44,null,1399,1430,44,null,1162,1188,44,null,1291,1320,44,null,1380,1411,44,null,1161,1187,44,null,1307,1336,44,null,1076,1100,44,null,1165,1191,44,null,1452,1485,44,null,null,null,null,null,null,null,null,null,1147,1173,44,null,1237,1265,44,null,1528,1562,44]
[1409,1440,45,null,1057,1080,45,null,1299,1328,45,null,1299,1328,45,null,1409,1440,45,null,1541,1575,45,null,1189,1215,45,null,1431,1463,45,null,1189,1215,45,null,1321,1350,45,null,1412,1443,45,null,1188,1214,45,null,1337,1366,45,null,1101,1125,45,null,1192,1218,45,null,1486,1518,45,null,null,null,null,null,null,null,null,null,1174,1200,45,null,1266,1293,45,null,1563,1598,45]
[1441,1472,46,null,1081,1104,46,null,1329,1357,46,null,1329,1357,46,null,1441,1472,46,null,1576,1610,46,null,1216,1242,46,null,1464,1495,46,null,1216,1242,46,null,1351,1380,46,null,1444,1475,46,null,1215,1241,46,null,1367,1397,46,null,1126,1150,46,null,1219,1245,46,null,1519,1552,46,null,null,null,null,null,null,null,null,null,1201,1226,46,null,1294,1322,46,null,1599,1633,46]
[1473,1504,47,null,1105,1128,47,null,1358,1387,47,null,1358,1387,47,null,1473,1504,47,null,1611,1645,47,null,1243,1269,47,null,1496,1528,47,null,1243,1269,47,null,1381,1410,47,null,1476,1507,47,null,1242,1268,47,null,1398,1427,47,null,1151,1175,47,null,1246,1272,47,null,1553,1586,47,null,null,null,null,null,null,null,null,null,1227,1253,47,null,1323,1351,47,null,1634,1669,47]
[1505,1536,48,null,1129,1152,48,null,1388,1416,48,null,1388,1416,48,null,1505,1536,48,null,1646,1680,48,null,1270,1296,48,null,1529,1560,48,null,1270,1296,48,null,1411,1440,48,null,1508,1540,48,null,1269,1295,48,null,1428,1457,48,null,1176,1200,48,null,1273,1300,48,null,1587,1620,48,null,null,null,null,null,null,null,null,null,1254,1280,48,null,1352,1380,48,null,1670,1704,48]
[1537,1568,49,null,1153,1176,49,null,1417,1446,49,null,1417,1446,49,null,1537,1568,49,null,1681,1715,49,null,1297,1323,49,null,1561,1593,49,null,1297,1323,49,null,1441,1470,49,null,1541,1572,49,null,1296,1322,49,null,1458,1488,49,null,1201,1225,49,null,1301,1327,49,null,1621,1653,49,null,null,null,null,null,null,null,null,null,1281,1306,49,null,1381,1408,49,null,1705,1740,49]
[1569,1600,50,null,1177,1200,50,null,1447,1475,50,null,1447,1475,50,null,1569,1600,50,null,1716,1750,50,null,1324,1350,50,null,1594,1625,50,null,1324,1350,50,null,1471,1500,50,null,1573,1604,50,null,1323,1349,50,null,1489,1518,50,null,1226,1250,50,null,1328,1354,50,null,1654,1687,50,null,null,null,null,null,null,null,null,null,1307,1333,50,null,1409,1437,50,null,1741,1775,50]
[1601,1632,51,null,1201,1224,51,null,1476,1505,51,null,1476,1505,51,null,1601,1632,51,null,1751,1785,51,null,1351,1377,51,null,1626,1658,51,null,1351,1377,51,null,1501,1530,51,null,1605,1636,51,null,1350,1376,51,null,1519,1548,51,null,1251,1275,51,null,1355,1381,51,null,1688,1721,51,null,null,null,null,null,null,null,null,null,1334,1360,51,null,1438,1466,51,null,1776,1811,51]
[1633,1664,52,null,1225,1248,52,null,1506,1534,52,null,1506,1534,52,null,1633,1664,52,null,1786,1820,52,null,1378,1404,52,null,1659,1690,52,null,1378,1404,52,null,1531,1560,52,null,1637,1668,52,null,1377,1403,52,null,1549,1579,52,null,1276,1300,52,null,1382,1408,52,null,1722,1755,52,null,null,null,null,null,null,null,null,null,1361,1386,52,null,1467,1495,52,null,1812,1846,52]
[1665,1696,53,null,1249,1272,53,null,1535,1564,53,null,1535,1564,53,null,1665,1696,53,null,1821,1855,53,null,1405,1431,53,null,1691,1723,53,null,1405,1431,53,null,1561,1590,53,null,1669,1700,53,null,1404,1430,53,null,1580,1609,53,null,1301,1325,53,null,1409,1435,53,null,1756,1788,53,null,null,null,null,null,null,null,null,null,1387,1413,53,null,1496,1523,53,null,1847,1882,53]
[1697,1728,54,null,1273,1296,54,null,1565,1593,54,null,1565,1593,54,null,1697,1728,54,null,1856,1890,54,null,1432,1458,54,null,1724,1755,54,null,1432,1458,54,null,1591,1620,54,null,1701,1732,54,null,1431,1457,54,null,1610,1640,54,null,1326,1350,54,null,1436,1462,54,null,1789,1822,54,null,null,null,null,null,null,null,null,null,1414,1440,54,null,1524,1552,54,null,1883,1917,54]
[1729,1760,55,null,1297,1320,55,null,1594,1623,55,null,1594,1623,55,null,1729,1760,55,null,1891,1925,55,null,1459,1485,55,null,1756,1788,55,null,1459,1485,55,null,1621,1650,55,null,1733,1764,55,null,1458,1484,55,null,1641,1670,55,null,1351,1375,55,null,1463,1489,55,null,1823,1856,55,null,null,null,null,null,null,null,null,null,1441,1466,55,null,1553,1581,55,null,1918,1953,55]
[1761,1792,56,null,1321,1344,56,null,1624,1652,56,null,1624,1652,56,null,1761,1792,56,null,1926,1960,56,null,1486,1512,56,null,1789,1820,56,null,1486,1512,56,null,1651,1680,56,null,1765,1796,56,null,1485,1511,56,null,1671,1700,56,null,1376,1400,56,null,1490,1516,56,null,1857,1890,56,null,null,null,null,null,null,null,null,null,1467,1493,56,null,1582,1610,56,null,1954,1988,56]
[1793,1824,57,null,1345,1368,57,null,1653,1682,57,null,1653,1682,57,null,1793,1824,57,null,1961,1995,57,null,1513,1539,57,null,1821,1853,57,null,1513,1539,57,null,1681,1710,57,null,1797,1828,57,null,1512,1538,57,null,1701,1731,57,null,1401,1425,57,null,1517,1543,57,null,1891,1923,57,null,null,null,null,null,null,null,null,null,1494,1520,57,null,1611,1638,57,null,1989,2024,57]
[1825,1856,58,null,1369,1392,58,null,1683,1711,58,null,1683,1711,58,null,1825,1856,58,null,1996,2030,58,null,1540,1566,58,null,1854,1885,58,null,1540,1566,58,null,1711,1740,58,null,1829,1860,58,null,1539,1565,58,null,1732,1761,58,null,1426,1450,58,null,1544,1570,58,null,1924,1957,58,null,null,null,null,null,null,null,null,null,1521,1546,58,null,1639,1667,58,null,2025,2059,58]
[1857,1888,59,null,1393,1416,59,null,1712,1741,59,null,1712,1741,59,null,1857,1888,59,null,2031,2065,59,null,1567,1593,59,null,1886,1918,59,null,1567,1593,59,null,1741,1770,59,null,1861,1892,59,null,1566,1592,59,null,1762,1791,59,null,1451,1475,59,null,1571,1597,59,null,1958,1991,59,null,null,null,null,null,null,null,null,null,1547,1573,59,null,1668,1696,59,null,2060,2095,59]
[1889,1920,60,null,1417,1440,60,null,1742,1770,60,null,1742,1770,60,null,1889,1920,60,null,2066,2100,60,null,1594,1620,60,null,1919,1950,60,null,1594,1620,60,null,1771,1800,60,null,1893,1925,60,null,1593,1619,60,null,1792,1822,60,null,1476,1500,60,null,1598,1625,60,null,1992,2025,60,null,null,null,null,null,null,null,null,null,1574,1600,60,null,1697,1725,60,null,2096,2130,60]
[1921,1952,61,null,1441,1464,61,null,1771,1800,61,null,1771,1800,61,null,1921,1952,61,null,2101,2135,61,null,1621,1647,61,null,1951,1983,61,null,1621,1647,61,null,1801,1830,61,null,1926,1957,61,null,1620,1646,61,null,1823,1852,61,null,1501,1525,61,null,1626,1652,61,null,2026,2058,61,null,null,null,null,null,null,null,null,null,1601,1626,61,null,1726,1753,61,null,2131,2166,61]
[1953,1984,62,null,1465,1488,62,null,1801,1829,62,null,1801,1829,62,null,1953,1984,62,null,2136,2170,62,null,1648,1674,62,null,1984,2015,62,null,1648,1674,62,null,1831,1860,62,null,1958,1989,62,null,1647,1673,62,null,1853,1883,62,null,1526,1550,62,null,1653,1679,62,null,2059,2092,62,null,null,null,null,null,null,null,null,null,1627,1653,62,null,1754,1782,62,null,2167,2201,62]
[1985,2016,63,null,1489,1512,63,null,1830,1859,63,null,1830,1859,63,null,1985,2016,63,null,2171,2205,63,null,1675,1701,63,null,2016,2048,63,null,1675,1701,63,null,1861,1890,63,null,1990,2021,63,null,1674,1700,63,null,1884,1913,63,null,1551,1575,63,null,1680,1706,63,null,2093,2126,63,null,null,null,null,null,null,null,null,null,1654,1680,63,null,1783,1811,63,null,2202,2237,63]
[2017,2048,64,null,1513,1536,64,null,1860,1888,64,null,1860,1888,64,null,2017,2048,64,null,2206,2240,64,null,1702,1728,64,null,2049,2080,64,null,1702,1728,64,null,1891,1920,64,null,2022,2053,64,null,1701,1727,64,null,1914,1943,64,null,1576,1600,64,null,1707,1733,64,null,2127,2160,64,null,null,null,null,null,null,null,null,null,1681,1706,64,null,1812,1840,64,null,2238,2272,64]
[2049,2080,65,null,1537,1560,65,null,1889,1918,65,null,1889,1918,65,null,2049,2080,65,null,2241,2275,65,null,1729,1755,65,null,2081,2113,65,null,1729,1755,65,null,1921,1950,65,null,2054,2085,65,null,1728,1754,65,null,1944,1974,65,null,1601,1625,65,null,1734,1760,65,null,2161,2193,65,null,null,null,null,null,null,null,null,null,1707,1733,65,null,1841,1868,65,null,2273,2308,65]
[2081,2112,66,null,1561,1584,66,null,1919,1947,66,null,1919,1947,66,null,2081,2112,66,null,2276,2310,66,null,1756,1782,66,null,2114,2145,66,null,1756,1782,66,null,1951,1980,66,null,2086,2117,66,null,1755,1781,66,null,1975,2004,66,null,1626,1650,66,null,1761,1787,66,null,2194,2227,66,null,null,null,null,null,null,null,null,null,1734,1760,66,null,1869,1897,66,null,2309,2343,66]
[2113,2144,67,null,1585,1608,67,null,1948,1977,67,null,1948,1977,67,null,2113,2144,67,null,2311,2345,67,null,1783,1809,67,null,2146,2178,67,null,1783,1809,67,null,1981,2010,67,null,2118,2149,67,null,1782,1808,67,null,2005,2034,67,null,1651,1675,67,null,1788,1814,67,null,2228,2261,67,null,null,null,null,null,null,null,null,null,1761,1786,67,null,1898,1926,67,null,2344,2379,67]
[2145,2176,68,null,1609,1632,68,null,1983,2006,68,null,1978,2006,68,null,2145,2176,68,null,2346,2380,68,null,1810,1836,68,null,2179,2210,68,null,1810,1836,68,null,2011,2040,68,null,2150,2181,68,null,1809,1835,68,null,2035,2065,68,null,1676,1700,68,null,1815,1841,68,null,2262,2295,68,null,null,null,null,null,null,null,null,null,1787,1813,68,null,1927,1955,68,null,2380,2414,68]
[2177,2208,69,null,1633,1656,69,null,2012,2036,69,null,2007,2036,69,null,2177,2208,69,null,2381,2415,69,null,1837,1863,69,null,2211,2243,69,null,1837,1863,69,null,2041,2070,69,null,2182,2213,69,null,1836,1862,69,null,2066,2095,69,null,1701,1725,69,null,1842,1868,69,null,2296,2328,69,null,null,null,null,null,null,null,null,null,1814,1840,69,null,1956,1983,69,null,2415,2450,69]
[2209,2240,70,null,1657,1680,70,null,2042,2065,70,null,2037,2065,70,null,2209,2240,70,null,2416,2450,70,null,1864,1890,70,null,2244,2275,70,null,1864,1890,70,null,2071,2100,70,null,2214,2245,70,null,1863,1889,70,null,2096,2126,70,null,1726,1750,70,null,1869,1895,70,null,2329,2362,70,null,null,null,null,null,null,null,null,null,1841,1866,70,null,1984,2012,70,null,2451,2485,70]
[2241,2272,71,null,1681,1704,71,null,2071,2095,71,null,2066,2095,71,null,2241,2272,71,null,2451,2485,71,null,1891,1917,71,null,2276,2308,71,null,1891,1917,71,null,2101,2130,71,null,2246,2277,71,null,1890,1916,71,null,2127,2156,71,null,1751,1775,71,null,1896,1922,71,null,2363,2396,71,null,null,null,null,null,null,null,null,null,1867,1893,71,null,2013,2041,71,null,2486,2521,71]
[2273,2304,72,null,1705,1728,72,null,2101,2124,72,null,2096,2124,72,null,2273,2304,72,null,2486,2520,72,null,1918,1944,72,null,2309,2340,72,null,1918,1944,72,null,2131,2160,72,null,2278,2310,72,null,1917,1942,72,null,2157,2186,72,null,1776,1800,72,null,1923,1950,72,null,2397,2430,72,null,null,null,null,null,null,null,null,null,1894,1920,72,null,2042,2070,72,null,2522,2556,72]
[2305,2336,73,null,1729,1752,73,null,2130,2154,73,null,2125,2154,73,null,2305,2336,73,null,2521,2555,73,null,null,null,null,null,null,null,null,null,null,null,null,null,null,null,null,null,2311,2342,73,null,1943,1969,73,null,2187,2217,73,null,1801,1825,73,null,1951,1977,73,null,2431,2463,73,null,null,null,null,null,null,null,null,null,1921,1946,73,null,2071,2098,73,null,2557,2592,73]
[2337,2368,74,null,1753,1776,74,null,2160,2183,74,null,2155,2183,74,null,2337,2368,74,null,2556,2590,74,null,null,null,null,null,null,null,null,null,null,null,null,null,null,null,null,null,2343,2374,74,null,1970,1996,74,null,2218,2247,74,null,1826,1850,74,null,1978,2004,74,null,2464,2497,74,null,null,null,null,null,null,null,null,null,1947,1973,74,null,2099,2127,74,null,2593,2627,74]
[2369,2400,75,null,1777,1800,75,null,2189,2213,75,null,2184,2213,75,null,2369,2400,75,null,2591,2625,75,null,null,null,null,null,null,null,null,null,null,null,null,null,null,null,null,null,2375,2406,75,null,1997,2023,75,null,2248,2277,75,null,1851,1875,75,null,2005,2031,75,null,2498,2531,75,null,null,null,null,null,null,null,null,null,1974,2000,75,null,2128,2156,75,null,2628,2663,75]
[2401,2432,76,null,1801,1824,76,null,2219,2242,76,null,2214,2242,76,null,2401,2432,76,null,2626,2660,76,null,null,null,null,null,null,null,null,null,null,null,null,null,null,null,null,null,2407,2438,76,null,2024,2050,76,null,2278,2308,76,null,1876,1900,76,null,2032,2058,76,null,2532,2565,76,null,null,null,null,null,null,null,null,null,2001,2026,76,null,2157,2185,76,null,2664,2698,76]
[2433,2464,77,null,1825,1848,77,null,2248,2272,77,null,2243,2272,77,null,2433,2464,77,null,2661,2695,77,null,null,null,null,null,null,null,null,null,null,null,null,null,null,null,null,null,2439,2470,77,null,2051,2077,77,null,2309,2338,77,null,1901,1925,77,null,2059,2085,77,null,2566,2598,77,null,null,null,null,null,null,null,null,null,2027,2053,77,null,2186,2213,77,null,2699,2734,77]
[2465,2496,78,null,1849,1872,78,null,2278,2301,78,null,2273,2301,78,null,2465,2496,78,null,2696,2730,78,null,null,null,null,null,null,null,null,null,null,null,null,null,null,null,null,null,2471,2502,78,null,2078,2104,78,null,2339,2369,78,null,1926,1950,78,null,2086,2112,78,null,2599,2632,78,null,null,null,null,null,null,null,null,null,2054,2080,78,null,2214,2242,78,null,2735,2769,78]
[2497,2528,79,null,1873,1896,79,null,2307,2331,79,null,2302,2331,79,null,2497,2528,79,null,2731,2765,79,null,null,null,null,null,null,null,null,null,null,null,null,null,null,null,null,null,2503,2534,79,null,2105,2131,79,null,2370,2399,79,null,1951,1975,79,null,2113,2139,79,null,2633,2666,79,null,null,null,null,null,null,null,null,null,2081,2106,79,null,2243,2271,79,null,2770,2805,79]
[2529,2560,80,null,1897,1920,80,null,2337,2360,80,null,2332,2360,80,null,2529,2560,80,null,2766,2800,80,null,null,null,null,null,null,null,null,null,null,null,null,null,null,null,null,null,2535,2566,80,null,2132,2158,80,null,2400,2429,80,null,1976,2000,80,null,2140,2166,80,null,2667,2700,80,null,null,null,null,null,null,null,null,null,2107,2133,80,null,2272,2300,80,null,2806,2840,80]
[2561,2592,81,null,1921,1944,81,null,2366,2390,81,null,2361,2390,81,null,2561,2592,81,null,2801,2835,81,null,null,null,null,null,null,null,null,null,null,null,null,null,null,null,null,null,2567,2598,81,null,2159,2185,81,null,2430,2460,81,null,2001,2025,81,null,2167,2193,81,null,2701,2733,81,null,null,null,null,null,null,null,null,null,2134,2160,81,null,2301,2328,81,null,2841,2876,81]
[2593,2624,82,null,1945,1968,82,null,2396,2419,82,null,2391,2419,82,null,2593,2624,82,null,2836,2870,82,null,null,null,null,null,null,null,null,null,null,null,null,null,null,null,null,null,2599,2630,82,null,2186,2212,82,null,2461,2490,82,null,2026,2050,82,null,2194,2220,82,null,2734,2767,82,null,null,null,null,null,null,null,null,null,2161,2186,82,null,2329,2357,82,null,2877,2911,82]
[2625,2656,83,null,1969,1992,83,null,2425,2449,83,null,2420,2449,83,null,2625,2656,83,null,2871,2905,83,null,null,null,null,null,null,null,null,null,null,null,null,null,null,null,null,null,2631,2662,83,null,2213,2239,83,null,2491,2520,83,null,2051,2075,83,null,2221,2247,83,null,2768,2801,83,null,null,null,null,null,null,null,null,null,2187,2213,83,null,2358,2386,83,null,2912,2947,83]
[2657,2688,84,null,1993,2016,84,null,2455,2478,84,null,2450,2478,84,null,2657,2688,84,null,2906,2940,84,null,null,null,null,null,null,null,null,null,null,null,null,null,null,null,null,null,2663,2695,84,null,2240,2266,84,null,2521,2551,84,null,2076,2100,84,null,2248,2275,84,null,2802,2835,84,null,null,null,null,null,null,null,null,null,2214,2240,84,null,2387,2415,84,null,2948,2982,84]
[2689,2720,85,null,2017,2040,85,null,2484,2508,85,null,2479,2508,85,null,2689,2720,85,null,2941,2975,85,null,null,null,null,null,null,null,null,null,null,null,null,null,null,null,null,null,2696,2727,85,null,2267,2293,85,null,2552,2581,85,null,2101,2125,85,null,2276,2302,85,null,2836,2868,85,null,null,null,null,null,null,null,null,null,2241,2266,85,null,2416,2443,85,null,2983,3018,85]
[2721,2752,86,null,2041,2064,86,null,2514,2537,86,null,2509,2537,86,null,2721,2752,86,null,2976,3010,86,null,null,null,null,null,null,null,null,null,null,null,null,null,null,null,null,null,2728,2759,86,null,2294,2320,86,null,2582,2612,86,null,2126,2150,86,null,2303,2329,86,null,2869,2902,86,null,null,null,null,null,null,null,null,null,2267,2293,86,null,2444,2472,86,null,3019,3053,86]
[2753,2784,87,null,2065,2088,87,null,2543,2567,87,null,2538,2567,87,null,2753,2784,87,null,3011,3045,87,null,null,null,null,null,null,null,null,null,null,null,null,null,null,null,null,null,2760,2791,87,null,2321,2347,87,null,2613,2642,87,null,2151,2175,87,null,2330,2356,87,null,2903,2936,87,null,null,null,null,null,null,null,null,null,2294,2320,87,null,2473,2501,87,null,3054,3089,87]
[2785,2816,88,null,2089,2112,88,null,2573,2596,88,null,2568,2596,88,null,2785,2816,88,null,3046,3080,88,null,null,null,null,null,null,null,null,null,null,null,null,null,null,null,null,null,2792,2823,88,null,2348,2374,88,null,2643,2672,88,null,2176,2200,88,null,2357,2383,88,null,2937,2970,88,null,null,null,null,null,null,null,null,null,2321,2346,88,null,2502,2530,88,null,3090,3124,88]
[2817,2848,89,null,2113,2136,89,null,2602,2626,89,null,2597,2626,89,null,2817,2848,89,null,3081,3115,89,null,null,null,null,null,null,null,null,null,null,null,null,null,null,null,null,null,2824,2855,89,null,2375,2401,89,null,2673,2703,89,null,2201,2225,89,null,2384,2410,89,null,2971,3003,89,null,null,null,null,null,null,null,null,null,2347,2373,89,null,2531,2558,89,null,3125,3160,89]
[2849,2880,90,null,2137,2160,90,null,2632,2655,90,null,2627,2655,90,null,2849,2880,90,null,3116,3150,90,null,null,null,null,null,null,null,null,null,null,null,null,null,null,null,null,null,2856,2887,90,null,2402,2428,90,null,2704,2733,90,null,2226,2250,90,null,2411,2437,90,null,3004,3037,90,null,null,null,null,null,null,null,null,null,2374,2400,90,null,2559,2587,90,null,3161,3195,90]
[2881,2912,91,null,2161,2184,91,null,2661,2685,91,null,2656,2685,91,null,2881,2912,91,null,3151,3185,91,null,null,null,null,null,null,null,null,null,null,null,null,null,null,null,null,null,2888,2919,91,null,2429,2455,91,null,2734,2763,91,null,2251,2275,91,null,2438,2464,91,null,3038,3071,91,null,null,null,null,null,null,null,null,null,2401,2426,91,null,2588,2616,91,null,3196,3231,91]
[2913,2944,92,null,2185,2208,92,null,2691,2714,92,null,2686,2714,92,null,2913,2944,92,null,3186,3220,92,null,null,null,null,null,null,null,null,null,null,null,null,null,null,null,null,null,2920,2951,92,null,2456,2482,92,null,2764,2794,92,null,2276,2300,92,null,2465,2491,92,null,3072,3105,92,null,null,null,null,null,null,null,null,null,2427,2453,92,null,2617,2645,92,null,3232,3266,92]
[2945,2976,93,null,2209,2232,93,null,2720,2744,93,null,2715,2744,93,null,2945,2976,93,null,3221,3255,93,null,null,null,null,null,null,null,null,null,null,null,null,null,null,null,null,null,2952,2983,93,null,2483,2509,93,null,2795,2824,93,null,2301,2325,93,null,2492,2518,93,null,3106,3138,93,null,null,null,null,null,null,null,null,null,2454,2480,93,null,2646,2673,93,null,3267,3302,93]
[2977,3008,94,null,2233,2256,94,null,2750,2773,94,null,2745,2773,94,null,2977,3008,94,null,3256,3290,94,null,null,null,null,null,null,null,null,null,null,null,null,null,null,null,null,null,2984,3015,94,null,2510,2536,94,null,2825,2854,94,null,2326,2350,94,null,2519,2545,94,null,3139,3172,94,null,null,null,null,null,null,null,null,null,2481,2506,94,null,2674,2702,94,null,3303,3337,94]
[3009,3040,95,null,2257,2280,95,null,2779,2803,95,null,2774,2803,95,null,3009,3040,95,null,3291,3325,95,null,null,null,null,null,null,null,null,null,null,null,null,null,null,null,null,null,3016,3047,95,null,2537,2563,95,null,2855,2885,95,null,2351,2375,95,null,2546,2572,95,null,3173,3206,95,null,null,null,null,null,null,null,null,null,2507,2533,95,null,2703,2731,95,null,3338,3373,95]
[3041,3072,96,null,2281,2304,96,null,2809,2832,96,null,2804,2832,96,null,3041,3072,96,null,3326,3360,96,null,null,null,null,null,null,null,null,null,null,null,null,null,null,null,null,null,3048,3080,96,null,2564,2590,96,null,2886,2915,96,null,2376,2400,96,null,2573,2600,96,null,3207,3240,96,null,null,null,null,null,null,null,null,null,2534,2560,96,null,2732,2760,96,null,3374,3408,96]
[3073,3104,97,null,2305,2328,97,null,2838,2862,97,null,2833,2862,97,null,3073,3104,97,null,3361,3395,97,null,null,null,null,null,null,null,null,null,null,null,null,null,null,null,null,null,3081,3112,97,null,2591,2617,97,null,2916,2946,97,null,2401,2425,97,null,2601,2627,97,null,3241,3273,97,null,null,null,null,null,null,null,null,null,2561,2586,97,null,2761,2788,97,null,3409,3444,97]
[3105,3136,98,null,2329,2352,98,null,2868,2891,98,null,2863,2891,98,null,3105,3136,98,null,3396,3430,98,null,null,null,null,null,null,null,null,null,null,null,null,null,null,null,null,null,3113,3144,98,null,2618,2644,98,null,2947,2976,98,null,2426,2450,98,null,2628,2654,98,null,3274,3307,98,null,null,null,null,null,null,null,null,null,2587,2613,98,null,2789,2817,98,null,3445,3479,98]
[3137,3168,99,null,2353,2376,99,null,2897,2921,99,null,2892,2921,99,null,3137,3168,99,null,3431,3465,99,null,null,null,null,null,null,null,null,null,null,null,null,null,null,null,null,null,3145,3176,99,null,2645,2671,99,null,2977,3006,99,null,2451,2475,99,null,2655,2681,99,null,3308,3341,99,null,null,null,null,null,null,null,null,null,2614,2640,99,null,2818,2846,99,null,3480,3515,99]
[3169,3200,100,null,2377,2400,100,null,2927,2950,100,null,2922,2950,100,null,3169,3200,100,null,3466,3500,100,null,null,null,null,null,null,null,null,null,null,null,null,null,null,null,null,null,3177,3208,100,null,2672,2698,100,null,3007,3037,100,null,2476,2500,100,null,2682,2708,100,null,3342,3375,100,null,null,null,null,null,null,null,null,null,2641,2666,100,null,2847,2875,100,null,3516,3550,100]
[3201,3232,101,null,2401,2424,101,null,2956,2980,101,null,2951,2980,101,null,3201,3232,101,null,3501,3535,101,null,null,null,null,null,null,null,null,null,null,null,null,null,null,null,null,null,3209,3240,101,null,2699,2725,101,null,3038,3067,101,null,2501,2525,101,null,2709,2735,101,null,3376,3408,101,null,null,null,null,null,null,null,null,null,2667,2693,101,null,2876,2903,101,null,3551,3586,101]
[3233,3264,102,null,2425,2448,102,null,2986,3009,102,null,2981,3009,102,null,3233,3264,102,null,3536,3570,102,null,null,null,null,null,null,null,null,null,null,null,null,null,null,null,null,null,3241,3272,102,null,2726,2752,102,null,3068,3097,102,null,2526,2550,102,null,2736,2762,102,null,3409,3442,102,null,null,null,null,null,null,null,null,null,2694,2720,102,null,2904,2932,102,null,3587,3621,102]
[3265,3296,103,null,2449,2472,103,null,3015,3039,103,null,3010,3039,103,null,3265,3296,103,null,3571,3605,103,null,null,null,null,null,null,null,null,null,null,null,null,null,null,null,null,null,3273,3304,103,null,2753,2779,103,null,3098,3128,103,null,2551,2575,103,null,2763,2789,103,null,3443,3476,103,null,null,null,null,null,null,null,null,null,2721,2746,103,null,2933,2961,103,null,3622,3657,103]
[3297,3328,104,null,2473,2496,104,null,3045,3068,104,null,3040,3068,104,null,3297,3328,104,null,3606,3640,104,null,null,null,null,null,null,null,null,null,null,null,null,null,null,null,null,null,3305,3336,104,null,2780,2806,104,null,3129,3158,104,null,2576,2600,104,null,2790,2816,104,null,3477,3510,104,null,null,null,null,null,null,null,null,null,2747,2773,104,null,2962,2990,104,null,3658,3692,104]
[3329,3360,105,null,2497,2520,105,null,3074,3098,105,null,3069,3098,105,null,3329,3360,105,null,3641,3675,105,null,null,null,null,null,null,null,null,null,null,null,null,null,null,null,null,null,3337,3368,105,null,2807,2833,105,null,3159,3189,105,null,2601,2625,105,null,2817,2843,105,null,3511,3543,105,null,null,null,null,null,null,null,null,null,2774,2800,105,null,2991,3018,105,null,3693,3728,105]
[3361,3392,106,null,2521,2544,106,null,3104,3127,106,null,3099,3127,106,null,3361,3392,106,null,3676,3710,106,null,null,null,null,null,null,null,null,null,null,null,null,null,null,null,null,null,3369,3400,106,null,2834,2860,106,null,3190,3219,106,null,2626,2650,106,null,2844,2870,106,null,3544,3577,106,null,null,null,null,null,null,null,null,null,2801,2826,106,null,3019,3047,106,null,3729,3763,106]
[3393,3424,107,null,2545,2568,107,null,3133,3157,107,null,3128,3157,107,null,3393,3424,107,null,3711,3745,107,null,null,null,null,null,null,null,null,null,null,null,null,null,null,null,null,null,3401,3432,107,null,2861,2887,107,null,3220,3249,107,null,2651,2675,107,null,2871,2897,107,null,3578,3611,107,null,null,null,null,null,null,null,null,null,2827,2853,107,null,3048,3076,107,null,3764,3799,107]
[3425,3456,108,null,2569,2592,108,null,3163,3186,108,null,3158,3186,108,null,3425,3456,108,null,3746,3780,108,null,null,null,null,null,null,null,null,null,null,null,null,null,null,null,null,null,3433,3465,108,null,2888,2914,108,null,3250,3280,108,null,2676,2700,108,null,2898,2925,108,null,3612,3645,108,null,null,null,null,null,null,null,null,null,2854,2880,108,null,3077,3105,108,null,3800,3834,108]
[3457,3488,109,null,2593,2616,109,null,3192,3216,109,null,3187,3216,109,null,3457,3488,109,null,3781,3815,109,null,null,null,null,null,null,null,null,null,null,null,null,null,null,null,null,null,3466,3497,109,null,2915,2941,109,null,3281,3310,109,null,2701,2725,109,null,2926,2952,109,null,3646,3678,109,null,null,null,null,null,null,null,null,null,2881,2906,109,null,3106,3133,109,null,3835,3870,109]
[3489,3520,110,null,2617,2640,110,null,3222,3245,110,null,3217,3245,110,null,3489,3520,110,null,3816,3850,110,null,null,null,null,null,null,null,null,null,null,null,null,null,null,null,null,null,3498,3529,110,null,2942,2968,110,null,3311,3340,110,null,2726,2750,110,null,2953,2979,110,null,3679,3712,110,null,null,null,null,null,null,null,null,null,2907,2933,110,null,3134,3162,110,null,3871,3905,110]
[3521,3552,111,null,2641,2664,111,null,3251,3275,111,null,3246,3275,111,null,3521,3552,111,null,3851,3885,111,null,null,null,null,null,null,null,null,null,null,null,null,null,null,null,null,null,3530,3561,111,null,2969,2995,111,null,3341,3371,111,null,2751,2775,111,null,2980,3006,111,null,3713,3746,111,null,null,null,null,null,null,null,null,null,2934,2960,111,null,3163,3191,111,null,3906,3941,111]
[3553,3584,112,null,2665,2688,112,null,3281,3304,112,null,3276,3304,112,null,3553,3584,112,null,3886,3920,112,null,null,null,null,null,null,null,null,null,null,null,null,null,null,null,null,null,3562,3593,112,null,2996,3022,112,null,3372,3401,112,null,2776,2800,112,null,3007,3033,112,null,3747,3780,112,null,null,null,null,null,null,null,null,null,2961,2986,112,null,3192,3220,112,null,3942,3976,112]
[3585,3616,113,null,2689,2712,113,null,3310,3334,113,null,3305,3334,113,null,3585,3616,113,null,3921,3955,113,null,null,null,null,null,null,null,null,null,null,null,null,null,null,null,null,null,3594,3625,113,null,3023,3049,113,null,3402,3432,113,null,2801,2825,113,null,3034,3060,113,null,3781,3813,113,null,null,null,null,null,null,null,null,null,2987,3013,113,null,3221,3248,113,null,3977,4012,113]
[3617,3648,114,null,2713,2736,114,null,3340,3363,114,null,3335,3363,114,null,3617,3648,114,null,3956,3990,114,null,null,null,null,null,null,null,null,null,null,null,null,null,null,null,null,null,3626,3657,114,null,3050,3076,114,null,3433,3462,114,null,2826,2850,114,null,3061,3087,114,null,3814,3847,114,null,null,null,null,null,null,null,null,null,3014,3040,114,null,3249,3277,114,null,4013,4047,114]
[3649,3680,115,null,2737,2760,115,null,3369,3393,115,null,3364,3393,115,null,3649,3680,115,null,3991,4025,115,null,null,null,null,null,null,null,null,null,null,null,null,null,null,null,null,null,3658,3689,115,null,3077,3103,115,null,3463,3492,115,null,2851,2875,115,null,3088,3114,115,null,3848,3881,115,null,null,null,null,null,null,null,null,null,3041,3066,115,null,3278,3306,115,null,4048,4083,115]
[3681,3712,116,null,2761,2784,116,null,3399,3422,116,null,3394,3422,116,null,3681,3712,116,null,4026,4060,116,null,null,null,null,null,null,null,null,null,null,null,null,null,null,null,null,null,3690,3721,116,null,3104,3130,116,null,3493,3523,116,null,2876,2900,116,null,3115,3141,116,null,3882,3915,116,null,null,null,null,null,null,null,null,null,3067,3093,116,null,3307,3335,116,null,4084,4118,116]
[3713,3744,117,null,2785,2808,117,null,3428,3452,117,null,3423,3452,117,null,3713,3744,117,null,4061,4095,117,null,null,null,null,null,null,null,null,null,null,null,null,null,null,null,null,null,3722,3753,117,null,3131,3157,117,null,3524,3553,117,null,2901,2925,117,null,3142,3168,117,null,3916,3948,117,null,null,null,null,null,null,null,null,null,3094,3120,117,null,3336,3363,117,null,4119,4154,117]
[3745,3776,118,null,2809,2832,118,null,3458,3481,118,null,3453,3481,118,null,3745,3776,118,null,4096,4130,118,null,null,null,null,null,null,null,null,null,null,null,null,null,null,null,null,null,3754,3785,118,null,3158,3184,118,null,3554,3583,118,null,2926,2950,118,null,3169,3195,118,null,3949,3982,118,null,null,null,null,null,null,null,null,null,3121,3146,118,null,3364,3392,118,null,4155,4189,118]
[3777,3808,119,null,2833,2856,119,null,3487,3511,119,null,3482,3511,119,null,3777,3808,119,null,4131,4165,119,null,null,null,null,null,null,null,null,null,null,null,null,null,null,null,null,null,3786,3817,119,null,3185,3211,119,null,3584,3614,119,null,2951,2975,119,null,3196,3222,119,null,3983,4016,119,null,null,null,null,null,null,null,null,null,3147,3173,119,null,3393,3421,119,null,4190,4225,119]
[3809,3840,120,null,2857,2880,120,null,3517,3540,120,null,3512,3540,120,null,3809,3840,120,null,4166,4200,120,null,null,null,null,null,null,null,null,null,null,null,null,null,null,null,null,null,3818,3850,120,null,3212,3238,120,null,3615,3644,120,null,2976,3000,120,null,3223,3250,120,null,4017,4050,120,null,null,null,null,null,null,null,null,null,3174,3200,120,null,3422,3450,120,null,4226,4260,120]
[3841,3872,121,null,2881,2904,121,null,3546,3570,121,null,3541,3570,121,null,3841,3872,121,null,4201,4235,121,null,null,null,null,null,null,null,null,null,null,null,null,null,null,null,null,null,3851,3882,121,null,3239,3265,121,null,3645,3675,121,null,3001,3025,121,null,3251,3277,121,null,4051,4083,121,null,null,null,null,null,null,null,null,null,3201,3226,121,null,3451,3478,121,null,4261,4296,121]
[3873,3904,122,null,2905,2928,122,null,3576,3599,122,null,3571,3599,122,null,3873,3904,122,null,4236,4270,122,null,null,null,null,null,null,null,null,null,null,null,null,null,null,null,null,null,3883,3914,122,null,3266,3292,122,null,3676,3705,122,null,3026,3050,122,null,3278,3304,122,null,4084,4117,122,null,null,null,null,null,null,null,null,null,3227,3253,122,null,3479,3507,122,null,4297,4331,122]
[3905,3936,123,null,2929,2952,123,null,3605,3629,123,null,3600,3629,123,null,3905,3936,123,null,4271,4305,123,null,null,null,null,null,null,null,null,null,null,null,null,null,null,null,null,null,3915,3946,123,null,3293,3319,123,null,3706,3735,123,null,3051,3075,123,null,3305,3331,123,null,4118,4151,123,null,null,null,null,null,null,null,null,null,3254,3280,123,null,3508,3536,123,null,4332,4367,123]
[3937,3968,124,null,2953,2976,124,null,3635,3658,124,null,3630,3658,124,null,3937,3968,124,null,4306,4340,124,null,null,null,null,null,null,null,null,null,null,null,null,null,null,null,null,null,3947,3978,124,null,3320,3346,124,null,3736,3766,124,null,3076,3100,124,null,3332,3358,124,null,4152,4185,124,null,null,null,null,null,null,null,null,null,3281,3306,124,null,3537,3565,124,null,4368,4402,124]
[3969,4000,125,null,2977,3000,125,null,3664,3688,125,null,3659,3688,125,null,3969,4000,125,null,4341,4375,125,null,null,null,null,null,null,null,null,null,null,null,null,null,null,null,null,null,3979,4010,125,null,3347,3373,125,null,3767,3796,125,null,3101,3125,125,null,3359,3385,125,null,4186,4218,125,null,null,null,null,null,null,null,null,null,3307,3333,125,null,3566,3593,125,null,4403,4438,125]
[4001,4032,126,null,3001,3024,126,null,3694,3717,126,null,3689,3717,126,null,4001,4032,126,null,4376,4410,126,null,null,null,null,null,null,null,null,null,null,null,null,null,null,null,null,null,4011,4042,126,null,3374,3400,126,null,3797,3826,126,null,3126,3150,126,null,3386,3412,126,null,4219,4252,126,null,null,null,null,null,null,null,null,null,3334,3360,126,null,3594,3622,126,null,4439,4473,126]
[4033,4064,127,null,3025,3048,127,null,3723,3747,127,null,3718,3747,127,null,4033,4064,127,null,4411,4445,127,null,null,null,null,null,null,null,null,null,null,null,null,null,null,null,null,null,4043,4074,127,null,3401,3427,127,null,3827,3857,127,null,3151,3175,127,null,3413,3439,127,null,4253,4286,127,null,null,null,null,null,null,null,null,null,3361,3386,127,null,3623,3651,127,null,4474,4509,127]
[4065,4096,128,null,3049,3072,128,null,3753,3776,128,null,3748,3776,128,null,4065,4096,128,null,4446,4480,128,null,null,null,null,null,null,null,null,null,null,null,null,null,null,null,null,null,4075,4106,128,null,3428,3454,128,null,3858,3887,128,null,3176,3200,128,null,3440,3466,128,null,4287,4320,128,null,null,null,null,null,null,null,null,null,3387,3413,128,null,3652,3680,128,null,4510,4544,128]
[4097,4128,129,null,3073,3096,129,null,3782,3806,129,null,3777,3806,129,null,4097,4128,129,null,4481,4515,129,null,null,null,null,null,null,null,null,null,null,null,null,null,null,null,null,null,4107,4138,129,null,3455,3481,129,null,3888,3918,129,null,3201,3225,129,null,3467,3493,129,null,4321,4353,129,null,null,null,null,null,null,null,null,null,3414,3440,129,null,3681,3708,129,null,4545,4580,129]
[4129,4160,130,null,3097,3120,130,null,3812,3835,130,null,3807,3835,130,null,4129,4160,130,null,4516,4550,130,null,null,null,null,null,null,null,null,null,null,null,null,null,null,null,null,null,4139,4170,130,null,3482,3508,130,null,3919,3948,130,null,3226,3250,130,null,3494,3520,130,null,4354,4387,130,null,null,null,null,null,null,null,null,null,3441,3466,130,null,3709,3737,130,null,4581,4615,130]
[null,null,null,null,null,null,null,null,null,null,null,null,null,null,null,null,null,null,null,null,4551,4585,131,null,null,null,null,null,null,null,null,null,null,null,null,null,null,null,null,null,4171,4202,131,null,3509,3535,131,null,3949,3978,131,null,3251,3275,131,null,3521,3547,131,null,4388,4421,131,null,null,null,null,null,null,null,null,null,3467,3493,131,null,3738,3766,131,null,4616,4651,131]
[null,null,null,null,null,null,null,null,null,null,null,null,null,null,null,null,null,null,null,null,null,null,null,null,null,null,null,null,null,null,null,null,null,null,null,null,null,null,null,null,4203,4235,132,null,3536,3562,132,null,3979,4009,132,null,3276,3300,132,null,3548,3575,132,null,4422,4455,132,null,null,null,null,null,null,null,null,null,3494,3520,132,null,3767,3795,132]
[null,null,null,null,null,null,null,null,null,null,null,null,null,null,null,null,null,null,null,null,null,null,null,null,null,null,null,null,null,null,null,null,null,null,null,null,null,null,null,null,4236,4267,133,null,3563,3589,133,null,4010,4039,133,null,3301,3325,133,null,3576,3602,133,null,4456,4488,133,null,null,null,null,null,null,null,null,null,3521,3546,133,null,3796,3823,133]
[null,null,null,null,null,null,null,null,null,null,null,null,null,null,null,null,null,null,null,null,null,null,null,null,null,null,null,null,null,null,null,null,null,null,null,null,null,null,null,null,4268,4299,134,null,3590,3616,134,null,4040,4069,134,null,3326,3350,134,null,3603,3629,134,null,4489,4522,134,null,null,null,null,null,null,null,null,null,3547,3573,134,null,3824,3852,134]
[null,null,null,null,null,null,null,null,null,null,null,null,null,null,null,null,null,null,null,null,null,null,null,null,null,null,null,null,null,null,null,null,null,null,null,null,null,null,null,null,4300,4331,135,null,3617,3643,135,null,4070,4100,135,null,3351,3375,135,null,3630,3656,135,null,4523,4556,135,null,null,null,null,null,null,null,null,null,3574,3600,135,null,3853,3881,135]
[null,null,null,null,null,null,null,null,null,null,null,null,null,null,null,null,null,null,null,null,null,null,null,null,null,null,null,null,null,null,null,null,null,null,null,null,null,null,null,null,4332,4363,136,null,3644,3670,136,null,4101,4130,136,null,3376,3400,136,null,3657,3683,136,null,4557,4590,136,null,null,null,null,null,null,null,null,null,3601,3626,136,null,3882,3910,136]
[null,null,null,null,null,null,null,null,null,null,null,null,null,null,null,null,null,null,null,null,null,null,null,null,null,null,null,null,null,null,null,null,null,null,null,null,null,null,null,null,4364,4395,137,null,3671,3697,137,null,4131,4160,137,null,3401,3425,137,null,3684,3710,137,null,4591,4623,137,null,null,null,null,null,null,null,null,null,3627,3653,137,null,3911,3938,137]
[null,null,null,null,null,null,null,null,null,null,null,null,null,null,null,null,null,null,null,null,null,null,null,null,null,null,null,null,null,null,null,null,null,null,null,null,null,null,null,null,4396,4427,138,null,3698,3724,138,null,4161,4191,138,null,3426,3450,138,null,3711,3737,138,null,4624,4657,138,null,null,null,null,null,null,null,null,null,3654,3680,138,null,3939,3967,138]
[null,null,null,null,null,null,null,null,null,null,null,null,null,null,null,null,null,null,null,null,null,null,null,null,null,null,null,null,null,null,null,null,null,null,null,null,null,null,null,null,4428,4459,139,null,3725,3751,139,null,4192,4221,139,null,3451,3475,139,null,3738,3764,139,null,4658,4691,139,null,null,null,null,null,null,null,null,null,3681,3706,139,null,3968,3996,139]
[null,null,null,null,null,null,null,null,null,null,null,null,null,null,null,null,null,null,null,null,null,null,null,null,null,null,null,null,null,null,null,null,null,null,null,null,null,null,null,null,4460,4491,140,null,3752,3778,140,null,4222,4252,140,null,3476,3500,140,null,3765,3791,140,null,4692,4725,140,null,null,null,null,null,null,null,null,null,3707,3733,140,null,3997,4025,140]

{"sheet":"Tchr Norming","index":5,"n_rows":18,"n_cols":40,"rows_kept":18,"cut":false,"hidden":true,"merged":[]}
["Norm Category","Affiliated","High Needs School","K-3","4-5 (6)","6-8","9-10","9-12","K-3 Dist","K-3 TIIG","K-3 Net TIIG","K-3 State","K-3 Net CSR","24 to 1   K-3 Tot","4-5 Dist","4-5 TIIG","4-5 Net TIIG","4-5 Tot","6-8 Dist","6-8 TIIG","6-8 Net TIIG","6-8 Tot","9-12 Dist","9-12 Mag TIIG","9-12 Net Mag TIIG","9-12 Subtotal","9-10 TIIG CSR","9-12 Total","Total District Funded",".","K-3 TIIG - Affiliated Charters","4-6 TIIG - Affiliated Charters","6-8 TIIG - Affiliated Charters","9-12 TIIG - Affiliated Charters","9-10 TIIG - Affiliated Charters","Total Charter Block Funded",".","Total Teachers","Norm Category","Index"]
["Desegregated/Receiver","f","No",{"$f":"SUM('Position Simulator'!$D$11:$D$14)","v":0},{"$f":"IF('Position Simulator'!$D$7=\"t\",SUM('Position Simulator'!$D$15:$D$17),SUM('Position Simulator'!$D$15:$D$16))","v":0},{"$f":"IF('Position Simulator'!$D$7=\"t\",SUM('Position Simulator'!$G$11:$G$12),'Position Simulator'!$D$17+SUM('Position Simulator'!$G$11:$G$12))","v":0},{"$f":"IF(OR($A2=\"Magnet 1\",$A2=\"Magnet 2\"),0,SUM('Position Simulator'!$G$13:$G$14))","v":0},{"$f":"SUM('Position Simulator'!$G$13:$G$16)","v":0},{"$f":"IF($D2=0,0,VLOOKUP($D2,'All Schools'!A:C,3,TRUE))","v":0},{"$f":"IF($D2=0,0,IF($A2=\"PHBAO\",VLOOKUP($D2,'All Schools'!I:K,3,TRUE),IF($A2=\"Desegregated/Receiver\",VLOOKUP($D2,'All Schools'!A:C,3,TRUE),IF($A2=\"Magnet 2\",VLOOKUP($D2,'All Schools'!M:O,3,TRUE),IF($A2=\"Magnet 1\",VLOOKUP($D2,'All Schools'!Q:S,3,TRUE))))))","v":0},{"$f":"IF(AND($B2=\"t\",OR($A2=\"PHBAO\",$A2=\"Desegregated/Receiver\")),0,J2-I2)","v":0},{"$f":"IF($D2=0,0,VLOOKUP($D2,'All Schools'!E:G,3,TRUE))","v":0},{"$f":"L2-J2","v":0},{"$f":"I2+K2+M2","v":0},{"$f":"IF($E2=0,0,VLOOKUP($E2,'All Schools'!U:W,3,TRUE))","v":0},{"$f":"IF($E2=0,0,IF($A2=\"PHBAO\",VLOOKUP($E2,'All Schools'!Y:AA,3,TRUE),IF($A2=\"Desegregated/Receiver\",VLOOKUP($E2,'All Schools'!AC:AE,3,TRUE),IF($A2=\"Magnet 2\",VLOOKUP($E2,'All Schools'!AG:AI,3,TRUE),IF($A2=\"Magnet 1\",VLOOKUP($E2,'All Schools'!AK:AM,3,TRUE))))))","v":0},{"$f":"IF(AND($B2=\"t\",OR($A2=\"PHBAO\",$A2=\"Desegregated/Receiver\")),0,P2-O2)","v":0},{"$f":"O2+Q2","v":0},{"$f":"IF($F2=0,0,VLOOKUP($F2,'All Schools'!AO:AQ,3,TRUE))","v":0},{"$f":"IF($F2=0,0,IF($A2=\"PHBAO\",VLOOKUP($F2,'All Schools'!AS:AU,3,TRUE),IF($A2=\"Desegregated/Receiver\",VLOOKUP($F2,'All Schools'!AW:AY,3,TRUE),IF($A2=\"Magnet 2\",VLOOKUP($F2,'All Schools'!BA:BC,3,TRUE),IF($A2=\"Magnet 1\",VLOOKUP($F2,'All Schools'!BE:BG,3,TRUE))))))","v":0},{"$f":"IF(AND($B2=\"t\",OR($A2=\"PHBAO\",$A2=\"Desegregated/Receiver\")),0,T2-S2)","v":0},{"$f":"S2+U2","v":0},{"$f":"IF($H2=0,0,VLOOKUP($H2,'All Schools'!BI:BK,3,TRUE))","v":0},{"$f":"IF(OR($H2=0,$A2=\"PHBAO\",$A2=\"Desegregated/Receiver\"),0,IF($A2=\"Magnet 2\",VLOOKUP($H2,'All Schools'!BU:BW,3,TRUE),IF($A2=\"Magnet 1\",VLOOKUP($H2,'All Schools'!BY:CA,3,TRUE))))","v":0},{"$f":"IF(OR($A2=\"Magnet 1\", $A2=\"Magnet 2\"), X2-W2,0)","v":0},{"$f":"W2+Y2","v":0},{"$f":"IF(OR($G2=0,$A2=\"Magnet 2\", $A2=\"Magnet 1\"),0,IF(AND($B2=\"t\",OR($A2=\"PHBAO\",$A2=\"Desegregated/Receiver\")),0,IF($A2=\"PHBAO\",VLOOKUP($G2,'All Schools'!BM:BO,3,TRUE),IF($A2=\"Desegregated/Receiver\",VLOOKUP($G2,'All Schools'!BQ:BS,3,TRUE)))))","v":0},{"$f":"W2+Y2+AA2","v":0},{"$f":"N2+R2+V2+AB2","v":0},null,{"$f":"IF(OR($B2=\"f\",$A2=\"Magnet 1\", $A2=\"Magnet 2\"), 0, J2-I2)","v":0},{"$f":"IF(OR($B2=\"f\",$A2=\"Magnet 1\",$A2=\"Magnet 2\"),0,P2-O2)","v":0},{"$f":"IF(OR($B2=\"f\",$A2=\"Magnet 1\",$A2=\"Magnet 2\"),0,T2-S2)","v":0},{"$f":"0","v":0},{"$f":"IF(OR($G2=0,$A2=\"Magnet 2\",$A2=\"Magnet 1\",$B2=\"f\"),0,IF($A2=\"PHBAO\",VLOOKUP($G2,'All Schools'!BM:BO,3,TRUE),IF($A2=\"Desegregated/Receiver\",VLOOKUP($G2,'All Schools'!BQ:BS,3,TRUE))))","v":0},{"$f":"SUM(AE2:AI2)","v":0},null,{"$f":"AC2+AJ2","v":0},"Desegregated/Receiver",{"$f":"CONCATENATE(AM2,B2,C2)","v":"Desegregated/ReceiverfNo"}]
["Desegregated/Receiver","t","No",{"$f":"SUM('Position Simulator'!$D$11:$D$14)","v":0},{"$f":"IF('Position Simulator'!$D$7=\"t\",SUM('Position Simulator'!$D$15:$D$17),SUM('Position Simulator'!$D$15:$D$16))","v":0},{"$f":"IF('Position Simulator'!$D$7=\"t\",SUM('Position Simulator'!$G$11:$G$12),'Position Simulator'!$D$17+SUM('Position Simulator'!$G$11:$G$12))","v":0},{"$f":"IF(OR($A3=\"Magnet 1\",$A3=\"Magnet 2\"),0,SUM('Position Simulator'!$G$13:$G$14))","v":0},{"$f":"SUM('Position Simulator'!$G$13:$G$16)","v":0},{"$f":"IF($D3=0,0,VLOOKUP($D3,'All Schools'!A:C,3,TRUE))","v":0},{"$f":"IF($D3=0,0,IF($A3=\"PHBAO\",VLOOKUP($D3,'All Schools'!I:K,3,TRUE),IF($A3=\"Desegregated/Receiver\",VLOOKUP($D3,'All Schools'!A:C,3,TRUE),IF($A3=\"Magnet 2\",VLOOKUP($D3,'All Schools'!M:O,3,TRUE),IF($A3=\"Magnet 1\",VLOOKUP($D3,'All Schools'!Q:S,3,TRUE))))))","v":0},{"$f":"IF(AND($B3=\"t\",OR($A3=\"PHBAO\",$A3=\"Desegregated/Receiver\")),0,J3-I3)","v":0},{"$f":"IF($D3=0,0,VLOOKUP($D3,'All Schools'!E:G,3,TRUE))","v":0},{"$f":"L3-J3","v":0},{"$f":"I3+K3+M3","v":0},{"$f":"IF($E3=0,0,VLOOKUP($E3,'All Schools'!U:W,3,TRUE))","v":0},{"$f":"IF($E3=0,0,IF($A3=\"PHBAO\",VLOOKUP($E3,'All Schools'!Y:AA,3,TRUE),IF($A3=\"Desegregated/Receiver\",VLOOKUP($E3,'All Schools'!AC:AE,3,TRUE),IF($A3=\"Magnet 2\",VLOOKUP($E3,'All Schools'!AG:AI,3,TRUE),IF($A3=\"Magnet 1\",VLOOKUP($E3,'All Schools'!AK:AM,3,TRUE))))))","v":0},{"$f":"IF(AND($B3=\"t\",OR($A3=\"PHBAO\",$A3=\"Desegregated/Receiver\")),0,P3-O3)","v":0},0,{"$f":"IF($F3=0,0,VLOOKUP($F3,'All Schools'!AO:AQ,3,TRUE))","v":0},{"$f":"IF($F3=0,0,IF($A3=\"PHBAO\",VLOOKUP($F3,'All Schools'!AS:AU,3,TRUE),IF($A3=\"Desegregated/Receiver\",VLOOKUP($F3,'All Schools'!AW:AY,3,TRUE),IF($A3=\"Magnet 2\",VLOOKUP($F3,'All Schools'!BA:BC,3,TRUE),IF($A3=\"Magnet 1\",VLOOKUP($F3,'All Schools'!BE:BG,3,TRUE))))))","v":0},{"$f":"IF(AND($B3=\"t\",OR($A3=\"PHBAO\",$A3=\"Desegregated/Receiver\")),0,T3-S3)","v":0},0,{"$f":"IF($H3=0,0,VLOOKUP($H3,'All Schools'!BI:BK,3,TRUE))","v":0},{"$f":"IF(OR($H3=0,$A3=\"PHBAO\",$A3=\"Desegregated/Receiver\"),0,IF($A3=\"Magnet 2\",VLOOKUP($H3,'All Schools'!BU:BW,3,TRUE),IF($A3=\"Magnet 1\",VLOOKUP($H3,'All Schools'!BY:CA,3,TRUE))))","v":0},{"$f":"IF(OR($A3=\"Magnet 1\", $A3=\"Magnet 2\"), X3-W3,0)","v":0},0,{"$f":"IF(OR($G3=0,$A3=\"Magnet 2\", $A3=\"Magnet 1\"),0,IF(AND($B3=\"t\",OR($A3=\"PHBAO\",$A3=\"Desegregated/Receiver\")),0,IF($A3=\"PHBAO\",VLOOKUP($G3,'All Schools'!BM:BO,3,TRUE),IF($A3=\"Desegregated/Receiver\",VLOOKUP($G3,'All Schools'!BQ:BS,3,TRUE)))))","v":0},0,{"$f":"N3+R3+V3+AB3","v":0},null,{"$f":"IF(OR($B3=\"f\",$A3=\"Magnet 1\", $A3=\"Magnet 2\"), 0, J3-I3)","v":0},{"$f":"IF(OR($B3=\"f\",$A3=\"Magnet 1\",$A3=\"Magnet 2\"),0,P3-O3)","v":0},{"$f":"IF(OR($B3=\"f\",$A3=\"Magnet 1\",$A3=\"Magnet 2\"),0,T3-S3)","v":0},{"$f":"0","v":0},{"$f":"IF(OR($G3=0,$A3=\"Magnet 2\",$A3=\"Magnet 1\",$B3=\"f\"),0,IF($A3=\"PHBAO\",VLOOKUP($G3,'All Schools'!BM:BO,3,TRUE),IF($A3=\"Desegregated/Receiver\",VLOOKUP($G3,'All Schools'!BQ:BS,3,TRUE))))","v":0},{"$f":"SUM(AE3:AI3)","v":0},null,{"$f":"AC3+AJ3","v":0},"Desegregated/Receiver",{"$f":"CONCATENATE(AM3,B3,C3)","v":"Desegregated/ReceivertNo"}]
["PHBAO","f","No",{"$f":"SUM('Position Simulator'!$D$11:$D$14)","v":0},{"$f":"IF('Position Simulator'!$D$7=\"t\",SUM('Position Simulator'!$D$15:$D$17),SUM('Position Simulator'!$D$15:$D$16))","v":0},{"$f":"IF('Position Simulator'!$D$7=\"t\",SUM('Position Simulator'!$G$11:$G$12),'Position Simulator'!$D$17+SUM('Position Simulator'!$G$11:$G$12))","v":0},{"$f":"IF(OR($A4=\"Magnet 1\",$A4=\"Magnet 2\"),0,SUM('Position Simulator'!$G$13:$G$14))","v":0},{"$f":"SUM('Position Simulator'!$G$13:$G$16)","v":0},{"$f":"IF($D4=0,0,VLOOKUP($D4,'All Schools'!A:C,3,TRUE))","v":0},{"$f":"IF($D4=0,0,IF($A4=\"PHBAO\",VLOOKUP($D4,'All Schools'!I:K,3,TRUE),IF($A4=\"Desegregated/Receiver\",VLOOKUP($D4,'All Schools'!A:C,3,TRUE),IF($A4=\"Magnet 2\",VLOOKUP($D4,'All Schools'!M:O,3,TRUE),IF($A4=\"Magnet 1\",VLOOKUP($D4,'All Schools'!Q:S,3,TRUE))))))","v":0},{"$f":"IF(AND($B4=\"t\",OR($A4=\"PHBAO\",$A4=\"Desegregated/Receiver\")),0,J4-I4)","v":0},{"$f":"IF($D4=0,0,VLOOKUP($D4,'All Schools'!E:G,3,TRUE))","v":0},{"$f":"L4-J4","v":0},{"$f":"I4+K4+M4","v":0},{"$f":"IF($E4=0,0,VLOOKUP($E4,'All Schools'!U:W,3,TRUE))","v":0},{"$f":"IF($E4=0,0,IF($A4=\"PHBAO\",VLOOKUP($E4,'All Schools'!Y:AA,3,TRUE),IF($A4=\"Desegregated/Receiver\",VLOOKUP($E4,'All Schools'!AC:AE,3,TRUE),IF($A4=\"Magnet 2\",VLOOKUP($E4,'All Schools'!AG:AI,3,TRUE),IF($A4=\"Magnet 1\",VLOOKUP($E4,'All Schools'!AK:AM,3,TRUE))))))","v":0},{"$f":"IF(AND($B4=\"t\",OR($A4=\"PHBAO\",$A4=\"Desegregated/Receiver\")),0,P4-O4)","v":0},{"$f":"O4+Q4","v":0},{"$f":"IF($F4=0,0,VLOOKUP($F4,'All Schools'!AO:AQ,3,TRUE))","v":0},{"$f":"IF($F4=0,0,IF($A4=\"PHBAO\",VLOOKUP($F4,'All Schools'!AS:AU,3,TRUE),IF($A4=\"Desegregated/Receiver\",VLOOKUP($F4,'All Schools'!AW:AY,3,TRUE),IF($A4=\"Magnet 2\",VLOOKUP($F4,'All Schools'!BA:BC,3,TRUE),IF($A4=\"Magnet 1\",VLOOKUP($F4,'All Schools'!BE:BG,3,TRUE))))))","v":0},{"$f":"IF(AND($B4=\"t\",OR($A4=\"PHBAO\",$A4=\"Desegregated/Receiver\")),0,T4-S4)","v":0},{"$f":"S4+U4","v":0},{"$f":"IF($H4=0,0,VLOOKUP($H4,'All Schools'!BI:BK,3,TRUE))","v":0},{"$f":"IF(OR($H4=0,$A4=\"PHBAO\",$A4=\"Desegregated/Receiver\"),0,IF($A4=\"Magnet 2\",VLOOKUP($H4,'All Schools'!BU:BW,3,TRUE),IF($A4=\"Magnet 1\",VLOOKUP($H4,'All Schools'!BY:CA,3,TRUE))))","v":0},{"$f":"IF(OR($A4=\"Magnet 1\", $A4=\"Magnet 2\"), X4-W4,0)","v":0},{"$f":"W4+Y4","v":0},{"$f":"IF(OR($G4=0,$A4=\"Magnet 2\", $A4=\"Magnet 1\"),0,IF(AND($B4=\"t\",OR($A4=\"PHBAO\",$A4=\"Desegregated/Receiver\")),0,IF($A4=\"PHBAO\",VLOOKUP($G4,'All Schools'!BM:BO,3,TRUE),IF($A4=\"Desegregated/Receiver\",VLOOKUP($G4,'All Schools'!BQ:BS,3,TRUE)))))","v":0},{"$f":"W4+Y4+AA4","v":0},{"$f":"N4+R4+V4+AB4","v":0},null,{"$f":"IF(OR($B4=\"f\",$A4=\"Magnet 1\", $A4=\"Magnet 2\"), 0, J4-I4)","v":0},{"$f":"IF(OR($B4=\"f\",$A4=\"Magnet 1\",$A4=\"Magnet 2\"),0,P4-O4)","v":0},{"$f":"IF(OR($B4=\"f\",$A4=\"Magnet 1\",$A4=\"Magnet 2\"),0,T4-S4)","v":0},{"$f":"0","v":0},{"$f":"IF(OR($G4=0,$A4=\"Magnet 2\",$A4=\"Magnet 1\",$B4=\"f\"),0,IF($A4=\"PHBAO\",VLOOKUP($G4,'All Schools'!BM:BO,3,TRUE),IF($A4=\"Desegregated/Receiver\",VLOOKUP($G4,'All Schools'!BQ:BS,3,TRUE))))","v":0},{"$f":"SUM(AE4:AI4)","v":0},null,{"$f":"AC4+AJ4","v":0},"PHBAO","PHBAOfNo"]
["PHBAO","t","No",{"$f":"SUM('Position Simulator'!$D$11:$D$14)","v":0},{"$f":"IF('Position Simulator'!$D$7=\"t\",SUM('Position Simulator'!$D$15:$D$17),SUM('Position Simulator'!$D$15:$D$16))","v":0},{"$f":"IF('Position Simulator'!$D$7=\"t\",SUM('Position Simulator'!$G$11:$G$12),'Position Simulator'!$D$17+SUM('Position Simulator'!$G$11:$G$12))","v":0},{"$f":"IF(OR($A5=\"Magnet 1\",$A5=\"Magnet 2\"),0,SUM('Position Simulator'!$G$13:$G$14))","v":0},{"$f":"SUM('Position Simulator'!$G$13:$G$16)","v":0},{"$f":"IF($D5=0,0,VLOOKUP($D5,'All Schools'!A:C,3,TRUE))","v":0},{"$f":"IF($D5=0,0,IF($A5=\"PHBAO\",VLOOKUP($D5,'All Schools'!I:K,3,TRUE),IF($A5=\"Desegregated/Receiver\",VLOOKUP($D5,'All Schools'!A:C,3,TRUE),IF($A5=\"Magnet 2\",VLOOKUP($D5,'All Schools'!M:O,3,TRUE),IF($A5=\"Magnet 1\",VLOOKUP($D5,'All Schools'!Q:S,3,TRUE))))))","v":0},{"$f":"IF(AND($B5=\"t\",OR($A5=\"PHBAO\",$A5=\"Desegregated/Receiver\")),0,J5-I5)","v":0},{"$f":"IF($D5=0,0,VLOOKUP($D5,'All Schools'!E:G,3,TRUE))","v":0},{"$f":"L5-J5","v":0},{"$f":"I5+K5+M5","v":0},{"$f":"IF($E5=0,0,VLOOKUP($E5,'All Schools'!U:W,3,TRUE))","v":0},{"$f":"IF($E5=0,0,IF($A5=\"PHBAO\",VLOOKUP($E5,'All Schools'!Y:AA,3,TRUE),IF($A5=\"Desegregated/Receiver\",VLOOKUP($E5,'All Schools'!AC:AE,3,TRUE),IF($A5=\"Magnet 2\",VLOOKUP($E5,'All Schools'!AG:AI,3,TRUE),IF($A5=\"Magnet 1\",VLOOKUP($E5,'All Schools'!AK:AM,3,TRUE))))))","v":0},{"$f":"IF(AND($B5=\"t\",OR($A5=\"PHBAO\",$A5=\"Desegregated/Receiver\")),0,P5-O5)","v":0},{"$f":"O5+Q5","v":0},{"$f":"IF($F5=0,0,VLOOKUP($F5,'All Schools'!AO:AQ,3,TRUE))","v":0},{"$f":"IF($F5=0,0,IF($A5=\"PHBAO\",VLOOKUP($F5,'All Schools'!AS:AU,3,TRUE),IF($A5=\"Desegregated/Receiver\",VLOOKUP($F5,'All Schools'!AW:AY,3,TRUE),IF($A5=\"Magnet 2\",VLOOKUP($F5,'All Schools'!BA:BC,3,TRUE),IF($A5=\"Magnet 1\",VLOOKUP($F5,'All Schools'!BE:BG,3,TRUE))))))","v":0},{"$f":"IF(AND($B5=\"t\",OR($A5=\"PHBAO\",$A5=\"Desegregated/Receiver\")),0,T5-S5)","v":0},{"$f":"S5+U5","v":0},{"$f":"IF($H5=0,0,VLOOKUP($H5,'All Schools'!BI:BK,3,TRUE))","v":0},{"$f":"IF(OR($H5=0,$A5=\"PHBAO\",$A5=\"Desegregated/Receiver\"),0,IF($A5=\"Magnet 2\",VLOOKUP($H5,'All Schools'!BU:BW,3,TRUE),IF($A5=\"Magnet 1\",VLOOKUP($H5,'All Schools'!BY:CA,3,TRUE))))","v":0},{"$f":"IF(OR($A5=\"Magnet 1\", $A5=\"Magnet 2\"), X5-W5,0)","v":0},{"$f":"W5+Y5","v":0},{"$f":"IF(OR($G5=0,$A5=\"Magnet 2\", $A5=\"Magnet 1\"),0,IF(AND($B5=\"t\",OR($A5=\"PHBAO\",$A5=\"Desegregated/Receiver\")),0,IF($A5=\"PHBAO\",VLOOKUP($G5,'All Schools'!BM:BO,3,TRUE),IF($A5=\"Desegregated/Receiver\",VLOOKUP($G5,'All Schools'!BQ:BS,3,TRUE)))))","v":0},{"$f":"W5+Y5+AA5","v":0},{"$f":"N5+R5+V5+AB5","v":0},null,{"$f":"IF(OR($B5=\"f\",$A5=\"Magnet 1\", $A5=\"Magnet 2\"), 0, J5-I5)","v":0},{"$f":"IF(OR($B5=\"f\",$A5=\"Magnet 1\",$A5=\"Magnet 2\"),0,P5-O5)","v":0},{"$f":"IF(OR($B5=\"f\",$A5=\"Magnet 1\",$A5=\"Magnet 2\"),0,T5-S5)","v":0},{"$f":"0","v":0},{"$f":"IF(OR($G5=0,$A5=\"Magnet 2\",$A5=\"Magnet 1\",$B5=\"f\"),0,IF($A5=\"PHBAO\",VLOOKUP($G5,'All Schools'!BM:BO,3,TRUE),IF($A5=\"Desegregated/Receiver\",VLOOKUP($G5,'All Schools'!BQ:BS,3,TRUE))))","v":0},{"$f":"SUM(AE5:AI5)","v":0},null,{"$f":"AC5+AJ5","v":0},"PHBAO","PHBAOtNo"]
["Magnet 1","f","No",{"$f":"SUM('Position Simulator'!$D$11:$D$14)","v":0},{"$f":"IF('Position Simulator'!$D$7=\"t\",SUM('Position Simulator'!$D$15:$D$17),SUM('Position Simulator'!$D$15:$D$16))","v":0},{"$f":"IF('Position Simulator'!$D$7=\"t\",SUM('Position Simulator'!$G$11:$G$12),'Position Simulator'!$D$17+SUM('Position Simulator'!$G$11:$G$12))","v":0},{"$f":"IF(OR($A6=\"Magnet 1\",$A6=\"Magnet 2\"),0,SUM('Position Simulator'!$G$13:$G$14))","v":0},{"$f":"SUM('Position Simulator'!$G$13:$G$16)","v":0},{"$f":"IF($D6=0,0,VLOOKUP($D6,'All Schools'!A:C,3,TRUE))","v":0},{"$f":"IF($D6=0,0,IF($A6=\"PHBAO\",VLOOKUP($D6,'All Schools'!I:K,3,TRUE),IF($A6=\"Desegregated/Receiver\",VLOOKUP($D6,'All Schools'!A:C,3,TRUE),IF($A6=\"Magnet 2\",VLOOKUP($D6,'All Schools'!M:O,3,TRUE),IF($A6=\"Magnet 1\",VLOOKUP($D6,'All Schools'!Q:S,3,TRUE))))))","v":0},0,{"$f":"IF($D6=0,0,VLOOKUP($D6,'All Schools'!E:G,3,TRUE))","v":0},0,0,{"$f":"IF($E6=0,0,VLOOKUP($E6,'All Schools'!U:W,3,TRUE))","v":0},{"$f":"IF($E6=0,0,IF($A6=\"PHBAO\",VLOOKUP($E6,'All Schools'!Y:AA,3,TRUE),IF($A6=\"Desegregated/Receiver\",VLOOKUP($E6,'All Schools'!AC:AE,3,TRUE),IF($A6=\"Magnet 2\",VLOOKUP($E6,'All Schools'!AG:AI,3,TRUE),IF($A6=\"Magnet 1\",VLOOKUP($E6,'All Schools'!AK:AM,3,TRUE))))))","v":0},0,0,{"$f":"IF($F6=0,0,VLOOKUP($F6,'All Schools'!AO:AQ,3,TRUE))","v":0},{"$f":"IF($F6=0,0,IF($A6=\"PHBAO\",VLOOKUP($F6,'All Schools'!AS:AU,3,TRUE),IF($A6=\"Desegregated/Receiver\",VLOOKUP($F6,'All Schools'!AW:AY,3,TRUE),IF($A6=\"Magnet 2\",VLOOKUP($F6,'All Schools'!BA:BC,3,TRUE),IF($A6=\"Magnet 1\",VLOOKUP($F6,'All Schools'!BE:BG,3,TRUE))))))","v":0},0,0,{"$f":"IF($H6=0,0,VLOOKUP($H6,'All Schools'!BI:BK,3,TRUE))","v":0},{"$f":"IF(OR($H6=0,$A6=\"PHBAO\",$A6=\"Desegregated/Receiver\"),0,IF($A6=\"Magnet 2\",VLOOKUP($H6,'All Schools'!BU:BW,3,TRUE),IF($A6=\"Magnet 1\",VLOOKUP($H6,'All Schools'!BY:CA,3,TRUE))))","v":0},0,0,{"$f":"IF(OR($G6=0,$A6=\"Magnet 2\", $A6=\"Magnet 1\"),0,IF(AND($B6=\"t\",OR($A6=\"PHBAO\",$A6=\"Desegregated/Receiver\")),0,IF($A6=\"PHBAO\",VLOOKUP($G6,'All Schools'!BM:BO,3,TRUE),IF($A6=\"Desegregated/Receiver\",VLOOKUP($G6,'All Schools'!BQ:BS,3,TRUE)))))","v":0},0,0,null,0,0,0,{"$f":"0","v":0},{"$f":"IF(OR($G6=0,$A6=\"Magnet 2\",$A6=\"Magnet 1\",$B6=\"f\"),0,IF($A6=\"PHBAO\",VLOOKUP($G6,'All Schools'!BM:BO,3,TRUE),IF($A6=\"Desegregated/Receiver\",VLOOKUP($G6,'All Schools'!BQ:BS,3,TRUE))))","v":0},0,null,0,"Magnet I","Magnet IfNo"]
["Magnet 1","t","No",{"$f":"SUM('Position Simulator'!$D$11:$D$14)","v":0},{"$f":"IF('Position Simulator'!$D$7=\"t\",SUM('Position Simulator'!$D$15:$D$17),SUM('Position Simulator'!$D$15:$D$16))","v":0},{"$f":"IF('Position Simulator'!$D$7=\"t\",SUM('Position Simulator'!$G$11:$G$12),'Position Simulator'!$D$17+SUM('Position Simulator'!$G$11:$G$12))","v":0},{"$f":"IF(OR($A7=\"Magnet 1\",$A7=\"Magnet 2\"),0,SUM('Position Simulator'!$G$13:$G$14))","v":0},{"$f":"SUM('Position Simulator'!$G$13:$G$16)","v":0},{"$f":"IF($D7=0,0,VLOOKUP($D7,'All Schools'!A:C,3,TRUE))","v":0},{"$f":"IF($D7=0,0,IF($A7=\"PHBAO\",VLOOKUP($D7,'All Schools'!I:K,3,TRUE),IF($A7=\"Desegregated/Receiver\",VLOOKUP($D7,'All Schools'!A:C,3,TRUE),IF($A7=\"Magnet 2\",VLOOKUP($D7,'All Schools'!M:O,3,TRUE),IF($A7=\"Magnet 1\",VLOOKUP($D7,'All Schools'!Q:S,3,TRUE))))))","v":0},0,{"$f":"IF($D7=0,0,VLOOKUP($D7,'All Schools'!E:G,3,TRUE))","v":0},0,0,{"$f":"IF($E7=0,0,VLOOKUP($E7,'All Schools'!U:W,3,TRUE))","v":0},{"$f":"IF($E7=0,0,IF($A7=\"PHBAO\",VLOOKUP($E7,'All Schools'!Y:AA,3,TRUE),IF($A7=\"Desegregated/Receiver\",VLOOKUP($E7,'All Schools'!AC:AE,3,TRUE),IF($A7=\"Magnet 2\",VLOOKUP($E7,'All Schools'!AG:AI,3,TRUE),IF($A7=\"Magnet 1\",VLOOKUP($E7,'All Schools'!AK:AM,3,TRUE))))))","v":0},0,0,{"$f":"IF($F7=0,0,VLOOKUP($F7,'All Schools'!AO:AQ,3,TRUE))","v":0},{"$f":"IF($F7=0,0,IF($A7=\"PHBAO\",VLOOKUP($F7,'All Schools'!AS:AU,3,TRUE),IF($A7=\"Desegregated/Receiver\",VLOOKUP($F7,'All Schools'!AW:AY,3,TRUE),IF($A7=\"Magnet 2\",VLOOKUP($F7,'All Schools'!BA:BC,3,TRUE),IF($A7=\"Magnet 1\",VLOOKUP($F7,'All Schools'!BE:BG,3,TRUE))))))","v":0},0,0,{"$f":"IF($H7=0,0,VLOOKUP($H7,'All Schools'!BI:BK,3,TRUE))","v":0},{"$f":"IF(OR($H7=0,$A7=\"PHBAO\",$A7=\"Desegregated/Receiver\"),0,IF($A7=\"Magnet 2\",VLOOKUP($H7,'All Schools'!BU:BW,3,TRUE),IF($A7=\"Magnet 1\",VLOOKUP($H7,'All Schools'!BY:CA,3,TRUE))))","v":0},0,0,{"$f":"IF(OR($G7=0,$A7=\"Magnet 2\", $A7=\"Magnet 1\"),0,IF(AND($B7=\"t\",OR($A7=\"PHBAO\",$A7=\"Desegregated/Receiver\")),0,IF($A7=\"PHBAO\",VLOOKUP($G7,'All Schools'!BM:BO,3,TRUE),IF($A7=\"Desegregated/Receiver\",VLOOKUP($G7,'All Schools'!BQ:BS,3,TRUE)))))","v":0},0,0,null,0,0,0,{"$f":"0","v":0},{"$f":"IF(OR($G7=0,$A7=\"Magnet 2\",$A7=\"Magnet 1\",$B7=\"f\"),0,IF($A7=\"PHBAO\",VLOOKUP($G7,'All Schools'!BM:BO,3,TRUE),IF($A7=\"Desegregated/Receiver\",VLOOKUP($G7,'All Schools'!BQ:BS,3,TRUE))))","v":0},0,null,0,"Magnet I","Magnet ItNo"]
["Magnet 2","f","No",{"$f":"SUM('Position Simulator'!$D$11:$D$14)","v":0},{"$f":"IF('Position Simulator'!$D$7=\"t\",SUM('Position Simulator'!$D$15:$D$17),SUM('Position Simulator'!$D$15:$D$16))","v":0},{"$f":"IF('Position Simulator'!$D$7=\"t\",SUM('Position Simulator'!$G$11:$G$12),'Position Simulator'!$D$17+SUM('Position Simulator'!$G$11:$G$12))","v":0},{"$f":"IF(OR($A8=\"Magnet 1\",$A8=\"Magnet 2\"),0,SUM('Position Simulator'!$G$13:$G$14))","v":0},{"$f":"SUM('Position Simulator'!$G$13:$G$16)","v":0},{"$f":"IF($D8=0,0,VLOOKUP($D8,'All Schools'!A:C,3,TRUE))","v":0},{"$f":"IF($D8=0,0,IF($A8=\"PHBAO\",VLOOKUP($D8,'All Schools'!I:K,3,TRUE),IF($A8=\"Desegregated/Receiver\",VLOOKUP($D8,'All Schools'!A:C,3,TRUE),IF($A8=\"Magnet 2\",VLOOKUP($D8,'All Schools'!M:O,3,TRUE),IF($A8=\"Magnet 1\",VLOOKUP($D8,'All Schools'!Q:S,3,TRUE))))))","v":0},0,{"$f":"IF($D8=0,0,VLOOKUP($D8,'All Schools'!E:G,3,TRUE))","v":0},0,0,{"$f":"IF($E8=0,0,VLOOKUP($E8,'All Schools'!U:W,3,TRUE))","v":0},{"$f":"IF($E8=0,0,IF($A8=\"PHBAO\",VLOOKUP($E8,'All Schools'!Y:AA,3,TRUE),IF($A8=\"Desegregated/Receiver\",VLOOKUP($E8,'All Schools'!AC:AE,3,TRUE),IF($A8=\"Magnet 2\",VLOOKUP($E8,'All Schools'!AG:AI,3,TRUE),IF($A8=\"Magnet 1\",VLOOKUP($E8,'All Schools'!AK:AM,3,TRUE))))))","v":0},0,0,{"$f":"IF($F8=0,0,VLOOKUP($F8,'All Schools'!AO:AQ,3,TRUE))","v":0},{"$f":"IF($F8=0,0,IF($A8=\"PHBAO\",VLOOKUP($F8,'All Schools'!AS:AU,3,TRUE),IF($A8=\"Desegregated/Receiver\",VLOOKUP($F8,'All Schools'!AW:AY,3,TRUE),IF($A8=\"Magnet 2\",VLOOKUP($F8,'All Schools'!BA:BC,3,TRUE),IF($A8=\"Magnet 1\",VLOOKUP($F8,'All Schools'!BE:BG,3,TRUE))))))","v":0},0,0,{"$f":"IF($H8=0,0,VLOOKUP($H8,'All Schools'!BI:BK,3,TRUE))","v":0},{"$f":"IF(OR($H8=0,$A8=\"PHBAO\",$A8=\"Desegregated/Receiver\"),0,IF($A8=\"Magnet 2\",VLOOKUP($H8,'All Schools'!BU:BW,3,TRUE),IF($A8=\"Magnet 1\",VLOOKUP($H8,'All Schools'!BY:CA,3,TRUE))))","v":0},0,0,{"$f":"IF(OR($G8=0,$A8=\"Magnet 2\", $A8=\"Magnet 1\"),0,IF(AND($B8=\"t\",OR($A8=\"PHBAO\",$A8=\"Desegregated/Receiver\")),0,IF($A8=\"PHBAO\",VLOOKUP($G8,'All Schools'!BM:BO,3,TRUE),IF($A8=\"Desegregated/Receiver\",VLOOKUP($G8,'All Schools'!BQ:BS,3,TRUE)))))","v":0},0,0,null,0,0,0,{"$f":"0","v":0},{"$f":"IF(OR($G8=0,$A8=\"Magnet 2\",$A8=\"Magnet 1\",$B8=\"f\"),0,IF($A8=\"PHBAO\",VLOOKUP($G8,'All Schools'!BM:BO,3,TRUE),IF($A8=\"Desegregated/Receiver\",VLOOKUP($G8,'All Schools'!BQ:BS,3,TRUE))))","v":0},0,null,0,"Magnet II","Magnet IIfNo"]
["Magnet 2","t","No",{"$f":"SUM('Position Simulator'!$D$11:$D$14)","v":0},{"$f":"IF('Position Simulator'!$D$7=\"t\",SUM('Position Simulator'!$D$15:$D$17),SUM('Position Simulator'!$D$15:$D$16))","v":0},{"$f":"IF('Position Simulator'!$D$7=\"t\",SUM('Position Simulator'!$G$11:$G$12),'Position Simulator'!$D$17+SUM('Position Simulator'!$G$11:$G$12))","v":0},{"$f":"IF(OR($A9=\"Magnet 1\",$A9=\"Magnet 2\"),0,SUM('Position Simulator'!$G$13:$G$14))","v":0},{"$f":"SUM('Position Simulator'!$G$13:$G$16)","v":0},{"$f":"IF($D9=0,0,VLOOKUP($D9,'All Schools'!A:C,3,TRUE))","v":0},{"$f":"IF($D9=0,0,IF($A9=\"PHBAO\",VLOOKUP($D9,'All Schools'!I:K,3,TRUE),IF($A9=\"Desegregated/Receiver\",VLOOKUP($D9,'All Schools'!A:C,3,TRUE),IF($A9=\"Magnet 2\",VLOOKUP($D9,'All Schools'!M:O,3,TRUE),IF($A9=\"Magnet 1\",VLOOKUP($D9,'All Schools'!Q:S,3,TRUE))))))","v":0},0,{"$f":"IF($D9=0,0,VLOOKUP($D9,'All Schools'!E:G,3,TRUE))","v":0},0,0,{"$f":"IF($E9=0,0,VLOOKUP($E9,'All Schools'!U:W,3,TRUE))","v":0},{"$f":"IF($E9=0,0,IF($A9=\"PHBAO\",VLOOKUP($E9,'All Schools'!Y:AA,3,TRUE),IF($A9=\"Desegregated/Receiver\",VLOOKUP($E9,'All Schools'!AC:AE,3,TRUE),IF($A9=\"Magnet 2\",VLOOKUP($E9,'All Schools'!AG:AI,3,TRUE),IF($A9=\"Magnet 1\",VLOOKUP($E9,'All Schools'!AK:AM,3,TRUE))))))","v":0},0,0,{"$f":"IF($F9=0,0,VLOOKUP($F9,'All Schools'!AO:AQ,3,TRUE))","v":0},{"$f":"IF($F9=0,0,IF($A9=\"PHBAO\",VLOOKUP($F9,'All Schools'!AS:AU,3,TRUE),IF($A9=\"Desegregated/Receiver\",VLOOKUP($F9,'All Schools'!AW:AY,3,TRUE),IF($A9=\"Magnet 2\",VLOOKUP($F9,'All Schools'!BA:BC,3,TRUE),IF($A9=\"Magnet 1\",VLOOKUP($F9,'All Schools'!BE:BG,3,TRUE))))))","v":0},0,0,{"$f":"IF($H9=0,0,VLOOKUP($H9,'All Schools'!BI:BK,3,TRUE))","v":0},{"$f":"IF(OR($H9=0,$A9=\"PHBAO\",$A9=\"Desegregated/Receiver\"),0,IF($A9=\"Magnet 2\",VLOOKUP($H9,'All Schools'!BU:BW,3,TRUE),IF($A9=\"Magnet 1\",VLOOKUP($H9,'All Schools'!BY:CA,3,TRUE))))","v":0},0,0,{"$f":"IF(OR($G9=0,$A9=\"Magnet 2\", $A9=\"Magnet 1\"),0,IF(AND($B9=\"t\",OR($A9=\"PHBAO\",$A9=\"Desegregated/Receiver\")),0,IF($A9=\"PHBAO\",VLOOKUP($G9,'All Schools'!BM:BO,3,TRUE),IF($A9=\"Desegregated/Receiver\",VLOOKUP($G9,'All Schools'!BQ:BS,3,TRUE)))))","v":0},0,0,null,0,0,0,{"$f":"0","v":0},{"$f":"IF(OR($G9=0,$A9=\"Magnet 2\",$A9=\"Magnet 1\",$B9=\"f\"),0,IF($A9=\"PHBAO\",VLOOKUP($G9,'All Schools'!BM:BO,3,TRUE),IF($A9=\"Desegregated/Receiver\",VLOOKUP($G9,'All Schools'!BQ:BS,3,TRUE))))","v":0},0,null,0,"Magnet II","Magnet IItNo"]
[null,null,null,null,null,null,null,null,null,null,null,null,null,null,null,null,null,null,null,null,null,null,null,null,null,null,null,null,null,null,null,null,null,null,null,null,null,null,null,""]
["Desegregated/Receiver","f","Yes",{"$f":"SUM('Position Simulator'!$D$11:$D$14)","v":0},{"$f":"IF('Position Simulator'!$D$7=\"t\",SUM('Position Simulator'!$D$15:$D$17),SUM('Position Simulator'!$D$15:$D$16))","v":0},{"$f":"IF('Position Simulator'!$D$7=\"t\",SUM('Position Simulator'!$G$11:$G$12),'Position Simulator'!$D$17+SUM('Position Simulator'!$G$11:$G$12))","v":0},{"$f":"IF(OR($A11=\"Magnet 1\",$A11=\"Magnet 2\"),0,SUM('Position Simulator'!$G$13:$G$14))","v":0},{"$f":"SUM('Position Simulator'!$G$13:$G$16)","v":0},{"$f":"IF($D11=0,0,VLOOKUP($D11,'High Needs'!A:C,3,TRUE))","v":0},{"$f":"IF($D2=0,0,IF($A2=\"PHBAO\",VLOOKUP($D2,'High Needs'!I:K,3,TRUE),IF($A2=\"Desegregated/Receiver\",VLOOKUP($D2,'High Needs'!A:C,3,TRUE),IF($A2=\"Magnet 2\",VLOOKUP($D2,'High Needs'!M:O,3,TRUE),IF($A2=\"Magnet 1\",VLOOKUP($D2,'High Needs'!Q:S,3,TRUE))))))","v":0},0,{"$f":"IF($D11=0,0,VLOOKUP($D11,'High Needs'!E:G,3,TRUE))","v":0},0,0,{"$f":"IF($E11=0,0,IF(A11=\"Magnet 1\",VLOOKUP($E11,'High Needs'!U:W,3,TRUE),VLOOKUP($E11,'High Needs'!CC:CE,3,TRUE)))","v":0},{"$f":"IF($E11=0,0,IF($A11=\"PHBAO\",VLOOKUP($E11,'High Needs'!Y:AA,3,TRUE),IF($A11=\"Desegregated/Receiver\",VLOOKUP($E11,'High Needs'!AC:AE,3,TRUE),IF($A11=\"Magnet 2\",VLOOKUP($E11,'High Needs'!AG:AI,3,TRUE),IF($A11=\"Magnet 1\",VLOOKUP($E11,'High Needs'!AK:AM,3,TRUE))))))","v":0},0,0,{"$f":"IF($F11=0,0,VLOOKUP($F11,'High Needs'!AO:AQ,3,TRUE))","v":0},{"$f":"IF($F11=0,0,IF($A11=\"PHBAO\",VLOOKUP($F11,'High Needs'!AS:AU,3,TRUE),IF($A11=\"Desegregated/Receiver\",VLOOKUP($F11,'High Needs'!AW:AY,3,TRUE),IF($A11=\"Magnet 2\",VLOOKUP($F11,'High Needs'!BA:BC,3,TRUE),IF($A11=\"Magnet 1\",VLOOKUP($F11,'High Needs'!BE:BG,3,TRUE))))))","v":0},0,0,{"$f":"IF($H11=0,0,VLOOKUP($H11,'High Needs'!BI:BK,3,TRUE))","v":0},{"$f":"IF(OR($H11=0,$A11=\"PHBAO\",$A11=\"Desegregated/Receiver\"),0,IF($A11=\"Magnet 2\",VLOOKUP($H11,'High Needs'!BU:BW,3,TRUE),IF($A11=\"Magnet 1\",VLOOKUP($H11,'High Needs'!BY:CA,3,TRUE))))","v":0},0,0,{"$f":"IF(OR($G11=0,$A11=\"Magnet 2\", $A11=\"Magnet 1\"),0,IF(AND($B11=\"t\",OR($A11=\"PHBAO\",$A11=\"Desegregated/Receiver\")),0,IF($A11=\"PHBAO\",VLOOKUP($G11,'High Needs'!BM:BO,3,TRUE),IF($A11=\"Desegregated/Receiver\",VLOOKUP($G11,'High Needs'!BQ:BS,3,TRUE)))))","v":0},0,0,null,0,0,0,{"$f":"0","v":0},{"$f":"IF(OR($G11=0,$A11=\"Magnet 2\",$A11=\"Magnet 1\",$B11=\"f\"),0,IF($A11=\"PHBAO\",VLOOKUP($G11,'High Needs'!BM:BO,3,TRUE),IF($A11=\"Desegregated/Receiver\",VLOOKUP($G11,'High Needs'!BQ:BS,3,TRUE))))","v":0},0,null,0,"Desegregated/Receiver","Desegregated/ReceiverfYes"]
["Desegregated/Receiver","t","Yes",{"$f":"SUM('Position Simulator'!$D$11:$D$14)","v":0},{"$f":"IF('Position Simulator'!$D$7=\"t\",SUM('Position Simulator'!$D$15:$D$17),SUM('Position Simulator'!$D$15:$D$16))","v":0},{"$f":"IF('Position Simulator'!$D$7=\"t\",SUM('Position Simulator'!$G$11:$G$12),'Position Simulator'!$D$17+SUM('Position Simulator'!$G$11:$G$12))","v":0},{"$f":"IF(OR($A12=\"Magnet 1\",$A12=\"Magnet 2\"),0,SUM('Position Simulator'!$G$13:$G$14))","v":0},{"$f":"SUM('Position Simulator'!$G$13:$G$16)","v":0},{"$f":"IF($D12=0,0,VLOOKUP($D12,'High Needs'!A:C,3,TRUE))","v":0},{"$f":"IF($D3=0,0,IF($A3=\"PHBAO\",VLOOKUP($D3,'High Needs'!I:K,3,TRUE),IF($A3=\"Desegregated/Receiver\",VLOOKUP($D3,'High Needs'!A:C,3,TRUE),IF($A3=\"Magnet 2\",VLOOKUP($D3,'High Needs'!M:O,3,TRUE),IF($A3=\"Magnet 1\",VLOOKUP($D3,'High Needs'!Q:S,3,TRUE))))))","v":0},0,{"$f":"IF($D12=0,0,VLOOKUP($D12,'High Needs'!E:G,3,TRUE))","v":0},0,0,{"$f":"IF($E12=0,0,IF(A12=\"Magnet 1\",VLOOKUP($E12,'High Needs'!U:W,3,TRUE),VLOOKUP($E12,'High Needs'!CC:CE,3,TRUE)))","v":0},{"$f":"IF($E12=0,0,IF($A12=\"PHBAO\",VLOOKUP($E12,'High Needs'!Y:AA,3,TRUE),IF($A12=\"Desegregated/Receiver\",VLOOKUP($E12,'High Needs'!AC:AE,3,TRUE),IF($A12=\"Magnet 2\",VLOOKUP($E12,'High Needs'!AG:AI,3,TRUE),IF($A12=\"Magnet 1\",VLOOKUP($E12,'High Needs'!AK:AM,3,TRUE))))))","v":0},0,0,{"$f":"IF($F12=0,0,VLOOKUP($F12,'High Needs'!AO:AQ,3,TRUE))","v":0},{"$f":"IF($F12=0,0,IF($A12=\"PHBAO\",VLOOKUP($F12,'High Needs'!AS:AU,3,TRUE),IF($A12=\"Desegregated/Receiver\",VLOOKUP($F12,'High Needs'!AW:AY,3,TRUE),IF($A12=\"Magnet 2\",VLOOKUP($F12,'High Needs'!BA:BC,3,TRUE),IF($A12=\"Magnet 1\",VLOOKUP($F12,'High Needs'!BE:BG,3,TRUE))))))","v":0},0,0,{"$f":"IF($H12=0,0,VLOOKUP($H12,'High Needs'!BI:BK,3,TRUE))","v":0},{"$f":"IF(OR($H12=0,$A12=\"PHBAO\",$A12=\"Desegregated/Receiver\"),0,IF($A12=\"Magnet 2\",VLOOKUP($H12,'High Needs'!BU:BW,3,TRUE),IF($A12=\"Magnet 1\",VLOOKUP($H12,'High Needs'!BY:CA,3,TRUE))))","v":0},0,0,{"$f":"IF(OR($G12=0,$A12=\"Magnet 2\", $A12=\"Magnet 1\"),0,IF(AND($B12=\"t\",OR($A12=\"PHBAO\",$A12=\"Desegregated/Receiver\")),0,IF($A12=\"PHBAO\",VLOOKUP($G12,'High Needs'!BM:BO,3,TRUE),IF($A12=\"Desegregated/Receiver\",VLOOKUP($G12,'High Needs'!BQ:BS,3,TRUE)))))","v":0},0,0,null,0,0,0,{"$f":"0","v":0},{"$f":"IF(OR($G12=0,$A12=\"Magnet 2\",$A12=\"Magnet 1\",$B12=\"f\"),0,IF($A12=\"PHBAO\",VLOOKUP($G12,'High Needs'!BM:BO,3,TRUE),IF($A12=\"Desegregated/Receiver\",VLOOKUP($G12,'High Needs'!BQ:BS,3,TRUE))))","v":0},0,null,0,"Desegregated/Receiver","Desegregated/ReceivertYes"]
["PHBAO","f","Yes",{"$f":"SUM('Position Simulator'!$D$11:$D$14)","v":0},{"$f":"IF('Position Simulator'!$D$7=\"t\",SUM('Position Simulator'!$D$15:$D$17),SUM('Position Simulator'!$D$15:$D$16))","v":0},{"$f":"IF('Position Simulator'!$D$7=\"t\",SUM('Position Simulator'!$G$11:$G$12),'Position Simulator'!$D$17+SUM('Position Simulator'!$G$11:$G$12))","v":0},{"$f":"IF(OR($A13=\"Magnet 1\",$A13=\"Magnet 2\"),0,SUM('Position Simulator'!$G$13:$G$14))","v":0},{"$f":"SUM('Position Simulator'!$G$13:$G$16)","v":0},{"$f":"IF($D13=0,0,VLOOKUP($D13,'High Needs'!A:C,3,TRUE))","v":0},{"$f":"IF($D4=0,0,IF($A4=\"PHBAO\",VLOOKUP($D4,'High Needs'!I:K,3,TRUE),IF($A4=\"Desegregated/Receiver\",VLOOKUP($D4,'High Needs'!A:C,3,TRUE),IF($A4=\"Magnet 2\",VLOOKUP($D4,'High Needs'!M:O,3,TRUE),IF($A4=\"Magnet 1\",VLOOKUP($D4,'High Needs'!Q:S,3,TRUE))))))","v":0},{"$f":"IF(AND($B13=\"t\",OR($A13=\"PHBAO\",$A13=\"Desegregated/Receiver\")),0,J13-I13)","v":0},{"$f":"IF($D13=0,0,VLOOKUP($D13,'High Needs'!E:G,3,TRUE))","v":0},{"$f":"L13-J13","v":0},{"$f":"I13+K13+M13","v":0},{"$f":"IF($E13=0,0,IF(A13=\"Magnet 1\",VLOOKUP($E13,'High Needs'!U:W,3,TRUE),VLOOKUP($E13,'High Needs'!CC:CE,3,TRUE)))","v":0},{"$f":"IF($E13=0,0,IF($A13=\"PHBAO\",VLOOKUP($E13,'High Needs'!Y:AA,3,TRUE),IF($A13=\"Desegregated/Receiver\",VLOOKUP($E13,'High Needs'!AC:AE,3,TRUE),IF($A13=\"Magnet 2\",VLOOKUP($E13,'High Needs'!AG:AI,3,TRUE),IF($A13=\"Magnet 1\",VLOOKUP($E13,'High Needs'!AK:AM,3,TRUE))))))","v":0},{"$f":"IF(AND($B13=\"t\",OR($A13=\"PHBAO\",$A13=\"Desegregated/Receiver\")),0,P13-O13)","v":0},{"$f":"O13+Q13","v":0},{"$f":"IF($F13=0,0,VLOOKUP($F13,'High Needs'!AO:AQ,3,TRUE))","v":0},{"$f":"IF($F13=0,0,IF($A13=\"PHBAO\",VLOOKUP($F13,'High Needs'!AS:AU,3,TRUE),IF($A13=\"Desegregated/Receiver\",VLOOKUP($F13,'High Needs'!AW:AY,3,TRUE),IF($A13=\"Magnet 2\",VLOOKUP($F13,'High Needs'!BA:BC,3,TRUE),IF($A13=\"Magnet 1\",VLOOKUP($F13,'High Needs'!BE:BG,3,TRUE))))))","v":0},{"$f":"IF(AND($B13=\"t\",OR($A13=\"PHBAO\",$A13=\"Desegregated/Receiver\")),0,T13-S13)","v":0},{"$f":"S13+U13","v":0},{"$f":"IF($H13=0,0,VLOOKUP($H13,'High Needs'!BI:BK,3,TRUE))","v":0},{"$f":"IF(OR($H13=0,$A13=\"PHBAO\",$A13=\"Desegregated/Receiver\"),0,IF($A13=\"Magnet 2\",VLOOKUP($H13,'High Needs'!BU:BW,3,TRUE),IF($A13=\"Magnet 1\",VLOOKUP($H13,'High Needs'!BY:CA,3,TRUE))))","v":0},{"$f":"IF(OR($A13=\"Magnet 1\", $A13=\"Magnet 2\"), X13-W13,0)","v":0},{"$f":"W13+Y13","v":0},{"$f":"IF(OR($G13=0,$A13=\"Magnet 2\", $A13=\"Magnet 1\"),0,IF(AND($B13=\"t\",OR($A13=\"PHBAO\",$A13=\"Desegregated/Receiver\")),0,IF($A13=\"PHBAO\",VLOOKUP($G13,'High Needs'!BM:BO,3,TRUE),IF($A13=\"Desegregated/Receiver\",VLOOKUP($G13,'High Needs'!BQ:BS,3,TRUE)))))","v":0},{"$f":"W13+Y13+AA13","v":0},{"$f":"N13+R13+V13+AB13","v":0},null,{"$f":"IF(OR($B13=\"f\",$A13=\"Magnet 1\", $A13=\"Magnet 2\"), 0, J13-I13)","v":0},{"$f":"IF(OR($B13=\"f\",$A13=\"Magnet 1\",$A13=\"Magnet 2\"),0,P13-O13)","v":0},{"$f":"IF(OR($B13=\"f\",$A13=\"Magnet 1\",$A13=\"Magnet 2\"),0,T13-S13)","v":0},{"$f":"0","v":0},{"$f":"IF(OR($G13=0,$A13=\"Magnet 2\",$A13=\"Magnet 1\",$B13=\"f\"),0,IF($A13=\"PHBAO\",VLOOKUP($G13,'High Needs'!BM:BO,3,TRUE),IF($A13=\"Desegregated/Receiver\",VLOOKUP($G13,'High Needs'!BQ:BS,3,TRUE))))","v":0},{"$f":"SUM(AE13:AI13)","v":0},null,{"$f":"AC13+AJ13","v":0},"PHBAO","PHBAOfYes"]
["PHBAO","t","Yes",{"$f":"SUM('Position Simulator'!$D$11:$D$14)","v":0},{"$f":"IF('Position Simulator'!$D$7=\"t\",SUM('Position Simulator'!$D$15:$D$17),SUM('Position Simulator'!$D$15:$D$16))","v":0},{"$f":"IF('Position Simulator'!$D$7=\"t\",SUM('Position Simulator'!$G$11:$G$12),'Position Simulator'!$D$17+SUM('Position Simulator'!$G$11:$G$12))","v":0},{"$f":"IF(OR($A14=\"Magnet 1\",$A14=\"Magnet 2\"),0,SUM('Position Simulator'!$G$13:$G$14))","v":0},{"$f":"SUM('Position Simulator'!$G$13:$G$16)","v":0},{"$f":"IF($D14=0,0,VLOOKUP($D14,'High Needs'!A:C,3,TRUE))","v":0},{"$f":"IF($D5=0,0,IF($A5=\"PHBAO\",VLOOKUP($D5,'High Needs'!I:K,3,TRUE),IF($A5=\"Desegregated/Receiver\",VLOOKUP($D5,'High Needs'!A:C,3,TRUE),IF($A5=\"Magnet 2\",VLOOKUP($D5,'High Needs'!M:O,3,TRUE),IF($A5=\"Magnet 1\",VLOOKUP($D5,'High Needs'!Q:S,3,TRUE))))))","v":0},{"$f":"IF(AND($B14=\"t\",OR($A14=\"PHBAO\",$A14=\"Desegregated/Receiver\")),0,J14-I14)","v":0},{"$f":"IF($D14=0,0,VLOOKUP($D14,'High Needs'!E:G,3,TRUE))","v":0},{"$f":"L14-J14","v":0},{"$f":"I14+K14+M14","v":0},{"$f":"IF($E14=0,0,IF(A14=\"Magnet 1\",VLOOKUP($E14,'High Needs'!U:W,3,TRUE),VLOOKUP($E14,'High Needs'!CC:CE,3,TRUE)))","v":0},{"$f":"IF($E14=0,0,IF($A14=\"PHBAO\",VLOOKUP($E14,'High Needs'!Y:AA,3,TRUE),IF($A14=\"Desegregated/Receiver\",VLOOKUP($E14,'High Needs'!AC:AE,3,TRUE),IF($A14=\"Magnet 2\",VLOOKUP($E14,'High Needs'!AG:AI,3,TRUE),IF($A14=\"Magnet 1\",VLOOKUP($E14,'High Needs'!AK:AM,3,TRUE))))))","v":0},{"$f":"IF(AND($B14=\"t\",OR($A14=\"PHBAO\",$A14=\"Desegregated/Receiver\")),0,P14-O14)","v":0},{"$f":"O14+Q14","v":0},{"$f":"IF($F14=0,0,VLOOKUP($F14,'High Needs'!AO:AQ,3,TRUE))","v":0},{"$f":"IF($F14=0,0,IF($A14=\"PHBAO\",VLOOKUP($F14,'High Needs'!AS:AU,3,TRUE),IF($A14=\"Desegregated/Receiver\",VLOOKUP($F14,'High Needs'!AW:AY,3,TRUE),IF($A14=\"Magnet 2\",VLOOKUP($F14,'High Needs'!BA:BC,3,TRUE),IF($A14=\"Magnet 1\",VLOOKUP($F14,'High Needs'!BE:BG,3,TRUE))))))","v":0},{"$f":"IF(AND($B14=\"t\",OR($A14=\"PHBAO\",$A14=\"Desegregated/Receiver\")),0,T14-S14)","v":0},{"$f":"S14+U14","v":0},{"$f":"IF($H14=0,0,VLOOKUP($H14,'High Needs'!BI:BK,3,TRUE))","v":0},{"$f":"IF(OR($H14=0,$A14=\"PHBAO\",$A14=\"Desegregated/Receiver\"),0,IF($A14=\"Magnet 2\",VLOOKUP($H14,'High Needs'!BU:BW,3,TRUE),IF($A14=\"Magnet 1\",VLOOKUP($H14,'High Needs'!BY:CA,3,TRUE))))","v":0},{"$f":"IF(OR($A14=\"Magnet 1\", $A14=\"Magnet 2\"), X14-W14,0)","v":0},{"$f":"W14+Y14","v":0},{"$f":"IF(OR($G14=0,$A14=\"Magnet 2\", $A14=\"Magnet 1\"),0,IF(AND($B14=\"t\",OR($A14=\"PHBAO\",$A14=\"Desegregated/Receiver\")),0,IF($A14=\"PHBAO\",VLOOKUP($G14,'High Needs'!BM:BO,3,TRUE),IF($A14=\"Desegregated/Receiver\",VLOOKUP($G14,'High Needs'!BQ:BS,3,TRUE)))))","v":0},{"$f":"W14+Y14+AA14","v":0},{"$f":"N14+R14+V14+AB14","v":0},null,{"$f":"IF(OR($B14=\"f\",$A14=\"Magnet 1\", $A14=\"Magnet 2\"), 0, J14-I14)","v":0},{"$f":"IF(OR($B14=\"f\",$A14=\"Magnet 1\",$A14=\"Magnet 2\"),0,P14-O14)","v":0},{"$f":"IF(OR($B14=\"f\",$A14=\"Magnet 1\",$A14=\"Magnet 2\"),0,T14-S14)","v":0},{"$f":"0","v":0},{"$f":"IF(OR($G14=0,$A14=\"Magnet 2\",$A14=\"Magnet 1\",$B14=\"f\"),0,IF($A14=\"PHBAO\",VLOOKUP($G14,'High Needs'!BM:BO,3,TRUE),IF($A14=\"Desegregated/Receiver\",VLOOKUP($G14,'High Needs'!BQ:BS,3,TRUE))))","v":0},{"$f":"SUM(AE14:AI14)","v":0},null,{"$f":"AC14+AJ14","v":0},"PHBAO","PHBAOtYes"]
["Magnet 1","f","Yes",{"$f":"SUM('Position Simulator'!$D$11:$D$14)","v":0},{"$f":"IF('Position Simulator'!$D$7=\"t\",SUM('Position Simulator'!$D$15:$D$17),SUM('Position Simulator'!$D$15:$D$16))","v":0},{"$f":"IF('Position Simulator'!$D$7=\"t\",SUM('Position Simulator'!$G$11:$G$12),'Position Simulator'!$D$17+SUM('Position Simulator'!$G$11:$G$12))","v":0},{"$f":"IF(OR($A15=\"Magnet 1\",$A15=\"Magnet 2\"),0,SUM('Position Simulator'!$G$13:$G$14))","v":0},{"$f":"SUM('Position Simulator'!$G$13:$G$16)","v":0},{"$f":"IF($D15=0,0,VLOOKUP($D15,'High Needs'!A:C,3,TRUE))","v":0},{"$f":"IF($D6=0,0,IF($A6=\"PHBAO\",VLOOKUP($D6,'High Needs'!I:K,3,TRUE),IF($A6=\"Desegregated/Receiver\",VLOOKUP($D6,'High Needs'!A:C,3,TRUE),IF($A6=\"Magnet 2\",VLOOKUP($D6,'High Needs'!M:O,3,TRUE),IF($A6=\"Magnet 1\",VLOOKUP($D6,'High Needs'!Q:S,3,TRUE))))))","v":0},0,{"$f":"IF($D15=0,0,VLOOKUP($D15,'High Needs'!E:G,3,TRUE))","v":0},0,0,{"$f":"IF($E15=0,0,IF(A15=\"Magnet 1\",VLOOKUP($E15,'High Needs'!U:W,3,TRUE),VLOOKUP($E15,'High Needs'!CC:CE,3,TRUE)))","v":0},{"$f":"IF($E15=0,0,IF($A15=\"PHBAO\",VLOOKUP($E15,'High Needs'!Y:AA,3,TRUE),IF($A15=\"Desegregated/Receiver\",VLOOKUP($E15,'High Needs'!AC:AE,3,TRUE),IF($A15=\"Magnet 2\",VLOOKUP($E15,'High Needs'!AG:AI,3,TRUE),IF($A15=\"Magnet 1\",VLOOKUP($E15,'High Needs'!AK:AM,3,TRUE))))))","v":0},0,0,{"$f":"IF($F15=0,0,VLOOKUP($F15,'High Needs'!AO:AQ,3,TRUE))","v":0},{"$f":"IF($F15=0,0,IF($A15=\"PHBAO\",VLOOKUP($F15,'High Needs'!AS:AU,3,TRUE),IF($A15=\"Desegregated/Receiver\",VLOOKUP($F15,'High Needs'!AW:AY,3,TRUE),IF($A15=\"Magnet 2\",VLOOKUP($F15,'High Needs'!BA:BC,3,TRUE),IF($A15=\"Magnet 1\",VLOOKUP($F15,'High Needs'!BE:BG,3,TRUE))))))","v":0},0,0,{"$f":"IF($H15=0,0,VLOOKUP($H15,'High Needs'!BI:BK,3,TRUE))","v":0},{"$f":"IF(OR($H15=0,$A15=\"PHBAO\",$A15=\"Desegregated/Receiver\"),0,IF($A15=\"Magnet 2\",VLOOKUP($H15,'High Needs'!BU:BW,3,TRUE),IF($A15=\"Magnet 1\",VLOOKUP($H15,'High Needs'!BY:CA,3,TRUE))))","v":0},0,0,{"$f":"IF(OR($G15=0,$A15=\"Magnet 2\", $A15=\"Magnet 1\"),0,IF(AND($B15=\"t\",OR($A15=\"PHBAO\",$A15=\"Desegregated/Receiver\")),0,IF($A15=\"PHBAO\",VLOOKUP($G15,'High Needs'!BM:BO,3,TRUE),IF($A15=\"Desegregated/Receiver\",VLOOKUP($G15,'High Needs'!BQ:BS,3,TRUE)))))","v":0},0,0,null,0,0,0,{"$f":"0","v":0},{"$f":"IF(OR($G15=0,$A15=\"Magnet 2\",$A15=\"Magnet 1\",$B15=\"f\"),0,IF($A15=\"PHBAO\",VLOOKUP($G15,'High Needs'!BM:BO,3,TRUE),IF($A15=\"Desegregated/Receiver\",VLOOKUP($G15,'High Needs'!BQ:BS,3,TRUE))))","v":0},0,null,0,"Magnet I","Magnet IfYes"]
["Magnet 1","t","Yes",{"$f":"SUM('Position Simulator'!$D$11:$D$14)","v":0},{"$f":"IF('Position Simulator'!$D$7=\"t\",SUM('Position Simulator'!$D$15:$D$17),SUM('Position Simulator'!$D$15:$D$16))","v":0},{"$f":"IF('Position Simulator'!$D$7=\"t\",SUM('Position Simulator'!$G$11:$G$12),'Position Simulator'!$D$17+SUM('Position Simulator'!$G$11:$G$12))","v":0},{"$f":"IF(OR($A16=\"Magnet 1\",$A16=\"Magnet 2\"),0,SUM('Position Simulator'!$G$13:$G$14))","v":0},{"$f":"SUM('Position Simulator'!$G$13:$G$16)","v":0},{"$f":"IF($D16=0,0,VLOOKUP($D16,'High Needs'!A:C,3,TRUE))","v":0},{"$f":"IF($D7=0,0,IF($A7=\"PHBAO\",VLOOKUP($D7,'High Needs'!I:K,3,TRUE),IF($A7=\"Desegregated/Receiver\",VLOOKUP($D7,'High Needs'!A:C,3,TRUE),IF($A7=\"Magnet 2\",VLOOKUP($D7,'High Needs'!M:O,3,TRUE),IF($A7=\"Magnet 1\",VLOOKUP($D7,'High Needs'!Q:S,3,TRUE))))))","v":0},0,{"$f":"IF($D16=0,0,VLOOKUP($D16,'High Needs'!E:G,3,TRUE))","v":0},0,0,{"$f":"IF($E16=0,0,IF(A16=\"Magnet 1\",VLOOKUP($E16,'High Needs'!U:W,3,TRUE),VLOOKUP($E16,'High Needs'!CC:CE,3,TRUE)))","v":0},{"$f":"IF($E16=0,0,IF($A16=\"PHBAO\",VLOOKUP($E16,'High Needs'!Y:AA,3,TRUE),IF($A16=\"Desegregated/Receiver\",VLOOKUP($E16,'High Needs'!AC:AE,3,TRUE),IF($A16=\"Magnet 2\",VLOOKUP($E16,'High Needs'!AG:AI,3,TRUE),IF($A16=\"Magnet 1\",VLOOKUP($E16,'High Needs'!AK:AM,3,TRUE))))))","v":0},0,0,{"$f":"IF($F16=0,0,VLOOKUP($F16,'High Needs'!AO:AQ,3,TRUE))","v":0},{"$f":"IF($F16=0,0,IF($A16=\"PHBAO\",VLOOKUP($F16,'High Needs'!AS:AU,3,TRUE),IF($A16=\"Desegregated/Receiver\",VLOOKUP($F16,'High Needs'!AW:AY,3,TRUE),IF($A16=\"Magnet 2\",VLOOKUP($F16,'High Needs'!BA:BC,3,TRUE),IF($A16=\"Magnet 1\",VLOOKUP($F16,'High Needs'!BE:BG,3,TRUE))))))","v":0},0,0,{"$f":"IF($H16=0,0,VLOOKUP($H16,'High Needs'!BI:BK,3,TRUE))","v":0},{"$f":"IF(OR($H16=0,$A16=\"PHBAO\",$A16=\"Desegregated/Receiver\"),0,IF($A16=\"Magnet 2\",VLOOKUP($H16,'High Needs'!BU:BW,3,TRUE),IF($A16=\"Magnet 1\",VLOOKUP($H16,'High Needs'!BY:CA,3,TRUE))))","v":0},0,0,{"$f":"IF(OR($G16=0,$A16=\"Magnet 2\", $A16=\"Magnet 1\"),0,IF(AND($B16=\"t\",OR($A16=\"PHBAO\",$A16=\"Desegregated/Receiver\")),0,IF($A16=\"PHBAO\",VLOOKUP($G16,'High Needs'!BM:BO,3,TRUE),IF($A16=\"Desegregated/Receiver\",VLOOKUP($G16,'High Needs'!BQ:BS,3,TRUE)))))","v":0},0,0,null,0,0,0,{"$f":"0","v":0},{"$f":"IF(OR($G16=0,$A16=\"Magnet 2\",$A16=\"Magnet 1\",$B16=\"f\"),0,IF($A16=\"PHBAO\",VLOOKUP($G16,'High Needs'!BM:BO,3,TRUE),IF($A16=\"Desegregated/Receiver\",VLOOKUP($G16,'High Needs'!BQ:BS,3,TRUE))))","v":0},0,null,0,"Magnet I","Magnet ItYes"]
["Magnet 2","f","Yes",{"$f":"SUM('Position Simulator'!$D$11:$D$14)","v":0},{"$f":"IF('Position Simulator'!$D$7=\"t\",SUM('Position Simulator'!$D$15:$D$17),SUM('Position Simulator'!$D$15:$D$16))","v":0},{"$f":"IF('Position Simulator'!$D$7=\"t\",SUM('Position Simulator'!$G$11:$G$12),'Position Simulator'!$D$17+SUM('Position Simulator'!$G$11:$G$12))","v":0},{"$f":"IF(OR($A17=\"Magnet 1\",$A17=\"Magnet 2\"),0,SUM('Position Simulator'!$G$13:$G$14))","v":0},{"$f":"SUM('Position Simulator'!$G$13:$G$16)","v":0},{"$f":"IF($D17=0,0,VLOOKUP($D17,'High Needs'!A:C,3,TRUE))","v":0},{"$f":"IF($D8=0,0,IF($A8=\"PHBAO\",VLOOKUP($D8,'High Needs'!I:K,3,TRUE),IF($A8=\"Desegregated/Receiver\",VLOOKUP($D8,'High Needs'!A:C,3,TRUE),IF($A8=\"Magnet 2\",VLOOKUP($D8,'High Needs'!M:O,3,TRUE),IF($A8=\"Magnet 1\",VLOOKUP($D8,'High Needs'!Q:S,3,TRUE))))))","v":0},0,{"$f":"IF($D17=0,0,VLOOKUP($D17,'High Needs'!E:G,3,TRUE))","v":0},0,0,{"$f":"IF($E17=0,0,IF(A17=\"Magnet 1\",VLOOKUP($E17,'High Needs'!U:W,3,TRUE),VLOOKUP($E17,'High Needs'!CC:CE,3,TRUE)))","v":0},{"$f":"IF($E17=0,0,IF($A17=\"PHBAO\",VLOOKUP($E17,'High Needs'!Y:AA,3,TRUE),IF($A17=\"Desegregated/Receiver\",VLOOKUP($E17,'High Needs'!AC:AE,3,TRUE),IF($A17=\"Magnet 2\",VLOOKUP($E17,'High Needs'!AG:AI,3,TRUE),IF($A17=\"Magnet 1\",VLOOKUP($E17,'High Needs'!AK:AM,3,TRUE))))))","v":0},0,0,{"$f":"IF($F17=0,0,VLOOKUP($F17,'High Needs'!AO:AQ,3,TRUE))","v":0},{"$f":"IF($F17=0,0,IF($A17=\"PHBAO\",VLOOKUP($F17,'High Needs'!AS:AU,3,TRUE),IF($A17=\"Desegregated/Receiver\",VLOOKUP($F17,'High Needs'!AW:AY,3,TRUE),IF($A17=\"Magnet 2\",VLOOKUP($F17,'High Needs'!BA:BC,3,TRUE),IF($A17=\"Magnet 1\",VLOOKUP($F17,'High Needs'!BE:BG,3,TRUE))))))","v":0},0,0,{"$f":"IF($H17=0,0,VLOOKUP($H17,'High Needs'!BI:BK,3,TRUE))","v":0},{"$f":"IF(OR($H17=0,$A17=\"PHBAO\",$A17=\"Desegregated/Receiver\"),0,IF($A17=\"Magnet 2\",VLOOKUP($H17,'High Needs'!BU:BW,3,TRUE),IF($A17=\"Magnet 1\",VLOOKUP($H17,'High Needs'!BY:CA,3,TRUE))))","v":0},0,0,{"$f":"IF(OR($G17=0,$A17=\"Magnet 2\", $A17=\"Magnet 1\"),0,IF(AND($B17=\"t\",OR($A17=\"PHBAO\",$A17=\"Desegregated/Receiver\")),0,IF($A17=\"PHBAO\",VLOOKUP($G17,'High Needs'!BM:BO,3,TRUE),IF($A17=\"Desegregated/Receiver\",VLOOKUP($G17,'High Needs'!BQ:BS,3,TRUE)))))","v":0},0,0,null,0,0,0,{"$f":"0","v":0},{"$f":"IF(OR($G17=0,$A17=\"Magnet 2\",$A17=\"Magnet 1\",$B17=\"f\"),0,IF($A17=\"PHBAO\",VLOOKUP($G17,'High Needs'!BM:BO,3,TRUE),IF($A17=\"Desegregated/Receiver\",VLOOKUP($G17,'High Needs'!BQ:BS,3,TRUE))))","v":0},0,null,0,"Magnet II","Magnet IIfYes"]
["Magnet 2","t","Yes",{"$f":"SUM('Position Simulator'!$D$11:$D$14)","v":0},{"$f":"IF('Position Simulator'!$D$7=\"t\",SUM('Position Simulator'!$D$15:$D$17),SUM('Position Simulator'!$D$15:$D$16))","v":0},{"$f":"IF('Position Simulator'!$D$7=\"t\",SUM('Position Simulator'!$G$11:$G$12),'Position Simulator'!$D$17+SUM('Position Simulator'!$G$11:$G$12))","v":0},{"$f":"IF(OR($A18=\"Magnet 1\",$A18=\"Magnet 2\"),0,SUM('Position Simulator'!$G$13:$G$14))","v":0},{"$f":"SUM('Position Simulator'!$G$13:$G$16)","v":0},{"$f":"IF($D18=0,0,VLOOKUP($D18,'High Needs'!A:C,3,TRUE))","v":0},{"$f":"IF($D9=0,0,IF($A9=\"PHBAO\",VLOOKUP($D9,'High Needs'!I:K,3,TRUE),IF($A9=\"Desegregated/Receiver\",VLOOKUP($D9,'High Needs'!A:C,3,TRUE),IF($A9=\"Magnet 2\",VLOOKUP($D9,'High Needs'!M:O,3,TRUE),IF($A9=\"Magnet 1\",VLOOKUP($D9,'High Needs'!Q:S,3,TRUE))))))","v":0},0,{"$f":"IF($D18=0,0,VLOOKUP($D18,'High Needs'!E:G,3,TRUE))","v":0},0,0,{"$f":"IF($E18=0,0,IF(A18=\"Magnet 1\",VLOOKUP($E18,'High Needs'!U:W,3,TRUE),VLOOKUP($E18,'High Needs'!CC:CE,3,TRUE)))","v":0},{"$f":"IF($E18=0,0,IF($A18=\"PHBAO\",VLOOKUP($E18,'High Needs'!Y:AA,3,TRUE),IF($A18=\"Desegregated/Receiver\",VLOOKUP($E18,'High Needs'!AC:AE,3,TRUE),IF($A18=\"Magnet 2\",VLOOKUP($E18,'High Needs'!AG:AI,3,TRUE),IF($A18=\"Magnet 1\",VLOOKUP($E18,'High Needs'!AK:AM,3,TRUE))))))","v":0},0,0,{"$f":"IF($F18=0,0,VLOOKUP($F18,'High Needs'!AO:AQ,3,TRUE))","v":0},{"$f":"IF($F18=0,0,IF($A18=\"PHBAO\",VLOOKUP($F18,'High Needs'!AS:AU,3,TRUE),IF($A18=\"Desegregated/Receiver\",VLOOKUP($F18,'High Needs'!AW:AY,3,TRUE),IF($A18=\"Magnet 2\",VLOOKUP($F18,'High Needs'!BA:BC,3,TRUE),IF($A18=\"Magnet 1\",VLOOKUP($F18,'High Needs'!BE:BG,3,TRUE))))))","v":0},0,0,{"$f":"IF($H18=0,0,VLOOKUP($H18,'High Needs'!BI:BK,3,TRUE))","v":0},{"$f":"IF(OR($H18=0,$A18=\"PHBAO\",$A18=\"Desegregated/Receiver\"),0,IF($A18=\"Magnet 2\",VLOOKUP($H18,'High Needs'!BU:BW,3,TRUE),IF($A18=\"Magnet 1\",VLOOKUP($H18,'High Needs'!BY:CA,3,TRUE))))","v":0},0,0,{"$f":"IF(OR($G18=0,$A18=\"Magnet 2\", $A18=\"Magnet 1\"),0,IF(AND($B18=\"t\",OR($A18=\"PHBAO\",$A18=\"Desegregated/Receiver\")),0,IF($A18=\"PHBAO\",VLOOKUP($G18,'High Needs'!BM:BO,3,TRUE),IF($A18=\"Desegregated/Receiver\",VLOOKUP($G18,'High Needs'!BQ:BS,3,TRUE)))))","v":0},0,0,null,0,0,0,{"$f":"0","v":0},{"$f":"IF(OR($G18=0,$A18=\"Magnet 2\",$A18=\"Magnet 1\",$B18=\"f\"),0,IF($A18=\"PHBAO\",VLOOKUP($G18,'High Needs'!BM:BO,3,TRUE),IF($A18=\"Desegregated/Receiver\",VLOOKUP($G18,'High Needs'!BQ:BS,3,TRUE))))","v":0},0,null,0,"Magnet II","Magnet IItYes"]

{"sheet":"Pivot ECAST","index":6,"n_rows":720,"n_cols":8,"rows_kept":720,"cut":false,"hidden":true,"merged":[]}
[]
[]
["Home School","Count of Cost Center",null,"Home School","Sum of Teacher Appeals",null,"Home School","Sum of Counselors (Plus 17)"]
["1194901",1,null,"1194901",0,null,"1194901",0]
["1201401",1,null,"1201401",0,null,"1201401",0]
["1202701",2,null,"1202701",1,null,"1202701",0]
["1204101",2,null,"1204101",0,null,"1204101",0]
["1204201",2,null,"1204201",0,null,"1204201",0]
["1206801",2,null,"1206801",0,null,"1206801",0]
["1208201",2,null,"1208201",0,null,"1208201",0]
["1208901",3,null,"1208901",0,null,"1208901",0]
["1209601",2,null,"1209601",0,null,"1209601",0]
["1211001",1,null,"1211001",0,null,"1211001",0]
["1211701",1,null,"1211701",0,null,"1211701",0]
["1212301",2,null,"1212301",0,null,"1212301",0]
["1213701",1,null,"1213701",0,null,"1213701",0]
["1214601",2,null,"1214601",0,null,"1214601",0]
["1215101",1,null,"1215101",0,null,"1215101",0]
["1216401",1,null,"1216401",0,null,"1216401",0]
["1217801",1,null,"1217801",0,null,"1217801",0]
["1219201",2,null,"1219201",0,null,"1219201",0]
["1220501",1,null,"1220501",0,null,"1220501",0]
["1221901",1,null,"1221901",0,null,"1221901",0]
["1223301",2,null,"1223301",0,null,"1223301",0]
["1224701",1,null,"1224701",0,null,"1224701",0]
["1225001",1,null,"1225001",0,null,"1225001",0]
["1226901",1,null,"1226901",0,null,"1226901",0]
["1227401",2,null,"1227401",0,null,"1227401",0]
["1228801",2,null,"1228801",0,null,"1228801",0]
["1230101",2,null,"1230101",0,null,"1230101",0]
["1230201",1,null,"1230201",0,null,"1230201",0]
["1230301",2,null,"1230301",1,null,"1230301",0]
["1230601",1,null,"1230601",0,null,"1230601",0]
["1230701",1,null,"1230701",0,null,"1230701",0]
["1230801",1,null,"1230801",0,null,"1230801",0]
["1230901",2,null,"1230901",0,null,"1230901",0]
["1231101",1,null,"1231101",0,null,"1231101",0]
["1231201",1,null,"1231201",0,null,"1231201",0]
["1231301",1,null,"1231301",0,null,"1231301",0]
["1231501",2,null,"1231501",0,null,"1231501",0]
["1232301",1,null,"1232301",1,null,"1232301",0]
["1232901",1,null,"1232901",0,null,"1232901",0]
["1233501",1,null,"1233501",1,null,"1233501",0]
["1234201",1,null,"1234201",0,null,"1234201",0]
["1236901",3,null,"1236901",0,null,"1236901",0]
["1237201",2,null,"1237201",0,null,"1237201",0]
["1237501",2,null,"1237501",0,null,"1237501",0]
["1237801",2,null,"1237801",0,null,"1237801",0]
["1238101",2,null,"1238101",0,null,"1238101",0]
["1238301",1,null,"1238301",0,null,"1238301",0]
["1238401",1,null,"1238401",0,null,"1238401",0]
["1238501",2,null,"1238501",0,null,"1238501",0]
["1238601",1,null,"1238601",1,null,"1238601",0]
["1239101",2,null,"1239101",0,null,"1239101",0]
["1239201",1,null,"1239201",0,null,"1239201",0]
["1239301",1,null,"1239301",0,null,"1239301",0]
["1239701",1,null,"1239701",0,null,"1239701",0]
["1243801",1,null,"1243801",0,null,"1243801",0]
["1247001",1,null,"1247001",0,null,"1247001",0]
["1247301",1,null,"1247301",0,null,"1247301",0]
["1247901",3,null,"1247901",0,null,"1247901",0]
["1248601",1,null,"1248601",0,null,"1248601",0]
["1249301",1,null,"1249301",0,null,"1249301",0]
["1250701",1,null,"1250701",0,null,"1250701",0]
["1252101",1,null,"1252101",0,null,"1252101",0]
["1252701",2,null,"1252701",0,null,"1252701",0]
["1253001",1,null,"1253001",0,null,"1253001",0]
["1253401",3,null,"1253401",0,null,"1253401",0]
["1254201",2,null,"1254201",0,null,"1254201",0]
["1254301",1,null,"1254301",0,null,"1254301",0]
["1254401",2,null,"1254401",0,null,"1254401",0]
["1254801",1,null,"1254801",0,null,"1254801",0]
["1256201",1,null,"1256201",1,null,"1256201",0]
["1258901",2,null,"1258901",1,null,"1258901",0]
["1260301",2,null,"1260301",0,null,"1260301",0]
["1261601",1,null,"1261601",0,null,"1261601",0]
["1261901",1,null,"1261901",0,null,"1261901",0]
["1263001",2,null,"1263001",0,null,"1263001",0]
["1264401",2,null,"1264401",0,null,"1264401",0]
["1265801",1,null,"1265801",0,null,"1265801",0]
["1267101",2,null,"1267101",0,null,"1267101",0]
["1268501",2,null,"1268501",0,null,"1268501",0]
["1269901",3,null,"1269901",0,null,"1269901",0]
["1270101",3,null,"1270101",0,null,"1270101",0]
["1270401",1,null,"1270401",0,null,"1270401",0]
["1270601",1,null,"1270601",1,null,"1270601",0]
["1271201",1,null,"1271201",0,null,"1271201",0]
["1272601",2,null,"1272601",0,null,"1272601",0]
["1274001",1,null,"1274001",0,null,"1274001",0]
["1274101",1,null,"1274101",0,null,"1274101",0]
["1275301",1,null,"1275301",1,null,"1275301",0]
["1276701",2,null,"1276701",0,null,"1276701",0]
["1278101",2,null,"1278101",0,null,"1278101",0]
["1279501",1,null,"1279501",0,null,"1279501",0]
["1280201",1,null,"1280201",0,null,"1280201",0]
["1281501",1,null,"1281501",0,null,"1281501",0]
["1282201",1,null,"1282201",0,null,"1282201",0]
["1283601",1,null,"1283601",1,null,"1283601",0]
["1284901",1,null,"1284901",0,null,"1284901",0]
["1286301",2,null,"1286301",0,null,"1286301",0]
["1287701",2,null,"1287701",1,null,"1287701",0]
["1288101",1,null,"1288101",0,null,"1288101",0]
["1289001",2,null,"1289001",0,null,"1289001",0]
["1293901",2,null,"1293901",0,null,"1293901",0]
["1294201",1,null,"1294201",0,null,"1294201",0]
["1294301",1,null,"1294301",0,null,"1294301",0]
["1294401",1,null,"1294401",0,null,"1294401",0]
["1294501",1,null,"1294501",0,null,"1294501",0]
["1295901",1,null,"1295901",0,null,"1295901",0]
["1298601",2,null,"1298601",0,null,"1298601",0]
["1300201",1,null,"1300201",0,null,"1300201",0]
["1301401",1,null,"1301401",0,null,"1301401",0]
["1302701",1,null,"1302701",0,null,"1302701",0]
["1304101",1,null,"1304101",0,null,"1304101",0]
["1306801",2,null,"1306801",0,null,"1306801",0]
["1308201",2,null,"1308201",0,null,"1308201",0]
["1309601",2,null,"1309601",0,null,"1309601",0]
["1311001",1,null,"1311001",0,null,"1311001",0]
["1312301",1,null,"1312301",1,null,"1312301",0]
["1313701",2,null,"1313701",0,null,"1313701",0]
["1315101",2,null,"1315101",0,null,"1315101",0]
["1316401",1,null,"1316401",0,null,"1316401",0]
["1317801",1,null,"1317801",0,null,"1317801",0]
["1319201",2,null,"1319201",0,null,"1319201",0]
["1320501",1,null,"1320501",0,null,"1320501",0]
["1321001",2,null,"1321001",0,null,"1321001",0]
["1321901",1,null,"1321901",1,null,"1321901",0]
["1322001",1,null,"1322001",0,null,"1322001",0]
["1324701",2,null,"1324701",0,null,"1324701",0]
["1326001",3,null,"1326001",0,null,"1326001",0]
["1328801",1,null,"1328801",0,null,"1328801",0]
["1330201",1,null,"1330201",0,null,"1330201",0]
["1331101",1,null,"1331101",0,null,"1331101",0]
["1331501",1,null,"1331501",0,null,"1331501",0]
["1332901",1,null,"1332901",1,null,"1332901",0]
["1333501",1,null,"1333501",0,null,"1333501",0]
["1334001",1,null,"1334001",0,null,"1334001",0]
["1335601",2,null,"1335601",0,null,"1335601",0]
["1337701",1,null,"1337701",1,null,"1337701",0]
["1338401",1,null,"1338401",0,null,"1338401",0]
["1339701",1,null,"1339701",0,null,"1339701",0]
["1342501",2,null,"1342501",0,null,"1342501",0]
["1342601",1,null,"1342601",0,null,"1342601",0]
["1343801",1,null,"1343801",0,null,"1343801",0]
["1345201",1,null,"1345201",0,null,"1345201",0]
["1346601",2,null,"1346601",0,null,"1346601",0]
["1347901",1,null,"1347901",0,null,"1347901",0]
["1349301",1,null,"1349301",0,null,"1349301",0]
["1350001",1,null,"1350001",0,null,"1350001",0]
["1350701",3,null,"1350701",0,null,"1350701",0]
["1352101",2,null,"1352101",0,null,"1352101",0]
["1354101",1,null,"1354101",0,null,"1354101",0]
["1354501",1,null,"1354501",1,null,"1354501",0]
["1354801",2,null,"1354801",0,null,"1354801",0]
["1356201",1,null,"1356201",0,null,"1356201",0]
["1357401",2,null,"1357401",0,null,"1357401",0]
["1357501",1,null,"1357501",0,null,"1357501",0]
["1357601",1,null,"1357601",0,null,"1357601",0]
["1357701",1,null,"1357701",0,null,"1357701",0]
["1358901",1,null,"1358901",0,null,"1358901",0]
["1361001",1,null,"1361001",0,null,"1361001",0]
["1361601",1,null,"1361601",0,null,"1361601",0]
["1363001",1,null,"1363001",0,null,"1363001",0]
["1364001",1,null,"1364001",0,null,"1364001",0]
["1367101",3,null,"1367101",0,null,"1367101",0]
["1369901",1,null,"1369901",0,null,"1369901",0]
["1371201",1,null,"1371201",1,null,"1371201",0]
["1372601",1,null,"1372601",0,null,"1372601",0]
["1374001",2,null,"1374001",0,null,"1374001",0]
["1375301",2,null,"1375301",0,null,"1375301",0]
["1376701",1,null,"1376701",0,null,"1376701",0]
["1378101",1,null,"1378101",0,null,"1378101",0]
["1379501",1,null,"1379501",0,null,"1379501",0]
["1380801",1,null,"1380801",0,null,"1380801",0]
["1382201",1,null,"1382201",0,null,"1382201",0]
["1382901",2,null,"1382901",0,null,"1382901",0]
["1383601",1,null,"1383601",0,null,"1383601",0]
["1384901",2,null,"1384901",0,null,"1384901",0]
["1387701",2,null,"1387701",1,null,"1387701",0]
["1389001",2,null,"1389001",0,null,"1389001",0]
["1391801",2,null,"1391801",0,null,"1391801",0]
["1393201",1,null,"1393201",0,null,"1393201",0]
["1395901",2,null,"1395901",0,null,"1395901",0]
["1397301",1,null,"1397301",0,null,"1397301",0]
["1397401",2,null,"1397401",0,null,"1397401",0]
["1398601",1,null,"1398601",0,null,"1398601",0]
["1401401",1,null,"1401401",0,null,"1401401",0]
["1402001",1,null,"1402001",0,null,"1402001",0]
["1402701",2,null,"1402701",1,null,"1402701",0]
["1404101",2,null,"1404101",0,null,"1404101",0]
["1405501",1,null,"1405501",0,null,"1405501",0]
["1406801",1,null,"1406801",0,null,"1406801",0]
["1408201",1,null,"1408201",0,null,"1408201",0]
["1409601",3,null,"1409601",0,null,"1409601",0]
["1411001",1,null,"1411001",0,null,"1411001",0]
["1411701",1,null,"1411701",0,null,"1411701",0]
["1412301",1,null,"1412301",0,null,"1412301",0]
["1413001",2,null,"1413001",0,null,"1413001",0]
["1413701",1,null,"1413701",0,null,"1413701",0]
["1416401",1,null,"1416401",0,null,"1416401",0]
["1419201",1,null,"1419201",0,null,"1419201",0]
["1421901",2,null,"1421901",0,null,"1421901",0]
["1423301",1,null,"1423301",0,null,"1423301",0]
["1424701",2,null,"1424701",0,null,"1424701",0]
["1426001",2,null,"1426001",0,null,"1426001",0]
["1427401",1,null,"1427401",0,null,"1427401",0]
["1429501",2,null,"1429501",0,null,"1429501",0]
["1430101",1,null,"1430101",0,null,"1430101",0]
["1431501",2,null,"1431501",2,null,"1431501",0]
["1432201",1,null,"1432201",0,null,"1432201",0]
["1432901",2,null,"1432901",0,null,"1432901",0]
["1434201",1,null,"1434201",0,null,"1434201",0]
["1434901",1,null,"1434901",1,null,"1434901",0]
["1435601",2,null,"1435601",0,null,"1435601",0]
["1439701",1,null,"1439701",0,null,"1439701",0]
["1442501",1,null,"1442501",0,null,"1442501",0]
["1443101",1,null,"1443101",0,null,"1443101",0]
["1443801",2,null,"1443801",0,null,"1443801",0]
["1444501",1,null,"1444501",0,null,"1444501",0]
["1445201",1,null,"1445201",0,null,"1445201",0]
["1446601",2,null,"1446601",0,null,"1446601",0]
["1447301",1,null,"1447301",0,null,"1447301",0]
["1449301",2,null,"1449301",0,null,"1449301",0]
["1450701",1,null,"1450701",0,null,"1450701",0]
["1451501",1,null,"1451501",0,null,"1451501",0]
["1452101",1,null,"1452101",0,null,"1452101",0]
["1452801",3,null,"1452801",0,null,"1452801",0]
["1453401",1,null,"1453401",0,null,"1453401",0]
["1454801",2,null,"1454801",0,null,"1454801",0]
["1456201",1,null,"1456201",0,null,"1456201",0]
["1457501",2,null,"1457501",0,null,"1457501",0]
["1457601",2,null,"1457601",0,null,"1457601",0]
["1458901",1,null,"1458901",0,null,"1458901",0]
["1460301",2,null,"1460301",0,null,"1460301",0]
["1461601",3,null,"1461601",0,null,"1461601",0]
["1463001",2,null,"1463001",0,null,"1463001",0]
["1464001",2,null,"1464001",0,null,"1464001",0]
["1464101",2,null,"1464101",0,null,"1464101",0]
["1464201",2,null,"1464201",0,null,"1464201",0]
["1465801",1,null,"1465801",0,null,"1465801",0]
["1467101",1,null,"1467101",0,null,"1467101",0]
["1468001",1,null,"1468001",0,null,"1468001",0]
["1468101",2,null,"1468101",0,null,"1468101",0]
["1468501",2,null,"1468501",0,null,"1468501",0]
["1469201",1,null,"1469201",0,null,"1469201",0]
["1469601",2,null,"1469601",0,null,"1469601",0]
["1469901",1,null,"1469901",0,null,"1469901",0]
["1471201",1,null,"1471201",0,null,"1471201",0]
["1472601",2,null,"1472601",0,null,"1472601",0]
["1476001",3,null,"1476001",0,null,"1476001",0]
["1476201",1,null,"1476201",1,null,"1476201",0]
["1476401",1,null,"1476401",0,null,"1476401",0]
["1476701",1,null,"1476701",0,null,"1476701",0]
["1477501",1,null,"1477501",0,null,"1477501",0]
["1477601",1,null,"1477601",0,null,"1477601",0]
["1478101",1,null,"1478101",1,null,"1478101",0]
["1478601",2,null,"1478601",0,null,"1478601",0]
["1479001",2,null,"1479001",1,null,"1479001",0]
["1479501",2,null,"1479501",0,null,"1479501",0]
["1480801",1,null,"1480801",0,null,"1480801",0]
["1482901",1,null,"1482901",0,null,"1482901",0]
["1483601",2,null,"1483601",0,null,"1483601",0]
["1484901",1,null,"1484901",0,null,"1484901",0]
["1486301",1,null,"1486301",0,null,"1486301",0]
["1487001",1,null,"1487001",0,null,"1487001",0]
["1487701",1,null,"1487701",0,null,"1487701",0]
["1488101",2,null,"1488101",1,null,"1488101",0]
["1488701",1,null,"1488701",1,null,"1488701",0]
["1489001",1,null,"1489001",0,null,"1489001",0]
["1490401",2,null,"1490401",0,null,"1490401",0]
["1491801",2,null,"1491801",0,null,"1491801",0]
["1493201",1,null,"1493201",0,null,"1493201",0]
["1494501",2,null,"1494501",1,null,"1494501",0]
["1495901",2,null,"1495901",0,null,"1495901",0]
["1497301",2,null,"1497301",0,null,"1497301",0]
["1498001",1,null,"1498001",0,null,"1498001",0]
["1498201",1,null,"1498201",0,null,"1498201",0]
["1498301",1,null,"1498301",0,null,"1498301",0]
["1498601",1,null,"1498601",0,null,"1498601",0]
["1501401",1,null,"1501401",0,null,"1501401",0]
["1501601",1,null,"1501601",0,null,"1501601",0]
["1505501",2,null,"1505501",0,null,"1505501",0]
["1506801",2,null,"1506801",0,null,"1506801",0]
["1508201",2,null,"1508201",0,null,"1508201",0]
["1509601",2,null,"1509601",0,null,"1509601",0]
["1511001",1,null,"1511001",0,null,"1511001",0]
["1511101",2,null,"1511101",0,null,"1511101",0]
["1511201",1,null,"1511201",0,null,"1511201",0]
["1511301",2,null,"1511301",0,null,"1511301",0]
["1513701",2,null,"1513701",0,null,"1513701",0]
["1515301",1,null,"1515301",0,null,"1515301",0]
["1515401",1,null,"1515401",1,null,"1515401",0]
["1516401",1,null,"1516401",1,null,"1516401",0]
["1517001",1,null,"1517001",0,null,"1517001",0]
["1517301",1,null,"1517301",0,null,"1517301",1]
["1517801",2,null,"1517801",1,null,"1517801",0]
["1519201",1,null,"1519201",0,null,"1519201",0]
["1519301",1,null,"1519301",0,null,"1519301",0]
["1519801",1,null,"1519801",0,null,"1519801",0]
["1520501",3,null,"1520501",0,null,"1520501",0]
["1521901",1,null,"1521901",0,null,"1521901",0]
["1523301",2,null,"1523301",0,null,"1523301",0]
["1524001",1,null,"1524001",0,null,"1524001",0]
["1524701",1,null,"1524701",0,null,"1524701",0]
["1528801",2,null,"1528801",0,null,"1528801",0]
["1530101",1,null,"1530101",0,null,"1530101",0]
["1530201",1,null,"1530201",0,null,"1530201",0]
["1531501",3,null,"1531501",0,null,"1531501",0]
["1532101",1,null,"1532101",0,null,"1532101",0]
["1532901",2,null,"1532901",0,null,"1532901",0]
["1534201",2,null,"1534201",0,null,"1534201",0]
["1538401",2,null,"1538401",0,null,"1538401",0]
["1538501",2,null,"1538501",0,null,"1538501",0]
["1539701",1,null,"1539701",0,null,"1539701",0]
["1540401",2,null,"1540401",0,null,"1540401",0]
["1541101",1,null,"1541101",0,null,"1541101",0]
["1542501",3,null,"1542501",0,null,"1542501",0]
["1543801",1,null,"1543801",0,null,"1543801",0]
["1544601",2,null,"1544601",0,null,"1544601",0]
["1545201",1,null,"1545201",0,null,"1545201",0]
["1545901",2,null,"1545901",1,null,"1545901",0]
["1546601",1,null,"1546601",0,null,"1546601",0]
["1547901",1,null,"1547901",0,null,"1547901",0]
["1550501",1,null,"1550501",0,null,"1550501",0]
["1552101",1,null,"1552101",0,null,"1552101",0]
["1553401",1,null,"1553401",0,null,"1553401",0]
["1554801",1,null,"1554801",0,null,"1554801",0]
["1556201",2,null,"1556201",0,null,"1556201",0]
["1557501",2,null,"1557501",0,null,"1557501",0]
["1558201",3,null,"1558201",0,null,"1558201",0]
["1560301",1,null,"1560301",1,null,"1560301",0]
["1560401",1,null,"1560401",0,null,"1560401",0]
["1563001",2,null,"1563001",0,null,"1563001",0]
["1564401",2,null,"1564401",0,null,"1564401",0]
["1569901",1,null,"1569901",0,null,"1569901",0]
["1572601",1,null,"1572601",0,null,"1572601",0]
["1574001",2,null,"1574001",0,null,"1574001",0]
["1575301",1,null,"1575301",0,null,"1575301",0]
["1578101",2,null,"1578101",0,null,"1578101",0]
["1580801",1,null,"1580801",0,null,"1580801",0]
["1582201",2,null,"1582201",0,null,"1582201",0]
["1583601",1,null,"1583601",0,null,"1583601",0]
["1584901",2,null,"1584901",0,null,"1584901",0]
["1585701",2,null,"1585701",0,null,"1585701",0]
["1586301",2,null,"1586301",0,null,"1586301",0]
["1587701",2,null,"1587701",0,null,"1587701",0]
["1588401",1,null,"1588401",0,null,"1588401",0]
["1588701",2,null,"1588701",0,null,"1588701",0]
["1588901",1,null,"1588901",0,null,"1588901",0]
["1589401",1,null,"1589401",0,null,"1589401",0]
["1590401",1,null,"1590401",1,null,"1590401",0]
["1591801",1,null,"1591801",0,null,"1591801",0]
["1595901",1,null,"1595901",0,null,"1595901",0]
["1598601",1,null,"1598601",0,null,"1598601",0]
["1600501",2,null,"1600501",0,null,"1600501",0]
["1601301",2,null,"1601301",0,null,"1601301",0]
["1602101",2,null,"1602101",0,null,"1602101",0]
["1602701",1,null,"1602701",0,null,"1602701",0]
["1605201",1,null,"1605201",0,null,"1605201",0]
["1606801",1,null,"1606801",0,null,"1606801",0]
["1608701",1,null,"1608701",0,null,"1608701",0]
["1609601",1,null,"1609601",0,null,"1609601",0]
["1611001",1,null,"1611001",0,null,"1611001",0]
["1612301",1,null,"1612301",1,null,"1612301",0]
["1613701",1,null,"1613701",0,null,"1613701",0]
["1614001",2,null,"1614001",0,null,"1614001",0]
["1614801",2,null,"1614801",0,null,"1614801",0]
["1615801",2,null,"1615801",0,null,"1615801",0]
["1616401",2,null,"1616401",0,null,"1616401",0]
["1617801",1,null,"1617801",0,null,"1617801",0]
["1617901",2,null,"1617901",0,null,"1617901",0]
["1619201",2,null,"1619201",0,null,"1619201",0]
["1621901",1,null,"1621901",0,null,"1621901",0]
["1623301",1,null,"1623301",0,null,"1623301",0]
["1626001",2,null,"1626001",1,null,"1626001",0]
["1627401",2,null,"1627401",0,null,"1627401",0]
["1628801",1,null,"1628801",0,null,"1628801",0]
["1630101",1,null,"1630101",0,null,"1630101",0]
["1631501",1,null,"1631501",0,null,"1631501",0]
["1632901",1,null,"1632901",0,null,"1632901",0]
["1634201",1,null,"1634201",0,null,"1634201",0]
["1635601",2,null,"1635601",0,null,"1635601",0]
["1636301",1,null,"1636301",0,null,"1636301",0]
["1637001",1,null,"1637001",0,null,"1637001",0]
["1638401",1,null,"1638401",0,null,"1638401",0]
["1642501",2,null,"1642501",0,null,"1642501",0]
["1642601",1,null,"1642601",0,null,"1642601",0]
["1643801",2,null,"1643801",0,null,"1643801",0]
["1645201",2,null,"1645201",0,null,"1645201",0]
["1646601",2,null,"1646601",0,null,"1646601",0]
["1647901",2,null,"1647901",0,null,"1647901",0]
["1649301",1,null,"1649301",0,null,"1649301",0]
["1650101",1,null,"1650101",0,null,"1650101",0]
["1650701",1,null,"1650701",0,null,"1650701",0]
["1653401",2,null,"1653401",0,null,"1653401",0]
["1654901",1,null,"1654901",0,null,"1654901",0]
["1656501",2,null,"1656501",0,null,"1656501",0]
["1657501",2,null,"1657501",0,null,"1657501",0]
["1658901",1,null,"1658901",0,null,"1658901",0]
["1660601",1,null,"1660601",0,null,"1660601",0]
["1661601",1,null,"1661601",0,null,"1661601",0]
["1663001",2,null,"1663001",0,null,"1663001",0]
["1664401",2,null,"1664401",0,null,"1664401",0]
["1665801",1,null,"1665801",0,null,"1665801",0]
["1666501",1,null,"1666501",0,null,"1666501",0]
["1667101",1,null,"1667101",0,null,"1667101",0]
["1668501",2,null,"1668501",0,null,"1668501",0]
["1669901",1,null,"1669901",0,null,"1669901",0]
["1671201",1,null,"1671201",0,null,"1671201",0]
["1674001",1,null,"1674001",1,null,"1674001",0]
["1675301",1,null,"1675301",0,null,"1675301",0]
["1676701",1,null,"1676701",0,null,"1676701",0]
["1678101",2,null,"1678101",0,null,"1678101",0]
["1679501",1,null,"1679501",0,null,"1679501",0]
["1680801",2,null,"1680801",0,null,"1680801",0]
["1682201",1,null,"1682201",0,null,"1682201",0]
["1683601",1,null,"1683601",0,null,"1683601",0]
["1684901",1,null,"1684901",0,null,"1684901",0]
["1686301",2,null,"1686301",0,null,"1686301",0]
["1686701",1,null,"1686701",0,null,"1686701",0]
["1686801",2,null,"1686801",0,null,"1686801",0.5]
["1686901",3,null,"1686901",0,null,"1686901",0]
["1687001",1,null,"1687001",0,null,"1687001",0]
["1687201",1,null,"1687201",0,null,"1687201",0]
["1687301",1,null,"1687301",0,null,"1687301",0]
["1687501",4,null,"1687501",2,null,"1687501",0]
["1687801",3,null,"1687801",0,null,"1687801",0]
["1688001",3,null,"1688001",0,null,"1688001",0]
["1688401",3,null,"1688401",0,null,"1688401",0]
["1688601",2,null,"1688601",0,null,"1688601",0]
["1689001",1,null,"1689001",0,null,"1689001",0]
["1690401",2,null,"1690401",0,null,"1690401",0]
["1690501",2,null,"1690501",0,null,"1690501",0]
["1691801",2,null,"1691801",0,null,"1691801",0]
["1692001",1,null,"1692001",0,null,"1692001",0]
["1693201",1,null,"1693201",0,null,"1693201",0]
["1694501",1,null,"1694501",0,null,"1694501",0]
["1695201",2,null,"1695201",0,null,"1695201",0]
["1695901",1,null,"1695901",0,null,"1695901",0]
["1697301",2,null,"1697301",0,null,"1697301",0]
["1698601",3,null,"1698601",0,null,"1698601",0]
["1698801",2,null,"1698801",0,null,"1698801",0]
["1700701",1,null,"1700701",0,null,"1700701",0]
["1701401",1,null,"1701401",1,null,"1701401",0]
["1702701",1,null,"1702701",0,null,"1702701",0]
["1703501",2,null,"1703501",0,null,"1703501",0]
["1704101",1,null,"1704101",0,null,"1704101",0]
["1706801",2,null,"1706801",0,null,"1706801",0]
["1708201",1,null,"1708201",0,null,"1708201",0]
["1711001",2,null,"1711001",0,null,"1711001",0]
["1712301",1,null,"1712301",0,null,"1712301",0]
["1713701",2,null,"1713701",0,null,"1713701",0]
["1715101",1,null,"1715101",0,null,"1715101",0]
["1716401",1,null,"1716401",0,null,"1716401",0]
["1717801",1,null,"1717801",0,null,"1717801",0]
["1719201",1,null,"1719201",0,null,"1719201",0]
["1719801",1,null,"1719801",0,null,"1719801",0]
["1720101",1,null,"1720101",0,null,"1720101",0]
["1720501",1,null,"1720501",0,null,"1720501",0]
["1721901",2,null,"1721901",0,null,"1721901",0]
["1722001",2,null,"1722001",0,null,"1722001",0]
["1724701",1,null,"1724701",0,null,"1724701",0]
["1726001",2,null,"1726001",0,null,"1726001",0]
["1727401",2,null,"1727401",0,null,"1727401",0]
["1728801",2,null,"1728801",0,null,"1728801",0]
["1730101",1,null,"1730101",0,null,"1730101",0]
["1732901",2,null,"1732901",0,null,"1732901",0]
["1734201",2,null,"1734201",0,null,"1734201",0]
["1735601",1,null,"1735601",0,null,"1735601",0]
["1737001",1,null,"1737001",1,null,"1737001",0]
["1738401",1,null,"1738401",0,null,"1738401",0]
["1739001",1,null,"1739001",0,null,"1739001",0.5]
["1739701",1,null,"1739701",0,null,"1739701",0]
["1739801",2,null,"1739801",0,null,"1739801",0]
["1739901",1,null,"1739901",0,null,"1739901",0]
["1740001",2,null,"1740001",0,null,"1740001",0]
["1740101",1,null,"1740101",0,null,"1740101",0]
["1740201",2,null,"1740201",1,null,"1740201",0]
["1740401",2,null,"1740401",0,null,"1740401",0]
["1740801",1,null,"1740801",0,null,"1740801",0]
["1741101",1,null,"1741101",0,null,"1741101",0]
["1741901",1,null,"1741901",0,null,"1741901",0]
["1742201",1,null,"1742201",0,null,"1742201",0]
["1742501",1,null,"1742501",1,null,"1742501",0]
["1743201",1,null,"1743201",0,null,"1743201",0]
["1743801",1,null,"1743801",0,null,"1743801",0]
["1746601",2,null,"1746601",0,null,"1746601",0]
["1747901",1,null,"1747901",0,null,"1747901",0]
["1749301",1,null,"1749301",0,null,"1749301",0]
["1750701",1,null,"1750701",0,null,"1750701",0]
["1752101",2,null,"1752101",0,null,"1752101",0]
["1753401",1,null,"1753401",0,null,"1753401",0]
["1754801",1,null,"1754801",1,null,"1754801",0]
["1756201",1,null,"1756201",0,null,"1756201",0]
["1756601",1,null,"1756601",0,null,"1756601",0.5]
["1756701",1,null,"1756701",0,null,"1756701",0]
["1756901",1,null,"1756901",0,null,"1756901",0]
["1757401",1,null,"1757401",0,null,"1757401",0]
["1757501",2,null,"1757501",0,null,"1757501",0]
["1758901",1,null,"1758901",0,null,"1758901",0]
["1760301",1,null,"1760301",1,null,"1760301",0]
["1760401",1,null,"1760401",0,null,"1760401",0]
["1761401",1,null,"1761401",0,null,"1761401",0]
["1761501",1,null,"1761501",0,null,"1761501",0]
["1761601",1,null,"1761601",0,null,"1761601",0]
["1763001",2,null,"1763001",0,null,"1763001",0]
["1763401",1,null,"1763401",0,null,"1763401",0]
["1763701",2,null,"1763701",0,null,"1763701",0]
["1764001",1,null,"1764001",0,null,"1764001",0]
["1764401",1,null,"1764401",0,null,"1764401",0]
["1764901",1,null,"1764901",0,null,"1764901",0]
["1765401",1,null,"1765401",0,null,"1765401",0]
["1765601",1,null,"1765601",0,null,"1765601",0]
["1765701",1,null,"1765701",1,null,"1765701",0]
["1765801",1,null,"1765801",0,null,"1765801",0]
["1766401",1,null,"1766401",0,null,"1766401",0]
["1766501",1,null,"1766501",0,null,"1766501",0]
["1766601",1,null,"1766601",0,null,"1766601",0.5]
["1766701",2,null,"1766701",0,null,"1766701",0]
["1766901",1,null,"1766901",0,null,"1766901",0]
["1767101",1,null,"1767101",0,null,"1767101",0]
["1769901",1,null,"1769901",0,null,"1769901",0]
["1771201",1,null,"1771201",0,null,"1771201",0]
["1771501",1,null,"1771501",0,null,"1771501",0]
["1771601",1,null,"1771601",0,null,"1771601",0]
["1771701",1,null,"1771701",0,null,"1771701",0]
["1771801",1,null,"1771801",0,null,"1771801",0]
["1771901",1,null,"1771901",0,null,"1771901",0]
["1772101",1,null,"1772101",0,null,"1772101",0]
["1772201",1,null,"1772201",0,null,"1772201",0]
["1772501",1,null,"1772501",0,null,"1772501",1]
["1773401",1,null,"1773401",0,null,"1773401",0]
["1774001",1,null,"1774001",1,null,"1774001",0]
["1774901",2,null,"1774901",0,null,"1774901",0]
["1775101",1,null,"1775101",0,null,"1775101",0]
["1775201",1,null,"1775201",0,null,"1775201",0]
["1776701",1,null,"1776701",0,null,"1776701",0]
["1777101",1,null,"1777101",0,null,"1777101",0]
["1777201",1,null,"1777201",0,null,"1777201",0]
["1777301",1,null,"1777301",0,null,"1777301",0]
["1777401",1,null,"1777401",1,null,"1777401",0]
["1777501",1,null,"1777501",0,null,"1777501",0]
["1777701",1,null,"1777701",0,null,"1777701",0]
["1778001",2,null,"1778001",0,null,"1778001",1]
["1778101",1,null,"1778101",0,null,"1778101",0]
["1778301",1,null,"1778301",0,null,"1778301",0]
["1779501",2,null,"1779501",0,null,"1779501",0]
["1780801",3,null,"1780801",0,null,"1780801",0]
["1782201",1,null,"1782201",0,null,"1782201",0]
["1783601",1,null,"1783601",0,null,"1783601",0]
["1784901",2,null,"1784901",0,null,"1784901",0]
["1786301",1,null,"1786301",0,null,"1786301",0]
["1787701",1,null,"1787701",0,null,"1787701",0]
["1789001",1,null,"1789001",1,null,"1789001",0]
["1789501",1,null,"1789501",0,null,"1789501",0]
["1790401",2,null,"1790401",0,null,"1790401",0]
["1795901",1,null,"1795901",0,null,"1795901",0]
["1800901",2,null,"1800901",0,null,"1800901",0]
["1802801",2,null,"1802801",0,null,"1802801",0]
["1803801",3,null,"1803801",0,null,"1803801",0]
["1804501",1,null,"1804501",0,null,"1804501",0]
["1804701",3,null,"1804701",0,null,"1804701",0]
["1805701",1,null,"1805701",0,null,"1805701",0]
["1805801",1,null,"1805801",0,null,"1805801",0]
["1806001",2,null,"1806001",0,null,"1806001",0]
["1806201",1,null,"1806201",0,null,"1806201",0]
["1806401",1,null,"1806401",0,null,"1806401",0]
["1806601",2,null,"1806601",0,null,"1806601",0]
["1807501",2,null,"1807501",0,null,"1807501",0]
["1808001",2,null,"1808001",0,null,"1808001",0]
["1809001",2,null,"1809001",0,null,"1809001",1]
["1809401",1,null,"1809401",0,null,"1809401",0]
["1810201",2,null,"1810201",0,null,"1810201",0]
["1810301",2,null,"1810301",0,null,"1810301",0]
["1810401",2,null,"1810401",0,null,"1810401",0]
["1810701",3,null,"1810701",1,null,"1810701",0]
["1811001",3,null,"1811001",0,null,"1811001",0]
["1811201",2,null,"1811201",2,null,"1811201",0]
["1811301",1,null,"1811301",0,null,"1811301",0]
["1811601",3,null,"1811601",0,null,"1811601",0]
["1811701",3,null,"1811701",0,null,"1811701",0]
["1811801",4,null,"1811801",0,null,"1811801",0]
["1812301",1,null,"1812301",1,null,"1812301",0]
["1812701",2,null,"1812701",0,null,"1812701",0]
["1813201",1,null,"1813201",0,null,"1813201",0]
["1813701",2,null,"1813701",1,null,"1813701",0]
["1814201",2,null,"1814201",0,null,"1814201",0]
["1815101",2,null,"1815101",0,null,"1815101",0]
["1815301",2,null,"1815301",0,null,"1815301",0]
["1816001",2,null,"1816001",0,null,"1816001",0.5]
["1816801",1,null,"1816801",0,null,"1816801",0]
["1816901",3,null,"1816901",0,null,"1816901",0]
["1817001",1,null,"1817001",0,null,"1817001",0]
["1817401",3,null,"1817401",0,null,"1817401",0]
["1817901",3,null,"1817901",0,null,"1817901",0]
["1818201",2,null,"1818201",0,null,"1818201",0]
["1818901",1,null,"1818901",0,null,"1818901",1]
["1820001",2,null,"1820001",0,null,"1820001",0]
["1820601",1,null,"1820601",0,null,"1820601",0]
["1820701",1,null,"1820701",0,null,"1820701",0]
["1820801",3,null,"1820801",0,null,"1820801",0]
["1821701",3,null,"1821701",0,null,"1821701",0]
["1822601",3,null,"1822601",0,null,"1822601",0]
["1822801",1,null,"1822801",0,null,"1822801",0.5]
["1823001",3,null,"1823001",0,null,"1823001",0]
["1823501",2,null,"1823501",0,null,"1823501",0]
["1823701",2,null,"1823701",0,null,"1823701",0]
["1823801",3,null,"1823801",0,null,"1823801",0]
["1824001",3,null,"1824001",0,null,"1824001",0]
["1824501",1,null,"1824501",0,null,"1824501",0]
["1825501",2,null,"1825501",0,null,"1825501",0]
["1825901",3,null,"1825901",0,null,"1825901",0]
["1826401",4,null,"1826401",0,null,"1826401",0]
["1826801",2,null,"1826801",0,null,"1826801",0]
["1827201",2,null,"1827201",0,null,"1827201",0]
["1828301",2,null,"1828301",0,null,"1828301",1]
["1830601",2,null,"1830601",0,null,"1830601",0]
["1832101",3,null,"1832101",0,null,"1832101",0]
["1834001",3,null,"1834001",0,null,"1834001",0]
["1834401",2,null,"1834401",0,null,"1834401",0]
["1835201",3,null,"1835201",0,null,"1835201",0]
["1835401",2,null,"1835401",0,null,"1835401",0]
["1835501",1,null,"1835501",0,null,"1835501",0]
["1835601",2,null,"1835601",0,null,"1835601",0]
["1835801",1,null,"1835801",0,null,"1835801",0]
["1836301",3,null,"1836301",0,null,"1836301",0]
["1837701",2,null,"1837701",0,null,"1837701",1]
["1838701",3,null,"1838701",0,null,"1838701",0]
["1839001",1,null,"1839001",0,null,"1839001",0]
["1839601",3,null,"1839601",0,null,"1839601",0]
["1840601",2,null,"1840601",0,null,"1840601",0]
["1842501",2,null,"1842501",2,null,"1842501",0]
["1843401",2,null,"1843401",0,null,"1843401",0]
["1846201",2,null,"1846201",0,null,"1846201",0]
["1848101",2,null,"1848101",1,null,"1848101",0]
["1848701",2,null,"1848701",0,null,"1848701",0]
["1849001",1,null,"1849001",0,null,"1849001",0]
["1849301",2,null,"1849301",0,null,"1849301",0]
["1850101",1,null,"1850101",0,null,"1850101",0]
["1851301",1,null,"1851301",0,null,"1851301",0]
["1851601",1,null,"1851601",2,null,"1851601",0]
["1851701",1,null,"1851701",0,null,"1851701",0]
["1851801",1,null,"1851801",0,null,"1851801",0]
["1852701",1,null,"1852701",0,null,"1852701",0]
["1852901",5,null,"1852901",2,null,"1852901",0]
["1853601",2,null,"1853601",0,null,"1853601",0]
["1854301",1,null,"1854301",2,null,"1854301",0]
["1854401",2,null,"1854401",0,null,"1854401",0]
["1855801",1,null,"1855801",0,null,"1855801",0]
["1857101",3,null,"1857101",0,null,"1857101",0]
["1857501",1,null,"1857501",0,null,"1857501",0]
["1857701",1,null,"1857701",1,null,"1857701",0]
["1858301",2,null,"1858301",0,null,"1858301",0]
["1859001",3,null,"1859001",0,null,"1859001",0]
["1859601",1,null,"1859601",0,null,"1859601",0]
["1860001",4,null,"1860001",0,null,"1860001",0]
["1860601",1,null,"1860601",0,null,"1860601",0]
["1860701",1,null,"1860701",0,null,"1860701",0]
["1860901",1,null,"1860901",0,null,"1860901",0]
["1861001",3,null,"1861001",0,null,"1861001",1]
["1861101",1,null,"1861101",0,null,"1861101",0]
["1861401",2,null,"1861401",0,null,"1861401",0]
["1861801",4,null,"1861801",1,null,"1861801",0]
["1862101",3,null,"1862101",0,null,"1862101",0]
["1863601",2,null,"1863601",0,null,"1863601",0]
["1864301",3,null,"1864301",1,null,"1864301",0]
["1865001",2,null,"1865001",0,null,"1865001",0]
["1866401",3,null,"1866401",0,null,"1866401",1]
["1867901",2,null,"1867901",0,null,"1867901",0]
["1868301",3,null,"1868301",0,null,"1868301",0]
["1868601",3,null,"1868601",0,null,"1868601",0]
["1869301",3,null,"1869301",1,null,"1869301",0]
["1869601",2,null,"1869601",0,null,"1869601",0]
["1870001",2,null,"1870001",1,null,"1870001",0]
["1870101",1,null,"1870101",0,null,"1870101",0]
["1871001",1,null,"1871001",1,null,"1871001",0]
["1871301",1,null,"1871301",0,null,"1871301",0]
["1871401",1,null,"1871401",0,null,"1871401",0]
["1871601",1,null,"1871601",1,null,"1871601",0]
["1872101",1,null,"1872101",0,null,"1872101",0]
["1872501",3,null,"1872501",0,null,"1872501",0]
["1872701",1,null,"1872701",0,null,"1872701",0]
["1872901",3,null,"1872901",0,null,"1872901",0]
["1873601",2,null,"1873601",1,null,"1873601",0]
["1873801",2,null,"1873801",0,null,"1873801",0]
["1874101",1,null,"1874101",0,null,"1874101",0]
["1874301",2,null,"1874301",0,null,"1874301",0]
["1874801",3,null,"1874801",0,null,"1874801",0]
["1875001",2,null,"1875001",2,null,"1875001",0]
["1875401",1,null,"1875401",0,null,"1875401",0]
["1876001",1,null,"1876001",0,null,"1876001",0]
["1876801",5,null,"1876801",0,null,"1876801",1]
["1877401",1,null,"1877401",0,null,"1877401",0]
["1877901",3,null,"1877901",0,null,"1877901",1]
["1878601",4,null,"1878601",0,null,"1878601",0]
["1881401",4,null,"1881401",0,null,"1881401",0]
["1883801",1,null,"1883801",0,null,"1883801",0]
["1884201",1,null,"1884201",0,null,"1884201",0]
["1884301",2,null,"1884301",0,null,"1884301",0]
["1885001",5,null,"1885001",4,null,"1885001",0]
["1885301",1,null,"1885301",0,null,"1885301",0]
["1886601",1,null,"1886601",0,null,"1886601",0]
["1886701",1,null,"1886701",0,null,"1886701",0]
["1886801",2,null,"1886801",0,null,"1886801",0]
["1887101",1,null,"1887101",0,null,"1887101",1]
["1887801",2,null,"1887801",0,null,"1887801",0]
["1888001",2,null,"1888001",0,null,"1888001",0]
["1888101",2,null,"1888101",0,null,"1888101",0]
["1888201",1,null,"1888201",0,null,"1888201",0]
["1888601",2,null,"1888601",0,null,"1888601",0]
["1889301",4,null,"1889301",0,null,"1889301",0]
["1889801",1,null,"1889801",0,null,"1889801",0]
["1890101",1,null,"1890101",0,null,"1890101",0]
["1890701",3,null,"1890701",0,null,"1890701",1]
["1891401",3,null,"1891401",0,null,"1891401",0]
["1891701",1,null,"1891701",0,null,"1891701",1]
["1892101",1,null,"1892101",0,null,"1892101",0]
["1892801",2,null,"1892801",0,null,"1892801",0]
["1894301",3,null,"1894301",0,null,"1894301",0]
["Grand Total",1117,null,"Grand Total",77,null,"Grand Total",17]

{"sheet":"ECAST Enroll & FTEs","index":7,"n_rows":1121,"n_cols":39,"rows_kept":1121,"cut":false,"hidden":true,"merged":[]}
[null,1,2,3,4,5,6,7,8,9,10,11,12,13,14,15,16,17,18,19,20,21,22,23,24,25,26,27,28,29,30,31,32,33,34,35,36]
["Home School","Cost Center","School Name","Norm Category","K-3","4-5 (6)","6-8","9-10","9-12","SDC K-5(6)","SDC 6-8","SDC 9-12","Pre-K SP ED","ST_PRE_SCH_PROG","TE","Grand Total","Total K-3 FTEs","Total 4-6 FTEs","Total 6-8 FTEs","Total 9-10 FTEs","Total 9-12 FTEs","Total FTEs","19-20 Norm Day Total Tchrs K-3","19-20 Norm Day Total Tchrs 4-6","19-20 Norm Day Total Tchrs 6-8","19-20 Norm Day Total Tchrs 9-10","19-20 Norm Day Total Tchrs 9-12","19-20 Norm Day Total Tchrs","Home School Count","Sort Count","Index","Admin FTEs","Counselor FTEs","Clerical FTEs",{"$f":"\"19-20 Norm Day \"&AF2","v":"19-20 Norm Day Admin FTEs"},{"$f":"\"19-20 Norm Day \"&AG2","v":"19-20 Norm Day Counselor FTEs"},"19-20 Norm Day Clerical FTEs","Teacher Appeals","Counselors (Plus 17)"]
["1194901","1194901","Marlton","PHBAO",57,44,0,0,0,37,14,52,4,null,null,208,3,2,0,0,0,5,3,2,0,0,0,5,{"$f":"VLOOKUP(A3,'Pivot ECAST'!A:B,2,FALSE)","v":1},1,{"$f":"A3&AD3","v":"11949011"},0,0,0,0,0,0,0,0]
["1201401","1201401","Albion El","PHBAO",79,85,0,0,0,8,null,null,17,null,null,189,4,3,0,0,0,7,5,3,0,0,0,8,{"$f":"VLOOKUP(A4,'Pivot ECAST'!A:B,2,FALSE)","v":1},{"$f":"IF(A4=A3,AD3+1,1)","v":1},"12014011",1,0,2,1,0,2,0,0]
["1202701","1202701","Aldama El","PHBAO",102,69,0,0,0,9,null,null,null,null,24,204,5,3,0,0,0,8,5,4,0,0,0,9,{"$f":"VLOOKUP(A5,'Pivot ECAST'!A:B,2,FALSE)","v":2},{"$f":"IF(A5=A4,AD4+1,1)","v":1},"12027011",1,0,2,1,0,2,0,0]
["1202701","1202702","Aldama El DL Two-Way Im Spanish","PHBAO",169,76,0,0,0,null,null,null,null,null,null,245,8,3,0,0,0,11,8,3,0,0,0,11,{"$f":"VLOOKUP(A6,'Pivot ECAST'!A:B,2,FALSE)","v":2},2,"12027012",0,0,0,0,0,0,1,0]
["1204101","1204101","Alexandria El","PHBAO",265,182,0,0,0,21,null,null,20,null,42,530,12,7,0,0,0,19,14,7,0,0,0,21,{"$f":"VLOOKUP(A7,'Pivot ECAST'!A:B,2,FALSE)","v":2},1,"12041011",1,0,2,1,0,2,0,0]
["1204101","1204102","Alexandria Ave. El DL Two-Way Im Spanish","PHBAO",66,0,0,0,0,null,null,null,null,null,null,66,3,0,0,0,0,3,2,0,0,0,0,2,{"$f":"VLOOKUP(A8,'Pivot ECAST'!A:B,2,FALSE)","v":2},2,"12041012",0,0,0,0,0,0,0,0]
["1204201","1204201","Harvard El","PHBAO",152,110,0,0,0,16,null,null,13,null,null,291,7,4,0,0,0,11,8,4,0,0,0,12,{"$f":"VLOOKUP(A9,'Pivot ECAST'!A:B,2,FALSE)","v":2},1,"12042011",1,0,2,1,0,2,0,0]
["1204201","1204202","Harvard El DL Two-Way Im Spanish","PHBAO",34,0,0,0,0,null,null,null,null,null,null,34,2,0,0,0,0,2,1,0,0,0,0,1,{"$f":"VLOOKUP(A10,'Pivot ECAST'!A:B,2,FALSE)","v":2},2,"12042012",0,0,0,0,0,0,0,0]
["1206801","1206801","Allesandro El","PHBAO",132,46,0,0,0,9,null,null,null,43,22,252,6,2,0,0,0,8,6,2,0,0,0,8,{"$f":"VLOOKUP(A11,'Pivot ECAST'!A:B,2,FALSE)","v":2},1,"12068011",1,0,2,1,0,2,0,0]
["1206801","1206802","Allesndro Coop Lr Mg","Magnet 2",69,80,0,0,0,null,null,null,null,null,null,149,3,3,0,0,0,6,3,3,0,0,0,6,{"$f":"VLOOKUP(A12,'Pivot ECAST'!A:B,2,FALSE)","v":2},2,"12068012",0,0,0,0,0,0,0,0]
["1208201","1208201","Alta Loma El","PHBAO",170,97,0,0,0,16,null,null,10,null,24,317,8,4,0,0,0,12,9,5,0,0,0,14,{"$f":"VLOOKUP(A13,'Pivot ECAST'!A:B,2,FALSE)","v":2},1,"12082011",1,0,2,1,0,2,0,0]
["1208201","1208202","Alta Loma El DL Two-Way Im Spanish","PHBAO",81,0,0,0,0,null,null,null,null,null,null,81,4,0,0,0,0,4,3,0,0,0,0,3,{"$f":"VLOOKUP(A14,'Pivot ECAST'!A:B,2,FALSE)","v":2},2,"12082012",0,0,0,0,0,0,0,0]
["1208901","1208901","Ambler El","PHBAO",194,88,0,0,0,25,null,null,8,null,24,339,9,4,0,0,0,13,9,4,0,0,0,13,{"$f":"VLOOKUP(A15,'Pivot ECAST'!A:B,2,FALSE)","v":3},1,"12089011",1,0,2,1,0,2,0,0]
["1208901","1208902","Ambler Avenue Elementary Gifted Magnet","Magnet 2",77,79,0,0,0,null,null,null,null,null,null,156,4,3,0,0,0,7,4,3,0,0,0,7,{"$f":"VLOOKUP(A16,'Pivot ECAST'!A:B,2,FALSE)","v":3},2,"12089012",0,0,0,0,0,0,0,0]
["1208901","1208903","Ambler El DL Two-Way Im Spanish","PHBAO",81,0,0,0,0,null,null,null,null,null,null,81,4,0,0,0,0,4,3,0,0,0,0,3,{"$f":"VLOOKUP(A17,'Pivot ECAST'!A:B,2,FALSE)","v":3},3,"12089013",0,0,0,0,0,0,0,0]
["1209601","1209601","Amestoy El","PHBAO",386,182,0,0,0,27,null,null,null,50,null,645,17,7,0,0,0,24,18,6,0,0,0,24,{"$f":"VLOOKUP(A18,'Pivot ECAST'!A:B,2,FALSE)","v":2},1,"12096011",1,0,2,1,0,3,0,0]
["1209601","1209602","Amestoy ES Multilingual/Multicultural Mg","Magnet 2",89,51,0,0,0,null,null,null,null,null,null,140,4,2,0,0,0,6,4,2,0,0,0,6,{"$f":"VLOOKUP(A19,'Pivot ECAST'!A:B,2,FALSE)","v":2},2,"12096012",0,0,0,0,0,0,0,0]
["1211001","1211001","Anatola El","PHBAO",198,106,0,0,0,32,null,null,null,null,24,360,9,4,0,0,0,13,10,4,0,0,0,14,{"$f":"VLOOKUP(A20,'Pivot ECAST'!A:B,2,FALSE)","v":1},1,"12110011",1,0,2,1,0,2,0,0]
["1211701","1211701","Andasol El","PHBAO",266,134,0,0,0,22,null,null,7,27,null,456,12,5,0,0,0,17,12,5,0,0,0,17,{"$f":"VLOOKUP(A21,'Pivot ECAST'!A:B,2,FALSE)","v":1},1,"12117011",1,0,2,1,0,2,0,0]
["1212301","1212301","Angeles Mesa El","PHBAO",104,42,0,0,0,15,null,null,19,null,17,197,5,2,0,0,0,7,6,2,0,0,0,8,{"$f":"VLOOKUP(A22,'Pivot ECAST'!A:B,2,FALSE)","v":2},1,"12123011",1,0,2,1,0,2,0,0]
["1212301","1212302","Angeles Mesa ES DREAMS Magnet","Magnet 2",72,56,0,0,0,null,null,null,null,null,null,128,3,2,0,0,0,5,3,2,0,0,0,5,{"$f":"VLOOKUP(A23,'Pivot ECAST'!A:B,2,FALSE)","v":2},2,"12123012",0,0,0,0,0,0,0,0]
["1213701","1213701","Ann El","PHBAO",49,35,0,0,0,null,null,null,null,null,null,84,3,2,0,0,0,5,3,2,0,0,0,5,{"$f":"VLOOKUP(A24,'Pivot ECAST'!A:B,2,FALSE)","v":1},1,"12137011",1,0,2,1,0,2,0,0]
["1214601","1214601","Annalee El","PHBAO",105,37,0,0,0,13,null,null,null,20,null,175,5,2,0,0,0,7,5,2,0,0,0,7,{"$f":"VLOOKUP(A25,'Pivot ECAST'!A:B,2,FALSE)","v":2},1,"12146011",1,0,2,1,0,2,0,0]
["1214601","1214602","Annalee Av ES STEAM Mag","Magnet 2",27,40,0,0,0,null,null,null,null,null,null,67,2,2,0,0,0,4,2,2,0,0,0,4,{"$f":"VLOOKUP(A26,'Pivot ECAST'!A:B,2,FALSE)","v":2},2,"12146012",0,0,0,0,0,0,0,0]
["1215101","1215101","Annandale El","PHBAO",69,48,0,0,0,26,null,null,3,null,null,146,3,2,0,0,0,5,4,2,0,0,0,6,{"$f":"VLOOKUP(A27,'Pivot ECAST'!A:B,2,FALSE)","v":1},1,"12151011",1,0,2,1,0,2,0,0]
["1216401","1216401","Apperson El","Desegregated/Receiver",313,121,0,0,0,null,null,null,12,null,24,470,14,4,0,0,0,18,14,4,0,0,0,18,{"$f":"VLOOKUP(A28,'Pivot ECAST'!A:B,2,FALSE)","v":1},1,"12164011",1,0,2,1,0,2,0,0]
["1217801","1217801","Aragon El","PHBAO",148,70,0,0,0,16,null,null,null,null,9,243,7,3,0,0,0,10,7,3,0,0,0,10,{"$f":"VLOOKUP(A29,'Pivot ECAST'!A:B,2,FALSE)","v":1},1,"12178011",1,0,2,1,0,2,0,0]
["1219201","1219201","Arlington Hts El","PHBAO",147,106,0,0,0,21,null,null,null,null,19,293,7,4,0,0,0,11,8,5,0,0,0,13,{"$f":"VLOOKUP(A30,'Pivot ECAST'!A:B,2,FALSE)","v":2},1,"12192011",1,0,2,1,0,2,0,0]
["1219201","1219202","Arlington Hts El DL Two-Way Im Spanish","PHBAO",45,0,0,0,0,null,null,null,null,null,null,45,2,0,0,0,0,2,2,0,0,0,0,2,{"$f":"VLOOKUP(A31,'Pivot ECAST'!A:B,2,FALSE)","v":2},2,"12192012",0,0,0,0,0,0,0,0]
["1220501","1220501","Arminta El","PHBAO",268,114,0,0,0,35,null,null,null,null,19,436,12,4,0,0,0,16,12,4,0,0,0,16,{"$f":"VLOOKUP(A32,'Pivot ECAST'!A:B,2,FALSE)","v":1},1,"12205011",1,0,2,1,0,2,0,0]
["1221901","1221901","Ascot El","PHBAO",458,241,0,0,0,72,null,null,null,null,39,810,20,9,0,0,0,29,21,8,0,0,0,29,{"$f":"VLOOKUP(A33,'Pivot ECAST'!A:B,2,FALSE)","v":1},1,"12219011",1,0,3,1,0,3,0,0]
["1223301","1223301","Atwater El","PHBAO",61,83,0,0,0,39,null,null,7,null,24,214,3,3,0,0,0,6,4,3,0,0,0,7,{"$f":"VLOOKUP(A34,'Pivot ECAST'!A:B,2,FALSE)","v":2},1,"12233011",1,0,2,1,0,2,0,0]
["1223301","1223302","Atwater El DL Two-Way Im Spanish","PHBAO",123,0,0,0,0,null,null,null,null,null,null,123,6,0,0,0,0,6,4,0,0,0,0,4,{"$f":"VLOOKUP(A35,'Pivot ECAST'!A:B,2,FALSE)","v":2},2,"12233012",0,0,0,0,0,0,0,0]
["1224701","1224701","Avalon Gardens El","PHBAO",84,62,0,0,0,23,null,null,6,null,null,175,4,3,0,0,0,7,4,3,0,0,0,7,{"$f":"VLOOKUP(A36,'Pivot ECAST'!A:B,2,FALSE)","v":1},1,"12247011",1,0,2,1,0,2,0,0]
["1225001","1225001","Acad For Enrch Sci","Magnet 1",191,117,0,0,0,10,null,null,null,null,null,318,8,4,0,0,0,12,8,4,0,0,0,12,{"$f":"VLOOKUP(A37,'Pivot ECAST'!A:B,2,FALSE)","v":1},1,"12250011",1,0,2,1,0,2,0,0]
["1226901","1226901","Balboa G/HA Mag","Magnet 1",406,310,0,0,0,null,null,null,null,null,null,716,17,10,0,0,0,27,16,11,0,0,0,27,{"$f":"VLOOKUP(A38,'Pivot ECAST'!A:B,2,FALSE)","v":1},1,"12269011",1,0,2,1,0,2,0,0]
["1227401","1227401","Baldwin Hills El","PHBAO",195,47,0,0,0,11,null,null,null,null,null,253,9,2,0,0,0,11,9,2,0,0,0,11,{"$f":"VLOOKUP(A39,'Pivot ECAST'!A:B,2,FALSE)","v":2},1,"12274011",1,0,2,1,0,2,0,0]
["1227401","1227402","Baldwin Hills Elementary Gifted Magnet","Magnet 2",83,97,0,0,0,null,null,null,null,null,null,180,4,4,0,0,0,8,4,4,0,0,0,8,{"$f":"VLOOKUP(A40,'Pivot ECAST'!A:B,2,FALSE)","v":2},2,"12274012",0,0,0,0,0,0,0,0]
["1228801","1228801","Bandini El","PHBAO",127,84,0,0,0,19,null,null,5,null,21,256,6,3,0,0,0,9,7,3,0,0,0,10,{"$f":"VLOOKUP(A41,'Pivot ECAST'!A:B,2,FALSE)","v":2},1,"12288011",1,0,2,1,0,2,0,0]
["1228801","1228802","Bandini St El DL Two-Way Im Spanish","PHBAO",22,0,0,0,0,null,null,null,null,null,null,22,1,0,0,0,0,1,0,0,0,0,0,0,{"$f":"VLOOKUP(A42,'Pivot ECAST'!A:B,2,FALSE)","v":2},2,"12288012",0,0,0,0,0,0,0,0]
["1230101","1230101","De La Torre Jr El","PHBAO",247,178,50,0,0,23,null,null,null,29,null,527,11,7,2,0,0,20,12,7,0,0,0,19,{"$f":"VLOOKUP(A43,'Pivot ECAST'!A:B,2,FALSE)","v":2},1,"12301011",1,0.5,2,1,0,2,0,0]
["1230101","1230102","De La Torre ES STEAM Magnet","Magnet 2",69,54,0,0,0,null,null,null,null,null,null,123,3,2,0,0,0,5,3,2,0,0,0,5,{"$f":"VLOOKUP(A44,'Pivot ECAST'!A:B,2,FALSE)","v":2},2,"12301012",0,0,0,0,0,0,0,0]
["1230201","1230201","Obama El","PHBAO",457,200,0,0,0,9,null,null,null,null,null,666,20,7,0,0,0,27,20,8,0,0,0,28,{"$f":"VLOOKUP(A45,'Pivot ECAST'!A:B,2,FALSE)","v":1},1,"12302011",1,0,2,1,0,2,0,0]
["1230301","1230301","Porter Ranch School","Desegregated/Receiver",491,240,403,0,0,null,1,null,null,null,null,1135,21,8,13,0,0,42,20,7,12,0,0,39,{"$f":"VLOOKUP(A46,'Pivot ECAST'!A:B,2,FALSE)","v":2},1,"12303011",2,0.5,3,2,0.5,3,1,0]
["1230301","1230302","Porter Ranch School DL Two-Way Im Korean","PHBAO",100,50,0,0,0,null,null,null,null,null,null,150,5,2,0,0,0,7,5,2,0,0,0,7,{"$f":"VLOOKUP(A47,'Pivot ECAST'!A:B,2,FALSE)","v":2},2,"12303012",0,0,0,0,0,0,0,0]
["1230601","1230601","Playa Vista Elementary Sch","Desegregated/Receiver",465,164,0,0,0,null,null,null,null,null,null,629,20,5,0,0,0,25,19,5,0,0,0,24,{"$f":"VLOOKUP(A48,'Pivot ECAST'!A:B,2,FALSE)","v":1},1,"12306011",1,0,2,1,0,2,0,0]
["1230701","1230701","Lee Med Hlth Mag","Magnet 2",431,224,0,0,0,null,null,null,null,null,null,655,18,8,0,0,0,26,19,8,0,0,0,27,{"$f":"VLOOKUP(A49,'Pivot ECAST'!A:B,2,FALSE)","v":1},1,"12307011",1,0,2,1,0,2,0,0]
["1230801","1230801","Ride El Smart Acad","PHBAO",324,164,0,0,0,8,null,null,null,null,null,496,14,6,0,0,0,20,14,6,0,0,0,20,{"$f":"VLOOKUP(A50,'Pivot ECAST'!A:B,2,FALSE)","v":1},1,"12308011",1,0,2,1,0,2,0,0]
["1230901","1230901","Willow El","PHBAO",145,81,0,0,0,12,null,null,5,null,null,243,7,3,0,0,0,10,7,3,0,0,0,10,{"$f":"VLOOKUP(A51,'Pivot ECAST'!A:B,2,FALSE)","v":2},1,"12309011",1,0,2,1,0,2,0,0]
["1230901","1230902","Willow El DL Two-Way Im Spanish","PHBAO",177,80,0,0,0,null,null,null,null,null,null,257,8,3,0,0,0,11,8,3,0,0,0,11,{"$f":"VLOOKUP(A52,'Pivot ECAST'!A:B,2,FALSE)","v":2},2,"12309012",0,0,0,0,0,0,0,0]
["1231101","1231101","Poindexter Lamotte El","PHBAO",300,202,0,0,0,31,null,null,null,null,null,533,13,8,0,0,0,21,13,8,0,0,0,21,{"$f":"VLOOKUP(A53,'Pivot ECAST'!A:B,2,FALSE)","v":1},1,"12311011",1,0,2,1,0,2,0,0]
["1231201","1231201","Lawson Acad A/M/S","PHBAO",290,201,0,0,0,21,null,null,null,null,null,512,13,8,0,0,0,21,14,8,0,0,0,22,{"$f":"VLOOKUP(A54,'Pivot ECAST'!A:B,2,FALSE)","v":1},1,"12312011",1,0,2,1,0,2,0,0]
["1231301","1231301","Moore M/S/T Acad","PHBAO",392,199,0,0,0,12,null,null,null,null,null,603,17,8,0,0,0,25,18,8,0,0,0,26,{"$f":"VLOOKUP(A55,'Pivot ECAST'!A:B,2,FALSE)","v":1},1,"12313011",1,0,2,1,0,2,0,0]
["1231501","1231501","Barton Hill El","PHBAO",218,98,0,0,0,17,null,null,6,18,15,372,10,4,0,0,0,14,11,4,0,0,0,15,{"$f":"VLOOKUP(A56,'Pivot ECAST'!A:B,2,FALSE)","v":2},1,"12315011",1,0,2,1,0,2,0,0]
["1231501","1231502","Barton Hill ES Maritime STEAM Magnet","Magnet 2",72,56,0,0,0,null,null,null,null,null,null,128,3,2,0,0,0,5,3,2,0,0,0,5,{"$f":"VLOOKUP(A57,'Pivot ECAST'!A:B,2,FALSE)","v":2},2,"12315012",0,0,0,0,0,0,0,0]
["1232301","1232301","Bassett El","PHBAO",387,184,0,0,0,27,null,null,13,null,45,656,17,7,0,0,0,24,18,8,0,0,0,26,{"$f":"VLOOKUP(A58,'Pivot ECAST'!A:B,2,FALSE)","v":1},1,"12323011",1,0,2,1,0,2,1,0]
["1232901","1232901","Beachy El","PHBAO",248,133,0,0,0,19,null,null,7,31,23,461,11,5,0,0,0,16,12,5,0,0,0,17,{"$f":"VLOOKUP(A59,'Pivot ECAST'!A:B,2,FALSE)","v":1},1,"12329011",1,0,2,1,0,2,0,0]
["1233501","1233501","Beckford Chtr Enr St","Desegregated/Receiver",388,188,0,0,0,3,null,null,null,null,null,579,17,6,0,0,0,23,17,6,0,0,0,23,{"$f":"VLOOKUP(A60,'Pivot ECAST'!A:B,2,FALSE)","v":1},1,"12335011",1,0,2,1,0,2,1,0]
["1234201","1234201","Beethoven El","Desegregated/Receiver",271,109,0,0,0,null,null,null,7,null,null,387,12,4,0,0,0,16,12,3,0,0,0,15,{"$f":"VLOOKUP(A61,'Pivot ECAST'!A:B,2,FALSE)","v":1},1,"12342011",1,0,2,1,0,2,0,0]
["1236901","1236901","RFK Ambsdr Glbl Edu","PHBAO",74,47,0,0,0,21,null,null,null,null,null,142,4,2,0,0,0,6,4,2,0,0,0,6,{"$f":"VLOOKUP(A62,'Pivot ECAST'!A:B,2,FALSE)","v":3},1,"12369011",1,0,2,1,0,2,0,0]
["1236901","1236902","Rfk Ambsdr Glbl DL One-Way Im Spanish","PHBAO",84,45,0,0,0,null,null,null,null,null,null,129,4,2,0,0,0,6,4,2,0,0,0,6,{"$f":"VLOOKUP(A63,'Pivot ECAST'!A:B,2,FALSE)","v":3},2,"12369012",0,0,0,0,0,0,0,0]
["1236901","1236903","Rfk Ambsdr Glbl Ed DL Two-Way Im Korean","PHBAO",57,27,0,0,0,null,null,null,null,null,null,84,3,1,0,0,0,4,3,1,0,0,0,4,{"$f":"VLOOKUP(A64,'Pivot ECAST'!A:B,2,FALSE)","v":3},3,"12369013",0,0,0,0,0,0,0,0]
["1237201","1237201","Ochoa LC","PHBAO",200,105,492,0,0,37,40,null,18,64,null,956,9,4,18,0,0,31,9,4,18,0,0,31,{"$f":"VLOOKUP(A65,'Pivot ECAST'!A:B,2,FALSE)","v":2},1,"12372011",3,1,3,3,1,3,0,0]
["1237201","1237202","Ochoa Lc DL Two-Way Im Spanish","PHBAO",296,136,0,0,0,null,null,null,null,null,null,432,13,5,0,0,0,18,13,5,0,0,0,18,{"$f":"VLOOKUP(A66,'Pivot ECAST'!A:B,2,FALSE)","v":2},2,"12372012",0,0,0,0,0,0,0,0]
["1237501","1237501","Hughes El","PHBAO",313,211,0,0,0,37,null,null,8,31,null,600,14,8,0,0,0,22,15,8,0,0,0,23,{"$f":"VLOOKUP(A67,'Pivot ECAST'!A:B,2,FALSE)","v":2},1,{"$f":"A67&AD67","v":"12375011"},1,0,2,1,0,2,0,0]
["1237501","1237502","Teresa P Hughes Elem Science/Tech/Math Magnet","Magnet 2",59,54,0,0,0,null,null,null,null,null,null,113,3,2,0,0,0,5,3,2,0,0,0,5,{"$f":"VLOOKUP(A68,'Pivot ECAST'!A:B,2,FALSE)","v":2},2,"12375012",0,0,0,0,0,0,0,0]
["1237801","1237801","Nueva Vista El","PHBAO",415,214,0,0,0,22,null,null,7,null,24,682,18,8,0,0,0,26,19,9,0,0,0,28,{"$f":"VLOOKUP(A69,'Pivot ECAST'!A:B,2,FALSE)","v":2},{"$f":"IF(A69=A68,AD68+1,1)","v":1},"12378011",1,0,3,1,0,3,0,0]
["1237801","1237802","Nueva Vista Elem Visual And Performing Arts","Magnet 2",28,103,0,0,0,null,null,null,null,null,null,131,2,4,0,0,0,6,2,4,0,0,0,6,{"$f":"VLOOKUP(A70,'Pivot ECAST'!A:B,2,FALSE)","v":2},2,"12378012",0,0,0,0,0,0,0,0]
["1238101","1238101","Maywood El","PHBAO",299,99,0,0,0,17,null,null,null,null,24,439,13,4,0,0,0,17,14,5,0,0,0,19,{"$f":"VLOOKUP(A71,'Pivot ECAST'!A:B,2,FALSE)","v":2},1,"12381011",1,0,2,1,0,2,0,0]
["1238101","1238102","Maywood ES Computer Science Magnet","Magnet 2",24,55,0,0,0,null,null,null,null,null,null,79,1,2,0,0,0,3,0,0,0,0,0,0,{"$f":"VLOOKUP(A72,'Pivot ECAST'!A:B,2,FALSE)","v":2},2,"12381012",0,0,0,0,0,0,0,0]
["1238301","1238301","Esperanza El","PHBAO",415,277,0,0,0,38,null,null,10,null,21,761,18,11,0,0,0,29,20,10,0,0,0,30,{"$f":"VLOOKUP(A73,'Pivot ECAST'!A:B,2,FALSE)","v":1},1,"12383011",1,0,3,1,0,3,0,0]
["1238401","1238401","Politi El","PHBAO",374,211,0,0,0,76,null,null,17,null,24,702,16,8,0,0,0,24,17,7,0,0,0,24,{"$f":"VLOOKUP(A74,'Pivot ECAST'!A:B,2,FALSE)","v":1},1,"12384011",1,0,2,1,0,2,0,0]
["1238501","1238501","Gratts LA for YS","PHBAO",304,182,0,0,0,null,null,null,null,null,null,486,13,7,0,0,0,20,8,11,0,0,0,19,{"$f":"VLOOKUP(A75,'Pivot ECAST'!A:B,2,FALSE)","v":2},1,"12385011",1,0,2,1,0,2,0,0]
["1238501","1238502","Gratts LA For YS DL One-Way Im Spanish","PHBAO",67,0,0,0,0,null,null,null,null,null,null,67,3,0,0,0,0,3,2,0,0,0,0,2,{"$f":"VLOOKUP(A76,'Pivot ECAST'!A:B,2,FALSE)","v":2},2,"12385012",0,0,0,0,0,0,0,0]
["1238601","1238601","Del Olmo El","PHBAO",361,198,0,0,0,32,null,null,9,null,47,647,16,7,0,0,0,23,17,7,0,0,0,24,{"$f":"VLOOKUP(A77,'Pivot ECAST'!A:B,2,FALSE)","v":1},1,"12386011",1,0,2,1,0,2,1,0]
["1239101","1239101","Huntington Park El","PHBAO",145,127,0,0,0,12,null,null,null,43,null,327,7,5,0,0,0,12,8,5,0,0,0,13,{"$f":"VLOOKUP(A78,'Pivot ECAST'!A:B,2,FALSE)","v":2},1,"12391011",1,0,2,1,0,2,0,0]
["1239101","1239102","Huntington Pk El DL Two-Way Im Spanish","PHBAO",84,0,0,0,0,null,null,null,null,null,null,84,4,0,0,0,0,4,3,0,0,0,0,3,{"$f":"VLOOKUP(A79,'Pivot ECAST'!A:B,2,FALSE)","v":2},2,"12391012",0,0,0,0,0,0,0,0]
["1239201","1239201","Olympic PC","PHBAO",121,0,0,0,0,null,null,null,21,null,46,188,6,0,0,0,0,6,6,0,0,0,0,6,{"$f":"VLOOKUP(A80,'Pivot ECAST'!A:B,2,FALSE)","v":1},1,"12392011",1,0,2,1,0,2,0,0]
["1239301","1239301","Lake St Primary","PHBAO",154,0,0,0,0,8,null,null,31,null,17,210,7,0,0,0,0,7,7,0,0,0,0,7,{"$f":"VLOOKUP(A81,'Pivot ECAST'!A:B,2,FALSE)","v":1},1,"12393011",1,0,2,1,0,2,0,0]
["1239701","1239701","Belvedere El","PHBAO",415,210,0,0,0,43,null,null,7,null,21,696,18,8,0,0,0,26,19,7,0,0,0,26,{"$f":"VLOOKUP(A82,'Pivot ECAST'!A:B,2,FALSE)","v":1},1,"12397011",1,0,2,1,0,2,0,0]
["1243801","1243801","Bertrand El","PHBAO",221,101,0,0,0,10,null,null,19,null,24,375,10,4,0,0,0,14,10,4,0,0,0,14,{"$f":"VLOOKUP(A83,'Pivot ECAST'!A:B,2,FALSE)","v":1},1,"12438011",1,0,2,1,0,2,0,0]
["1247001","1247001","Blythe El","PHBAO",193,83,0,0,0,31,null,null,21,null,23,351,9,4,0,0,0,13,9,5,0,0,0,14,{"$f":"VLOOKUP(A84,'Pivot ECAST'!A:B,2,FALSE)","v":1},1,"12470011",1,0,2,1,0,2,0,0]
["1247301","1247301","Bonita El","PHBAO",250,121,0,0,0,39,null,null,null,null,15,425,11,5,0,0,0,16,12,5,0,0,0,17,{"$f":"VLOOKUP(A85,'Pivot ECAST'!A:B,2,FALSE)","v":1},1,"12473011",1,0,2,1,0,2,0,0]
["1247901","1247901","Braddock Drive El","PHBAO",155,69,0,0,0,null,null,null,null,27,null,251,7,3,0,0,0,10,7,3,0,0,0,10,{"$f":"VLOOKUP(A86,'Pivot ECAST'!A:B,2,FALSE)","v":3},1,"12479011",1,0,2,1,0,2,0,0]
["1247901","1247902","Braddock Drive Elementary Gifted Magnet","Magnet 1",39,62,0,0,0,null,null,null,null,null,null,101,2,2,0,0,0,4,2,2,0,0,0,4,{"$f":"VLOOKUP(A87,'Pivot ECAST'!A:B,2,FALSE)","v":3},2,"12479012",0,0,0,0,0,0,0,0]
["1247901","1247903","Braddock Dr El DL World Lang Im Mandarin","PHBAO",182,43,0,0,0,null,null,null,null,null,null,225,8,2,0,0,0,10,8,0,0,0,0,8,{"$f":"VLOOKUP(A88,'Pivot ECAST'!A:B,2,FALSE)","v":3},3,"12479013",0,0,0,0,0,0,0,0]
["1248601","1248601","Brainard El","PHBAO",91,45,0,0,0,30,null,null,6,null,null,172,4,2,0,0,0,6,4,2,0,0,0,6,{"$f":"VLOOKUP(A89,'Pivot ECAST'!A:B,2,FALSE)","v":1},1,"12486011",1,0,2,1,0,2,0,0]
["1249301","1249301","Breed El","PHBAO",148,123,0,0,0,9,null,null,11,null,10,301,7,5,0,0,0,12,7,5,0,0,0,12,{"$f":"VLOOKUP(A90,'Pivot ECAST'!A:B,2,FALSE)","v":1},1,"12493011",1,0,2,1,0,2,0,0]
["1250701","1250701","Brentwood Sci Mag","Magnet 2",193,185,0,0,0,19,null,null,null,null,null,397,9,7,0,0,0,16,9,7,0,0,0,16,{"$f":"VLOOKUP(A91,'Pivot ECAST'!A:B,2,FALSE)","v":1},1,"12507011",1,0,2,1,0,2,0,0]
["1252101","1252101","Bridge El","PHBAO",100,42,0,0,0,53,null,null,null,null,10,205,5,2,0,0,0,7,5,2,0,0,0,7,{"$f":"VLOOKUP(A92,'Pivot ECAST'!A:B,2,FALSE)","v":1},1,"12521011",1,0,2,1,0,2,0,0]
["1252701","1252701","Broad Ave El","PHBAO",220,145,0,0,0,46,null,null,9,31,18,469,10,6,0,0,0,16,12,6,0,0,0,18,{"$f":"VLOOKUP(A93,'Pivot ECAST'!A:B,2,FALSE)","v":2},1,"12527011",1,0,2,1,0,2,0,0]
["1252701","1252702","Broad Ave El DL Two-Way Im Spanish","PHBAO",105,0,0,0,0,null,null,null,null,null,null,105,5,0,0,0,0,5,3,0,0,0,0,3,{"$f":"VLOOKUP(A94,'Pivot ECAST'!A:B,2,FALSE)","v":2},2,"12527012",0,0,0,0,0,0,0,0]
["1253001","1253001","Broadacres El","PHBAO",170,83,0,0,0,29,null,null,null,null,23,305,8,3,0,0,0,11,8,3,0,0,0,11,{"$f":"VLOOKUP(A95,'Pivot ECAST'!A:B,2,FALSE)","v":1},1,"12530011",1,0,2,1,0,2,0,0]
["1253401","1253401","Broadway El","PHBAO",0,0,0,0,0,null,null,null,null,null,null,0,0,0,0,0,0,0,0,0,0,0,0,0,{"$f":"VLOOKUP(A96,'Pivot ECAST'!A:B,2,FALSE)","v":3},1,"12534011",1,0,2,1,0,2,0,0]
["1253401","1253402","Broadway El DL World Lang Im Spanish","PHBAO",164,41,0,0,0,null,null,null,null,null,null,205,7,2,0,0,0,9,7,1,0,0,0,8,{"$f":"VLOOKUP(A97,'Pivot ECAST'!A:B,2,FALSE)","v":3},2,"12534012",0,0,0,0,0,0,0,0]
["1253401","1253403","Broadway El DL World Lang Im Mandarin","Desegregated/Receiver",278,128,0,0,0,null,null,null,null,null,null,406,12,4,0,0,0,16,12,5,0,0,0,17,{"$f":"VLOOKUP(A98,'Pivot ECAST'!A:B,2,FALSE)","v":3},3,"12534013",0,0,0,0,0,0,0,0]
["1254201","1254201","White El","PHBAO",122,108,0,0,0,15,null,null,null,null,null,245,6,4,0,0,0,10,6,5,0,0,0,11,{"$f":"VLOOKUP(A99,'Pivot ECAST'!A:B,2,FALSE)","v":2},1,"12542011",1,0,2,1,0,2,0,0]
["1254201","1254202","White ES Visual Arts Magnet","Magnet 2",72,27,0,0,0,null,null,null,null,null,null,99,3,1,0,0,0,4,3,0,0,0,0,3,{"$f":"VLOOKUP(A100,'Pivot ECAST'!A:B,2,FALSE)","v":2},2,"12542012",0,0,0,0,0,0,0,0]
["1254301","1254301","Lafayette Park PC","PHBAO",65,0,0,0,0,null,null,null,16,19,null,100,3,0,0,0,0,3,3,0,0,0,0,3,{"$f":"VLOOKUP(A101,'Pivot ECAST'!A:B,2,FALSE)","v":1},1,"12543011",1,0,2,1,0,2,0,0]
["1254401","1254401","Macarthur Park VPA","PHBAO",171,87,0,0,0,null,null,null,null,null,22,280,8,4,0,0,0,12,8,4,0,0,0,12,{"$f":"VLOOKUP(A102,'Pivot ECAST'!A:B,2,FALSE)","v":2},1,"12544011",1,0,2,1,0,2,0,0]
["1254401","1254402","Macarthur Park VPA DL Two-Way Im Spanish","PHBAO",139,87,0,0,0,null,null,null,null,null,null,226,6,4,0,0,0,10,8,3,0,0,0,11,{"$f":"VLOOKUP(A103,'Pivot ECAST'!A:B,2,FALSE)","v":2},2,"12544012",0,0,0,0,0,0,0,0]
["1254801","1254801","Brockton El","PHBAO",110,68,0,0,0,12,null,null,3,null,21,214,5,3,0,0,0,8,6,3,0,0,0,9,{"$f":"VLOOKUP(A104,'Pivot ECAST'!A:B,2,FALSE)","v":1},1,"12548011",1,0,2,1,0,2,0,0]
["1256201","1256201","Brooklyn Ave El","PHBAO",196,93,169,0,0,24,7,null,null,null,null,489,9,4,6,0,0,19,9,4,7,0,0,20,{"$f":"VLOOKUP(A105,'Pivot ECAST'!A:B,2,FALSE)","v":1},1,"12562011",1,0.5,2,1,0.5,2,1,0]
["1258901","1258901","Bryson El","PHBAO",293,146,0,0,0,42,null,null,null,null,24,505,13,6,0,0,0,19,15,5,0,0,0,20,{"$f":"VLOOKUP(A106,'Pivot ECAST'!A:B,2,FALSE)","v":2},1,"12589011",1,0,3,1,0,3,1,0]
["1258901","1258902","Bryson Avenue Elem Science/Tech/Math Mag","Magnet 2",143,110,0,0,0,null,null,null,null,null,null,253,6,4,0,0,0,10,6,4,0,0,0,10,{"$f":"VLOOKUP(A107,'Pivot ECAST'!A:B,2,FALSE)","v":2},2,"12589012",0,0,0,0,0,0,0,0]
["1260301","1260301","Buchanan El","PHBAO",87,42,0,0,0,19,null,null,null,null,21,169,4,2,0,0,0,6,5,2,0,0,0,7,{"$f":"VLOOKUP(A108,'Pivot ECAST'!A:B,2,FALSE)","v":2},1,"12603011",1,0,2,1,0,2,0,0]
["1260301","1260302","Buchanan Street Elem Science/Tech/Math Magnet","Magnet 2",81,56,0,0,0,null,null,null,null,null,null,137,4,2,0,0,0,6,4,2,0,0,0,6,{"$f":"VLOOKUP(A109,'Pivot ECAST'!A:B,2,FALSE)","v":2},2,"12603012",0,0,0,0,0,0,0,0]
["1261601","1261601","Budlong El","PHBAO",556,279,0,0,0,19,null,null,null,null,null,854,24,11,0,0,0,35,25,10,0,0,0,35,{"$f":"VLOOKUP(A110,'Pivot ECAST'!A:B,2,FALSE)","v":1},1,"12616011",1,0,3,1,0,3,0,0]
["1261901","1261901","Wilshire Park El","PHBAO",244,119,0,0,0,16,null,null,null,null,null,379,11,5,0,0,0,16,11,5,0,0,0,16,{"$f":"VLOOKUP(A111,'Pivot ECAST'!A:B,2,FALSE)","v":1},1,"12619011",1,0,2,1,0,2,0,0]
["1263001","1263001","Burbank El","PHBAO",179,75,0,0,0,null,null,null,11,43,null,308,8,3,0,0,0,11,9,3,0,0,0,12,{"$f":"VLOOKUP(A112,'Pivot ECAST'!A:B,2,FALSE)","v":2},1,"12630011",1,0,2,1,0,2,0,0]
["1263001","1263002","Burbank El Gifted Global Learning Mag","Magnet 1",45,58,0,0,0,null,null,null,null,null,null,103,2,2,0,0,0,4,2,2,0,0,0,4,{"$f":"VLOOKUP(A113,'Pivot ECAST'!A:B,2,FALSE)","v":2},2,"12630012",0,0,0,0,0,0,0,0]
["1264401","1264401","Saturn El","PHBAO",73,15,0,0,0,39,null,null,19,null,23,169,4,1,0,0,0,5,4,2,0,0,0,6,{"$f":"VLOOKUP(A114,'Pivot ECAST'!A:B,2,FALSE)","v":2},1,"12644011",1,0,2,1,0,2,0,0]
["1264401","1264402","Saturn St ES Arts/Media Magnet","Magnet 2",80,50,0,0,0,null,null,null,null,null,null,130,4,2,0,0,0,6,4,2,0,0,0,6,{"$f":"VLOOKUP(A115,'Pivot ECAST'!A:B,2,FALSE)","v":2},2,"12644012",0,0,0,0,0,0,0,0]
["1265801","1265801","Burton El","PHBAO",174,87,0,0,0,17,null,null,16,null,19,313,8,4,0,0,0,12,9,4,0,0,0,13,{"$f":"VLOOKUP(A116,'Pivot ECAST'!A:B,2,FALSE)","v":1},1,"12658011",1,0,2,1,0,2,0,0]
["1267101","1267101","Bushnell Way El","PHBAO",53,50,0,0,0,20,null,null,null,22,11,156,3,2,0,0,0,5,3,2,0,0,0,5,{"$f":"VLOOKUP(A117,'Pivot ECAST'!A:B,2,FALSE)","v":2},1,"12671011",1,0,2,1,0,2,0,0]
["1267101","1267102","Bushnell Way El DL Two-Way Im Spanish","PHBAO",58,0,0,0,0,null,null,null,null,null,null,58,3,0,0,0,0,3,2,0,0,0,0,2,{"$f":"VLOOKUP(A118,'Pivot ECAST'!A:B,2,FALSE)","v":2},2,"12671012",0,0,0,0,0,0,0,0]
["1268501","1268501","Cabrillo El","PHBAO",145,54,0,0,0,23,null,null,11,null,null,233,7,2,0,0,0,9,8,2,0,0,0,10,{"$f":"VLOOKUP(A119,'Pivot ECAST'!A:B,2,FALSE)","v":2},1,"12685011",1,0,2,1,0,2,0,0]
["1268501","1268502","Cabrillo Av ES STEAM Magnet","Magnet 2",66,55,0,0,0,null,null,null,null,null,null,121,3,2,0,0,0,5,3,2,0,0,0,5,{"$f":"VLOOKUP(A120,'Pivot ECAST'!A:B,2,FALSE)","v":2},2,"12685012",0,0,0,0,0,0,0,0]
["1269901","1269901","Cahuenga El","PHBAO",103,51,0,0,0,23,null,null,null,null,null,177,5,2,0,0,0,7,5,3,0,0,0,8,{"$f":"VLOOKUP(A121,'Pivot ECAST'!A:B,2,FALSE)","v":3},1,"12699011",1,0,2,1,0,2,0,0]
["1269901","1269902","Cahuenga El DL One-Way Im Spanish","PHBAO",76,41,0,0,0,null,null,null,null,null,null,117,4,2,0,0,0,6,4,1,0,0,0,5,{"$f":"VLOOKUP(A122,'Pivot ECAST'!A:B,2,FALSE)","v":3},2,"12699012",0,0,0,0,0,0,0,0]
["1269901","1269903","Cahuenga El DL Two-Way Im Korean","PHBAO",85,44,0,0,0,null,null,null,null,null,null,129,4,2,0,0,0,6,4,2,0,0,0,6,{"$f":"VLOOKUP(A123,'Pivot ECAST'!A:B,2,FALSE)","v":3},3,"12699013",0,0,0,0,0,0,0,0]
["1270101","1270101","Kim El","PHBAO",151,88,0,0,0,9,null,null,10,null,null,258,7,4,0,0,0,11,8,4,0,0,0,12,{"$f":"VLOOKUP(A124,'Pivot ECAST'!A:B,2,FALSE)","v":3},1,"12701011",1,0,2,1,0,2,0,0]
["1270101","1270102","Kim El DL Two-Way Im Spanish","PHBAO",92,46,0,0,0,null,null,null,null,null,null,138,4,2,0,0,0,6,5,2,0,0,0,7,{"$f":"VLOOKUP(A125,'Pivot ECAST'!A:B,2,FALSE)","v":3},2,"12701012",0,0,0,0,0,0,0,0]
["1270101","1270103","Kim El DL One-Way Im Korean","PHBAO",149,49,0,0,0,null,null,null,null,null,null,198,7,2,0,0,0,9,7,2,0,0,0,9,{"$f":"VLOOKUP(A126,'Pivot ECAST'!A:B,2,FALSE)","v":3},3,"12701013",0,0,0,0,0,0,0,0]
["1270401","1270401","Calabash CA","Desegregated/Receiver",291,134,0,0,0,null,null,null,null,null,null,425,13,4,0,0,0,17,13,4,0,0,0,17,{"$f":"VLOOKUP(A127,'Pivot ECAST'!A:B,2,FALSE)","v":1},1,"12704011",1,0,2,1,0,2,0,0]
["1270601","1270601","Calahan Street Elementary","PHBAO",318,146,0,0,0,6,null,null,9,null,null,479,14,6,0,0,0,20,14,6,0,0,0,20,{"$f":"VLOOKUP(A128,'Pivot ECAST'!A:B,2,FALSE)","v":1},1,"12706011",1,0,2,1,0,2,0,0]
["1271201","1271201","Calvert Chtr For ES","Desegregated/Receiver",220,105,0,0,0,18,null,null,null,25,null,368,10,4,0,0,0,14,10,4,0,0,0,14,{"$f":"VLOOKUP(A129,'Pivot ECAST'!A:B,2,FALSE)","v":1},1,"12712011",1,0,2,1,0,2,0,0]
["1272601","1272601","Camellia El","PHBAO",217,160,0,0,0,29,null,null,16,null,21,443,10,6,0,0,0,16,11,6,0,0,0,17,{"$f":"VLOOKUP(A130,'Pivot ECAST'!A:B,2,FALSE)","v":2},1,"12726011",1,0,2,1,0,2,0,0]
["1272601","1272602","Camellia Ave El DL Two-Way Im Spanish","PHBAO",42,0,0,0,0,null,null,null,null,null,null,42,2,0,0,0,0,2,1,0,0,0,0,1,{"$f":"VLOOKUP(A131,'Pivot ECAST'!A:B,2,FALSE)","v":2},2,{"$f":"A131&AD131","v":"12726012"},0,0,0,0,0,0,0,0]
["1274001","1274001","Canfield El","Desegregated/Receiver",292,100,0,0,0,17,null,null,10,null,null,419,13,3,0,0,0,16,13,3,0,0,0,16,{"$f":"VLOOKUP(A132,'Pivot ECAST'!A:B,2,FALSE)","v":1},1,"12740011",1,0,2,1,0,2,0,0]
["1274101","1274101","Community El Mag CS","Magnet 1",280,183,0,0,0,null,null,null,null,null,null,463,12,6,0,0,0,18,12,6,0,0,0,18,{"$f":"VLOOKUP(A133,'Pivot ECAST'!A:B,2,FALSE)","v":1},{"$f":"IF(A133=A132,AD132+1,1)","v":1},"12741011",1,0,2,1,0,2,0,0]
["1275301","1275301","Canoga Park El","PHBAO",324,180,0,0,0,46,null,null,15,null,24,589,14,7,0,0,0,21,15,7,0,0,0,22,{"$f":"VLOOKUP(A134,'Pivot ECAST'!A:B,2,FALSE)","v":1},1,"12753011",1,0,2,1,0,2,1,0]
["1276701","1276701","Cantara El","PHBAO",218,73,0,0,0,27,null,null,10,null,24,352,10,3,0,0,0,13,10,3,0,0,0,13,{"$f":"VLOOKUP(A135,'Pivot ECAST'!A:B,2,FALSE)","v":2},1,"12767011",1,0,2,1,0,2,0,0]
["1276701","1276702","Cantara St ES Visual/Perf Arts Magnet","Magnet 2",18,50,0,0,0,null,null,null,null,null,null,68,1,2,0,0,0,3,1,2,0,0,0,3,{"$f":"VLOOKUP(A136,'Pivot ECAST'!A:B,2,FALSE)","v":2},2,"12767012",0,0,0,0,0,0,0,0]
["1278101","1278101","Canterbury El","PHBAO",314,141,0,0,0,12,null,null,8,null,24,499,14,5,0,0,0,19,14,6,0,0,0,20,{"$f":"VLOOKUP(A137,'Pivot ECAST'!A:B,2,FALSE)","v":2},1,"12781011",1,0,2,1,0,3,0,0]
["1278101","1278102","Canterbury Avenue Elementary Gifted Magnet","Magnet 2",127,110,0,0,0,null,null,null,null,null,null,237,6,4,0,0,0,10,6,4,0,0,0,10,{"$f":"VLOOKUP(A138,'Pivot ECAST'!A:B,2,FALSE)","v":2},2,"12781012",0,0,0,0,0,0,0,0]
["1279501","1279501","Canyon El","Desegregated/Receiver",267,133,0,0,0,null,null,null,null,null,null,400,12,4,0,0,0,16,12,4,0,0,0,16,{"$f":"VLOOKUP(A139,'Pivot ECAST'!A:B,2,FALSE)","v":1},1,"12795011",1,0,2,1,0,2,0,0]
["1280201","1280201","Capistrano El","PHBAO",245,130,0,0,0,42,null,null,null,45,null,462,11,5,0,0,0,16,12,4,0,0,0,16,{"$f":"VLOOKUP(A140,'Pivot ECAST'!A:B,2,FALSE)","v":1},1,"12802011",1,0,2,1,0,2,0,0]
["1281501","1281501","Caroldale Lrng Comm","PHBAO",363,202,269,0,0,16,null,null,3,null,null,853,16,8,10,0,0,34,16,8,10,0,0,34,{"$f":"VLOOKUP(A141,'Pivot ECAST'!A:B,2,FALSE)","v":1},1,"12815011",2,0.5,3,2,0.5,3,0,0]
["1282201","1282201","Carpenter Community Center","Desegregated/Receiver",673,314,0,0,0,15,null,null,null,null,null,1002,29,10,0,0,0,39,29,10,0,0,0,39,{"$f":"VLOOKUP(A142,'Pivot ECAST'!A:B,2,FALSE)","v":1},1,"12822011",2,0,3,2,0,3,0,0]
["1283601","1283601","Carson El","PHBAO",400,225,0,0,0,29,null,null,3,null,23,680,17,8,0,0,0,25,19,7,0,0,0,26,{"$f":"VLOOKUP(A143,'Pivot ECAST'!A:B,2,FALSE)","v":1},1,"12836011",1,0,2,1,0,2,1,0]
["1284901","1284901","Carthay El ES Mag","Magnet 2",226,116,0,0,0,null,null,null,null,null,23,365,10,5,0,0,0,15,9,4,0,0,0,13,{"$f":"VLOOKUP(A144,'Pivot ECAST'!A:B,2,FALSE)","v":1},1,"12849011",1,0,2,1,0,2,0,0]
["1286301","1286301","Castelar El","PHBAO",194,101,22,0,0,null,null,null,null,null,null,317,9,4,1,0,0,14,9,4,0,0,0,13,{"$f":"VLOOKUP(A145,'Pivot ECAST'!A:B,2,FALSE)","v":2},1,"12863011",1,0.5,2,1,0,2,0,0]
["1286301","1286302","Castelar El DL Two-Way Im Mandarin","PHBAO",208,129,0,0,0,null,null,null,null,null,null,337,9,5,0,0,0,14,10,4,0,0,0,14,{"$f":"VLOOKUP(A146,'Pivot ECAST'!A:B,2,FALSE)","v":2},2,"12863012",0,0,0,0,0,0,0,0]
["1287701","1287701","Castle Hts El","Desegregated/Receiver",290,164,0,0,0,14,null,null,13,null,null,481,13,5,0,0,0,18,14,5,0,0,0,19,{"$f":"VLOOKUP(A147,'Pivot ECAST'!A:B,2,FALSE)","v":2},1,"12877011",1,0,2,1,0,2,1,0]
["1287701","1287702","Castle Heights El World Lang Im Spanish","Desegregated/Receiver",92,0,0,0,0,null,null,null,null,null,null,92,4,0,0,0,0,4,4,0,0,0,0,4,{"$f":"VLOOKUP(A148,'Pivot ECAST'!A:B,2,FALSE)","v":2},2,"12877012",0,0,0,0,0,0,0,0]
["1288101","1288101","Castlebay Lane Charter","Desegregated/Receiver",434,240,0,0,0,null,null,null,null,null,null,674,19,8,0,0,0,27,19,8,0,0,0,27,{"$f":"VLOOKUP(A149,'Pivot ECAST'!A:B,2,FALSE)","v":1},1,"12881011",1,0,2,1,0,2,0,0]
["1289001","1289001","Catskill El","PHBAO",271,145,0,0,0,null,null,null,8,null,24,448,12,6,0,0,0,18,13,5,0,0,0,18,{"$f":"VLOOKUP(A150,'Pivot ECAST'!A:B,2,FALSE)","v":2},1,"12890011",1,0,2,1,0,2,0,0]
["1289001","1289002","Catskill El DL Two-Way Im Spanish","PHBAO",67,0,0,0,0,null,null,null,null,null,null,67,3,0,0,0,0,3,2,0,0,0,0,2,{"$f":"VLOOKUP(A151,'Pivot ECAST'!A:B,2,FALSE)","v":2},2,"12890012",0,0,0,0,0,0,0,0]
["1293901","1293901","Carson-Gore Academy","PHBAO",246,160,0,0,0,41,null,null,null,null,24,471,11,6,0,0,0,17,13,6,0,0,0,19,{"$f":"VLOOKUP(A152,'Pivot ECAST'!A:B,2,FALSE)","v":2},1,"12939011",1,0,2,1,0,2,0,0]
["1293901","1293902","Carson-Gore El DL Two-Way Im Spanish","PHBAO",45,0,0,0,0,null,null,null,null,null,null,45,2,0,0,0,0,2,1,0,0,0,0,1,{"$f":"VLOOKUP(A153,'Pivot ECAST'!A:B,2,FALSE)","v":2},2,"12939012",0,0,0,0,0,0,0,0]
["1294201","1294201","Estrella El","PHBAO",366,183,0,0,0,18,null,null,null,null,null,567,16,7,0,0,0,23,16,7,0,0,0,23,{"$f":"VLOOKUP(A154,'Pivot ECAST'!A:B,2,FALSE)","v":1},1,"12942011",1,0,2,1,0,2,0,0]
["1294301","1294301","Jones El","PHBAO",169,93,0,0,0,13,null,null,null,null,16,291,8,4,0,0,0,12,9,3,0,0,0,12,{"$f":"VLOOKUP(A155,'Pivot ECAST'!A:B,2,FALSE)","v":1},1,"12943011",1,0,2,1,0,2,0,0]
["1294401","1294401","Huerta El","PHBAO",199,117,0,0,0,7,null,null,null,null,null,323,9,5,0,0,0,14,10,5,0,0,0,15,{"$f":"VLOOKUP(A156,'Pivot ECAST'!A:B,2,FALSE)","v":1},1,"12944011",1,0,2,1,0,2,0,0]
["1294501","1294501","Century Park El","PHBAO",156,61,0,0,0,28,null,null,12,null,18,275,7,3,0,0,0,10,7,3,0,0,0,10,{"$f":"VLOOKUP(A157,'Pivot ECAST'!A:B,2,FALSE)","v":1},1,"12945011",1,0,2,1,0,2,0,0]
["1295901","1295901","Chandler El","Desegregated/Receiver",321,138,0,0,0,8,null,null,4,null,null,471,14,5,0,0,0,19,15,4,0,0,0,19,{"$f":"VLOOKUP(A158,'Pivot ECAST'!A:B,2,FALSE)","v":1},1,"12959011",1,0,2,1,0,2,0,0]
["1298601","1298601","Chapman El","PHBAO",222,106,0,0,0,21,null,null,null,null,19,368,10,4,0,0,0,14,11,4,0,0,0,15,{"$f":"VLOOKUP(A159,'Pivot ECAST'!A:B,2,FALSE)","v":2},1,"12986011",1,0,2,1,0,2,0,0]
["1298601","1298602","Chapman El DL Two-Way Im Mandarin","PHBAO",51,0,0,0,0,null,null,null,null,null,null,51,3,0,0,0,0,3,2,0,0,0,0,2,{"$f":"VLOOKUP(A160,'Pivot ECAST'!A:B,2,FALSE)","v":2},2,"12986012",0,0,0,0,0,0,0,0]
["1300201","1300201","Charnock Road El","PHBAO",175,77,0,0,0,40,null,null,4,null,30,326,8,3,0,0,0,11,8,3,0,0,0,11,{"$f":"VLOOKUP(A161,'Pivot ECAST'!A:B,2,FALSE)","v":1},1,"13002011",1,0,2,1,0,2,0,0]
["1301401","1301401","Chase El","PHBAO",318,130,0,0,0,39,null,null,13,null,22,522,14,5,0,0,0,19,14,6,0,0,0,20,{"$f":"VLOOKUP(A162,'Pivot ECAST'!A:B,2,FALSE)","v":1},1,"13014011",1,0,2,1,0,2,0,0]
["1302701","1302701","Chatsworth Park ES UP/CD Magnet","Magnet 2",268,145,0,0,0,2,null,null,null,null,null,415,12,6,0,0,0,18,12,5,0,0,0,17,{"$f":"VLOOKUP(A163,'Pivot ECAST'!A:B,2,FALSE)","v":1},1,"13027011",1,0,2,1,0,2,0,0]
["1304101","1304101","Cheremoya El","Desegregated/Receiver",151,98,0,0,0,null,null,null,7,16,null,272,7,3,0,0,0,10,7,4,0,0,0,11,{"$f":"VLOOKUP(A164,'Pivot ECAST'!A:B,2,FALSE)","v":1},1,"13041011",1,0,2,1,0,2,0,0]
["1306801","1306801","Cienega El","PHBAO",193,161,0,0,0,51,null,null,null,null,24,429,9,6,0,0,0,15,11,6,0,0,0,17,{"$f":"VLOOKUP(A165,'Pivot ECAST'!A:B,2,FALSE)","v":2},1,"13068011",1,0,2,1,0,2,0,0]
["1306801","1306802","Cienega El DL Two-Way Im Spanish","PHBAO",75,0,0,0,0,null,null,null,null,null,null,75,4,0,0,0,0,4,3,0,0,0,0,3,{"$f":"VLOOKUP(A166,'Pivot ECAST'!A:B,2,FALSE)","v":2},2,"13068012",0,0,0,0,0,0,0,0]
["1308201","1308201","Cimarron El","PHBAO",107,36,0,0,0,23,null,null,14,null,21,201,5,2,0,0,0,7,6,2,0,0,0,8,{"$f":"VLOOKUP(A167,'Pivot ECAST'!A:B,2,FALSE)","v":2},1,"13082011",1,0,2,1,0,2,0,0]
["1308201","1308202","Cimarron Av ES STEAM Magnet","Magnet 2",31,43,0,0,0,null,null,null,null,null,null,74,2,2,0,0,0,4,2,2,0,0,0,4,{"$f":"VLOOKUP(A168,'Pivot ECAST'!A:B,2,FALSE)","v":2},2,"13082012",0,0,0,0,0,0,0,0]
["1309601","1309601","City Terrace El","PHBAO",148,75,0,0,0,21,null,null,null,null,15,259,7,3,0,0,0,10,7,3,0,0,0,10,{"$f":"VLOOKUP(A169,'Pivot ECAST'!A:B,2,FALSE)","v":2},1,"13096011",1,0,2,1,0,2,0,0]
["1309601","1309602","City Terrace El DL Two-Way Im Mandarin","PHBAO",121,54,0,0,0,null,null,null,null,null,16,191,6,2,0,0,0,8,6,2,0,0,0,8,{"$f":"VLOOKUP(A170,'Pivot ECAST'!A:B,2,FALSE)","v":2},2,"13096012",0,0,0,0,0,0,0,0]
["1311001","1311001","Clifford El","Magnet 2",87,48,0,0,0,null,null,null,null,null,null,135,4,2,0,0,0,6,4,2,0,0,0,6,{"$f":"VLOOKUP(A171,'Pivot ECAST'!A:B,2,FALSE)","v":1},1,"13110011",1,0,2,1,0,2,0,0]
["1312301","1312301","Clover El","PHBAO",371,145,0,0,0,null,null,null,4,null,null,520,16,6,0,0,0,22,17,6,0,0,0,23,{"$f":"VLOOKUP(A172,'Pivot ECAST'!A:B,2,FALSE)","v":1},1,"13123011",1,0,2,1,0,2,1,0]
["1313701","1313701","Cohasset El","PHBAO",195,106,0,0,0,41,null,null,19,null,24,385,9,4,0,0,0,13,9,5,0,0,0,14,{"$f":"VLOOKUP(A173,'Pivot ECAST'!A:B,2,FALSE)","v":2},1,"13137011",1,0,2,1,0,2,0,0]
["1313701","1313702","Cohasset El DL One-Way Im Spanish","PHBAO",90,47,0,0,0,null,null,null,null,null,null,137,4,2,0,0,0,6,4,1,0,0,0,5,{"$f":"VLOOKUP(A174,'Pivot ECAST'!A:B,2,FALSE)","v":2},2,"13137012",0,0,0,0,0,0,0,0]
["1315101","1315101","Coldwater Cyn El","PHBAO",346,201,0,0,0,41,null,null,23,null,24,635,15,8,0,0,0,23,17,8,0,0,0,25,{"$f":"VLOOKUP(A175,'Pivot ECAST'!A:B,2,FALSE)","v":2},1,"13151011",1,0,2,1,0,2,0,0]
["1315101","1315102","Coldwater Cyn DL Two-Way Im Spanish","PHBAO",45,0,0,0,0,null,null,null,null,null,null,45,2,0,0,0,0,2,1,0,0,0,0,1,{"$f":"VLOOKUP(A176,'Pivot ECAST'!A:B,2,FALSE)","v":2},2,"13151012",0,0,0,0,0,0,0,0]
["1316401","1316401","Colfax Charter El","Desegregated/Receiver",482,188,0,0,0,9,null,null,null,null,null,679,21,6,0,0,0,27,19,6,0,0,0,25,{"$f":"VLOOKUP(A177,'Pivot ECAST'!A:B,2,FALSE)","v":1},1,"13164011",1,0,2,1,0,2,0,0]
["1317801","1317801","Coliseum El","PHBAO",90,43,0,0,0,24,null,null,12,23,null,192,4,2,0,0,0,6,5,2,0,0,0,7,{"$f":"VLOOKUP(A178,'Pivot ECAST'!A:B,2,FALSE)","v":1},1,"13178011",1,0,2,1,0,2,0,0]
["1319201","1319201","Commonwealth El","PHBAO",270,105,0,0,0,62,null,null,null,null,31,468,12,4,0,0,0,16,12,5,0,0,0,17,{"$f":"VLOOKUP(A179,'Pivot ECAST'!A:B,2,FALSE)","v":2},1,"13192011",1,0,2,1,0,2,0,0]
["1319201","1319202","Commonwealth Avenue Elem Gifted Arts/Tech","Magnet 2",44,55,0,0,0,null,null,null,null,null,null,99,2,2,0,0,0,4,2,2,0,0,0,4,{"$f":"VLOOKUP(A180,'Pivot ECAST'!A:B,2,FALSE)","v":2},2,"13192012",0,0,0,0,0,0,0,0]
["1320501","1320501","Compton El","PHBAO",172,85,0,0,0,34,null,null,null,null,10,301,8,4,0,0,0,12,8,4,0,0,0,12,{"$f":"VLOOKUP(A181,'Pivot ECAST'!A:B,2,FALSE)","v":1},1,"13205011",1,0,2,1,0,2,0,0]
["1321001","1321001","Madison El","PHBAO",223,90,0,0,0,14,null,null,null,null,24,351,10,4,0,0,0,14,10,4,0,0,0,14,{"$f":"VLOOKUP(A182,'Pivot ECAST'!A:B,2,FALSE)","v":2},1,"13210011",1,0,2,1,0,2,0,0]
["1321001","1321002","Madison El DL Two-Way Im Spanish","PHBAO",177,85,0,0,0,null,null,null,null,null,null,262,8,3,0,0,0,11,8,3,0,0,0,11,{"$f":"VLOOKUP(A183,'Pivot ECAST'!A:B,2,FALSE)","v":2},2,"13210012",0,0,0,0,0,0,0,0]
["1321901","1321901","Corona El","PHBAO",397,295,0,0,0,43,null,null,8,44,null,787,17,11,0,0,0,28,18,11,0,0,0,29,{"$f":"VLOOKUP(A184,'Pivot ECAST'!A:B,2,FALSE)","v":1},1,"13219011",1,0,2,1,0,3,1,0]
["1322001","1322001","Escutia PC","PHBAO",220,0,0,0,0,null,null,null,0,45,47,312,10,0,0,0,0,10,10,0,0,0,0,10,{"$f":"VLOOKUP(A185,'Pivot ECAST'!A:B,2,FALSE)","v":1},1,"13220011",1,0,2,1,0,2,0,0]
["1324701","1324701","Plasencia El","PHBAO",108,87,0,0,0,26,null,null,15,null,17,253,5,4,0,0,0,9,7,3,0,0,0,10,{"$f":"VLOOKUP(A186,'Pivot ECAST'!A:B,2,FALSE)","v":2},1,"13247011",1,0,2,1,0,2,0,0]
["1324701","1324702","Plasencia ES STEAM Magnet","Magnet 2",190,99,0,0,0,null,null,null,null,null,null,289,8,4,0,0,0,12,8,4,0,0,0,12,{"$f":"VLOOKUP(A187,'Pivot ECAST'!A:B,2,FALSE)","v":2},2,"13247012",0,0,0,0,0,0,0,0]
["1326001","1326001","Cowan El","PHBAO",124,45,0,0,0,11,null,null,null,null,null,180,6,2,0,0,0,8,6,2,0,0,0,8,{"$f":"VLOOKUP(A188,'Pivot ECAST'!A:B,2,FALSE)","v":3},1,"13260011",1,0,2,1,0,2,0,0]
["1326001","1326002","Cowan Avenue Elem Gifted Int Humanities","Magnet 2",57,71,0,0,0,null,null,null,null,null,null,128,3,3,0,0,0,6,3,3,0,0,0,6,{"$f":"VLOOKUP(A189,'Pivot ECAST'!A:B,2,FALSE)","v":3},2,"13260012",0,0,0,0,0,0,0,0]
["1326001","1326003","Cowan El DL World Lang Im Spanish","PHBAO",92,0,0,0,0,null,null,null,null,null,null,92,4,0,0,0,0,4,4,0,0,0,0,4,{"$f":"VLOOKUP(A190,'Pivot ECAST'!A:B,2,FALSE)","v":3},3,"13260013",0,0,0,0,0,0,0,0]
["1328801","1328801","Crescent Hts L/A/S/J","Magnet 2",209,116,0,0,0,null,null,null,10,null,null,335,9,5,0,0,0,14,9,5,0,0,0,14,{"$f":"VLOOKUP(A191,'Pivot ECAST'!A:B,2,FALSE)","v":1},1,"13288011",1,0,2,1,0,2,0,0]
["1330201","1330201","Crestwood St ES STEAM Magnet","Magnet 2",250,148,0,0,0,20,null,null,9,null,null,427,11,6,0,0,0,17,11,4,0,0,0,15,{"$f":"VLOOKUP(A192,'Pivot ECAST'!A:B,2,FALSE)","v":1},1,"13302011",1,0,2,1,0,2,0,0]
["1331101","1331101","Westside Glbl Awr Mg","Magnet 2",74,53,247,0,0,null,null,null,null,null,null,374,4,2,10,0,0,16,4,2,10,0,0,16,{"$f":"VLOOKUP(A193,'Pivot ECAST'!A:B,2,FALSE)","v":1},1,"13311011",1,0.5,2,1,0.5,2,0,0]
["1331501","1331501","Dena El","PHBAO",203,173,0,0,0,18,null,null,12,null,9,415,9,7,0,0,0,16,9,7,0,0,0,16,{"$f":"VLOOKUP(A194,'Pivot ECAST'!A:B,2,FALSE)","v":1},1,"13315011",1,0,2,1,0,2,0,0]
["1332901","1332901","Dahlia Heights El","Desegregated/Receiver",225,151,0,0,0,9,null,null,null,null,null,385,10,5,0,0,0,15,11,5,0,0,0,16,{"$f":"VLOOKUP(A195,'Pivot ECAST'!A:B,2,FALSE)","v":1},1,{"$f":"A195&AD195","v":"13329011"},1,0,2,1,0,2,1,0]
["1333501","1333501","Danube El","PHBAO",197,90,0,0,0,22,null,null,null,null,24,333,9,4,0,0,0,13,9,4,0,0,0,13,{"$f":"VLOOKUP(A196,'Pivot ECAST'!A:B,2,FALSE)","v":1},1,"13335011",1,0,2,1,0,2,0,0]
["1334001","1334001","Darby Avenue Elementary","Desegregated/Receiver",291,125,0,0,0,22,null,null,null,null,null,438,13,4,0,0,0,17,13,4,0,0,0,17,{"$f":"VLOOKUP(A197,'Pivot ECAST'!A:B,2,FALSE)","v":1},{"$f":"IF(A197=A196,AD196+1,1)","v":1},"13340011",1,0,2,1,0,2,0,0]
["1335601","1335601","Dayton Heights El","PHBAO",153,55,0,0,0,37,null,null,9,null,null,254,7,2,0,0,0,9,8,3,0,0,0,11,{"$f":"VLOOKUP(A198,'Pivot ECAST'!A:B,2,FALSE)","v":2},1,"13356011",1,0,2,1,0,2,0,0]
["1335601","1335602","Dayton Heights ES Urban Env Science Mag","Magnet 2",24,56,0,0,0,null,null,null,null,null,null,80,1,2,0,0,0,3,1,2,0,0,0,3,{"$f":"VLOOKUP(A199,'Pivot ECAST'!A:B,2,FALSE)","v":2},2,"13356012",0,0,0,0,0,0,0,0]
["1337701","1337701","Dearborn El CA","Desegregated/Receiver",366,133,0,0,0,14,null,null,null,null,null,513,16,4,0,0,0,20,16,4,0,0,0,20,{"$f":"VLOOKUP(A200,'Pivot ECAST'!A:B,2,FALSE)","v":1},1,"13377011",1,0,2,1,0,2,1,0]
["1338401","1338401","Del Amo El","PHBAO",198,91,0,0,0,16,null,null,null,null,24,329,9,4,0,0,0,13,9,4,0,0,0,13,{"$f":"VLOOKUP(A201,'Pivot ECAST'!A:B,2,FALSE)","v":1},1,"13384011",1,0,2,1,0,2,0,0]
["1339701","1339701","Delevan Drive El","PHBAO",296,165,0,0,0,27,null,null,null,null,22,510,13,6,0,0,0,19,13,6,0,0,0,19,{"$f":"VLOOKUP(A202,'Pivot ECAST'!A:B,2,FALSE)","v":1},1,"13397011",1,0,2,1,0,2,0,0]
["1342501","1342501","Denker El","PHBAO",364,201,0,0,0,12,null,null,7,null,43,627,16,8,0,0,0,24,17,7,0,0,0,24,{"$f":"VLOOKUP(A203,'Pivot ECAST'!A:B,2,FALSE)","v":2},1,"13425011",1,0,3,1,0,3,0,0]
["1342501","1342502","Denker El DL Two-Way Im Korean","PHBAO",91,40,0,0,0,null,null,null,null,null,null,131,4,2,0,0,0,6,4,2,0,0,0,6,{"$f":"VLOOKUP(A204,'Pivot ECAST'!A:B,2,FALSE)","v":2},2,"13425012",0,0,0,0,0,0,0,0]
["1342601","1342601","Garza PC","PHBAO",74,0,0,0,0,null,null,null,9,null,12,95,4,0,0,0,0,4,4,0,0,0,0,4,{"$f":"VLOOKUP(A205,'Pivot ECAST'!A:B,2,FALSE)","v":1},1,"13426011",1,0,2,1,0,2,0,0]
["1343801","1343801","Dixie Cyn Comm Chtr","Desegregated/Receiver",532,210,0,0,0,13,null,null,9,null,null,764,23,7,0,0,0,30,23,6,0,0,0,29,{"$f":"VLOOKUP(A206,'Pivot ECAST'!A:B,2,FALSE)","v":1},1,"13438011",1,0,3,1,0,3,0,0]
["1345201","1345201","Dolores El","PHBAO",338,137,0,0,0,null,null,null,10,null,21,506,15,5,0,0,0,20,16,6,0,0,0,22,{"$f":"VLOOKUP(A207,'Pivot ECAST'!A:B,2,FALSE)","v":1},1,"13452011",1,0,2,1,0,2,0,0]
["1346601","1346601","Dominguez El","PHBAO",196,162,0,0,0,null,null,null,null,null,24,382,9,6,0,0,0,15,11,6,0,0,0,17,{"$f":"VLOOKUP(A208,'Pivot ECAST'!A:B,2,FALSE)","v":2},1,"13466011",1,0,2,1,0,2,0,0]
["1346601","1346602","Dominguez El DL Two-Way Im Spanish","PHBAO",126,0,0,0,0,null,null,null,null,null,null,126,6,0,0,0,0,6,4,0,0,0,0,4,{"$f":"VLOOKUP(A209,'Pivot ECAST'!A:B,2,FALSE)","v":2},2,"13466012",0,0,0,0,0,0,0,0]
["1347901","1347901","Dorris Place El","PHBAO",125,106,0,0,0,7,null,null,null,null,24,262,6,4,0,0,0,10,7,4,0,0,0,11,{"$f":"VLOOKUP(A210,'Pivot ECAST'!A:B,2,FALSE)","v":1},1,"13479011",1,0,2,1,0,2,0,0]
["1349301","1349301","Dyer El","PHBAO",415,207,0,0,0,30,null,null,11,null,47,710,18,8,0,0,0,26,18,7,0,0,0,25,{"$f":"VLOOKUP(A211,'Pivot ECAST'!A:B,2,FALSE)","v":1},1,"13493011",1,0,2,1,0,2,0,0]
["1350001","1350001","Midcity Prescott Mag","Magnet 2",121,109,0,0,0,null,null,null,null,null,null,230,6,4,0,0,0,10,6,4,0,0,0,10,{"$f":"VLOOKUP(A212,'Pivot ECAST'!A:B,2,FALSE)","v":1},1,"13500011",1,0,2,1,0,2,0,0]
["1350701","1350701","Eagle Rock El","PHBAO",364,210,0,0,0,47,null,null,null,null,24,645,16,8,0,0,0,24,16,7,0,0,0,23,{"$f":"VLOOKUP(A213,'Pivot ECAST'!A:B,2,FALSE)","v":3},1,"13507011",1,0,3,1,0,3,0,0]
["1350701","1350702","Eagle Rock Hg El Mag","Magnet 1",6,40,0,0,0,null,null,null,null,null,null,46,1,2,0,0,0,3,1,1,0,0,0,2,{"$f":"VLOOKUP(A214,'Pivot ECAST'!A:B,2,FALSE)","v":3},2,"13507012",0,0,0,0,0,0,0,0]
["1350701","1350703","Eagle Rck G/HA El Mg","Magnet 1",48,93,0,0,0,null,null,null,null,null,null,141,2,3,0,0,0,5,2,3,0,0,0,5,{"$f":"VLOOKUP(A215,'Pivot ECAST'!A:B,2,FALSE)","v":3},3,"13507013",0,0,0,0,0,0,0,0]
["1352101","1352101","Eastman El","PHBAO",220,167,0,0,0,32,null,null,null,null,24,443,10,6,0,0,0,16,11,7,0,0,0,18,{"$f":"VLOOKUP(A216,'Pivot ECAST'!A:B,2,FALSE)","v":2},1,"13521011",1,0,2,1,0,2,0,0]
["1352101","1352102","Eastman El DL One & Two-Way Im Spanish","PHBAO",197,42,0,0,0,null,null,null,null,null,null,239,9,2,0,0,0,11,8,1,0,0,0,9,{"$f":"VLOOKUP(A217,'Pivot ECAST'!A:B,2,FALSE)","v":2},2,"13521012",0,0,0,0,0,0,0,0]
["1354101","1354101","El Dorado El","PHBAO",221,128,0,0,0,47,null,null,8,null,21,425,10,5,0,0,0,15,10,5,0,0,0,15,{"$f":"VLOOKUP(A218,'Pivot ECAST'!A:B,2,FALSE)","v":1},1,"13541011",1,0,2,1,0,2,0,0]
["1354501","1354501","El Oro Way Chtr CES","Desegregated/Receiver",291,153,0,0,0,6,null,null,null,null,null,450,13,5,0,0,0,18,13,5,0,0,0,18,{"$f":"VLOOKUP(A219,'Pivot ECAST'!A:B,2,FALSE)","v":1},1,"13545011",1,0,2,1,0,2,1,0]
["1354801","1354801","Elizabeth LC","PHBAO",289,142,304,466,775,6,19,57,null,null,24,1616,13,5,11,3,23,55,13,6,12,3,23,57,{"$f":"VLOOKUP(A220,'Pivot ECAST'!A:B,2,FALSE)","v":2},1,"13548011",3,2,4,3,2,5,0,0]
["1354801","1354805","Elizabeth LC DL Two-Way Im Arabic","PHBAO",59,14,0,0,0,null,null,null,null,null,null,73,3,1,0,0,0,4,3,0,0,0,0,3,{"$f":"VLOOKUP(A221,'Pivot ECAST'!A:B,2,FALSE)","v":2},2,"13548012",0,0,0,0,0,0,0,0]
["1356201","1356201","El Sereno El","PHBAO",151,130,0,0,0,null,null,null,9,34,null,324,7,5,0,0,0,12,8,5,0,0,0,13,{"$f":"VLOOKUP(A222,'Pivot ECAST'!A:B,2,FALSE)","v":1},1,"13562011",1,0,2,1,0,2,0,0]
["1357401","1357401","Sendak El","PHBAO",205,69,0,0,0,28,null,null,null,null,18,320,9,3,0,0,0,12,9,3,0,0,0,12,{"$f":"VLOOKUP(A223,'Pivot ECAST'!A:B,2,FALSE)","v":2},1,"13574011",1,0,2,1,0,2,0,0]
["1357401","1357402","Sendak ES Arts/Comm/Technology Magnet","Magnet 2",65,55,0,0,0,null,null,null,null,null,null,120,3,2,0,0,0,5,3,2,0,0,0,5,{"$f":"VLOOKUP(A224,'Pivot ECAST'!A:B,2,FALSE)","v":2},2,"13574012",0,0,0,0,0,0,0,0]
["1357501","1357501","Elysian Heights ES Arts Magnet","Magnet 1",261,98,0,0,0,null,null,null,null,null,null,359,11,4,0,0,0,15,11,3,0,0,0,14,{"$f":"VLOOKUP(A225,'Pivot ECAST'!A:B,2,FALSE)","v":1},1,"13575011",1,0,2,1,0,2,0,0]
["1357601","1357601","Parks LC","PHBAO",340,183,0,0,0,40,null,null,null,30,null,593,15,7,0,0,0,22,16,7,0,0,0,23,{"$f":"VLOOKUP(A226,'Pivot ECAST'!A:B,2,FALSE)","v":1},1,"13576011",1,0,2,1,0,2,0,0]
["1357701","1357701","Bellingham El","PHBAO",292,139,0,0,0,25,null,null,6,null,30,492,13,5,0,0,0,18,13,5,0,0,0,18,{"$f":"VLOOKUP(A227,'Pivot ECAST'!A:B,2,FALSE)","v":1},1,"13577011",1,0,2,1,0,2,0,0]
["1358901","1358901","Emelita St El","Desegregated/Receiver",175,78,0,0,0,29,null,null,null,null,null,282,8,3,0,0,0,11,9,3,0,0,0,12,{"$f":"VLOOKUP(A228,'Pivot ECAST'!A:B,2,FALSE)","v":1},1,"13589011",1,0,2,1,0,2,0,0]
["1361001","1361001","Enadia Way Tech Charter","PHBAO",148,90,0,0,0,null,null,null,null,null,null,238,7,4,0,0,0,11,7,3,0,0,0,10,{"$f":"VLOOKUP(A229,'Pivot ECAST'!A:B,2,FALSE)","v":1},1,"13610011",1,0,2,1,0,2,0,0]
["1361601","1361601","Encino Charter El","Desegregated/Receiver",395,196,0,0,0,null,null,null,null,null,null,591,17,6,0,0,0,23,17,6,0,0,0,23,{"$f":"VLOOKUP(A230,'Pivot ECAST'!A:B,2,FALSE)","v":1},1,"13616011",1,0,2,1,0,2,0,0]
["1363001","1363001","Erwin El","Desegregated/Receiver",410,180,0,0,0,34,null,null,17,null,23,664,18,6,0,0,0,24,18,6,0,0,0,24,{"$f":"VLOOKUP(A231,'Pivot ECAST'!A:B,2,FALSE)","v":1},1,"13630011",1,0,2,1,0,2,0,0]
["1364001","1364001","Eshelman El","PHBAO",268,147,0,0,0,17,null,null,null,null,24,456,12,6,0,0,0,18,13,5,0,0,0,18,{"$f":"VLOOKUP(A232,'Pivot ECAST'!A:B,2,FALSE)","v":1},1,"13640011",1,0,2,1,0,2,0,0]
["1367101","1367101","Euclid El","PHBAO",169,108,0,0,0,36,null,null,null,null,28,341,8,4,0,0,0,12,9,4,0,0,0,13,{"$f":"VLOOKUP(A233,'Pivot ECAST'!A:B,2,FALSE)","v":3},1,"13671011",1,0,3,1,0,3,0,0]
["1367101","1367102","Euclid Av ES Gifted/STEAM Magnet","Magnet 2",80,89,0,0,0,null,null,null,null,null,null,169,4,4,0,0,0,8,4,4,0,0,0,8,{"$f":"VLOOKUP(A234,'Pivot ECAST'!A:B,2,FALSE)","v":3},2,"13671012",0,0,0,0,0,0,0,0]
["1367101","1367103","Euclid El DL Two-Way Im Spanish","PHBAO",188,87,0,0,0,null,null,null,null,null,null,275,8,4,0,0,0,12,9,3,0,0,0,12,{"$f":"VLOOKUP(A235,'Pivot ECAST'!A:B,2,FALSE)","v":3},3,"13671013",0,0,0,0,0,0,0,0]
["1369901","1369901","Evergreen El","PHBAO",367,236,0,0,0,26,null,null,8,null,29,666,16,9,0,0,0,25,16,9,0,0,0,25,{"$f":"VLOOKUP(A236,'Pivot ECAST'!A:B,2,FALSE)","v":1},1,"13699011",1,0,2,1,0,2,0,0]
["1371201","1371201","Fair El","PHBAO",416,235,0,0,0,31,null,null,null,null,20,702,18,9,0,0,0,27,19,9,0,0,0,28,{"$f":"VLOOKUP(A237,'Pivot ECAST'!A:B,2,FALSE)","v":1},1,"13712011",1,0,2,1,0,3,1,0]
["1372601","1372601","Fairburn El","Desegregated/Receiver",342,125,0,0,0,null,null,null,null,null,null,467,15,4,0,0,0,19,15,4,0,0,0,19,{"$f":"VLOOKUP(A238,'Pivot ECAST'!A:B,2,FALSE)","v":1},1,"13726011",1,0,2,1,0,2,0,0]
["1374001","1374001","Farmdale El","PHBAO",105,55,0,0,0,46,null,null,4,null,21,231,5,2,0,0,0,7,5,2,0,0,0,7,{"$f":"VLOOKUP(A239,'Pivot ECAST'!A:B,2,FALSE)","v":2},1,"13740011",1,0,2,1,0,2,0,0]
["1374001","1374002","Farmdale El DL Two-Way Im Spanish","PHBAO",103,59,0,0,0,null,null,null,null,null,null,162,5,3,0,0,0,8,5,3,0,0,0,8,{"$f":"VLOOKUP(A240,'Pivot ECAST'!A:B,2,FALSE)","v":2},2,"13740012",0,0,0,0,0,0,0,0]
["1375301","1375301","Fernangeles El","PHBAO",218,115,0,0,0,30,null,null,25,28,21,437,10,5,0,0,0,15,10,7,0,0,0,17,{"$f":"VLOOKUP(A241,'Pivot ECAST'!A:B,2,FALSE)","v":2},1,"13753011",1,0,2,1,0,2,0,0]
["1375301","1375302","Fernangeles DL One & Two-Way Im Spanish","PHBAO",93,32,0,0,0,null,null,null,null,null,null,125,4,2,0,0,0,6,4,1,0,0,0,5,{"$f":"VLOOKUP(A242,'Pivot ECAST'!A:B,2,FALSE)","v":2},2,"13753012",0,0,0,0,0,0,0,0]
["1376701","1376701","15th St El","PHBAO",271,155,0,0,0,22,null,null,null,null,31,479,12,6,0,0,0,18,13,6,0,0,0,19,{"$f":"VLOOKUP(A243,'Pivot ECAST'!A:B,2,FALSE)","v":1},1,"13767011",1,0,2,1,0,2,0,0]
["1378101","1378101","54th St El","PHBAO",198,96,0,0,0,23,null,null,null,null,19,336,9,4,0,0,0,13,9,4,0,0,0,13,{"$f":"VLOOKUP(A244,'Pivot ECAST'!A:B,2,FALSE)","v":1},1,"13781011",1,0,2,1,0,2,0,0]
["1379501","1379501","59th St El","PHBAO",132,65,0,0,0,29,null,null,null,null,10,236,6,3,0,0,0,9,7,3,0,0,0,10,{"$f":"VLOOKUP(A245,'Pivot ECAST'!A:B,2,FALSE)","v":1},1,"13795011",1,0,2,1,0,2,0,0]
["1380801","1380801","52nd St El","PHBAO",399,178,0,0,0,48,null,null,15,null,44,684,17,7,0,0,0,24,18,8,0,0,0,26,{"$f":"VLOOKUP(A246,'Pivot ECAST'!A:B,2,FALSE)","v":1},1,"13808011",1,0,2,1,0,2,0,0]
["1382201","1382201","Figueroa El","PHBAO",223,177,0,0,0,17,null,null,8,null,null,425,10,7,0,0,0,17,11,7,0,0,0,18,{"$f":"VLOOKUP(A247,'Pivot ECAST'!A:B,2,FALSE)","v":1},1,"13822011",1,0,2,1,0,2,0,0]
["1382901","1382901","Broadous El","PHBAO",207,84,0,0,0,31,null,null,29,null,17,368,9,4,0,0,0,13,11,4,0,0,0,15,{"$f":"VLOOKUP(A248,'Pivot ECAST'!A:B,2,FALSE)","v":2},1,"13829011",1,0,2,1,0,2,0,0]
["1382901","1382902","Hillery T Broadous Elem Science/Tech/Math","Magnet 2",17,31,0,0,0,null,null,null,null,null,null,48,1,2,0,0,0,3,1,2,0,0,0,3,{"$f":"VLOOKUP(A249,'Pivot ECAST'!A:B,2,FALSE)","v":2},2,"13829012",0,0,0,0,0,0,0,0]
["1383601","1383601","1st St El","PHBAO",241,181,0,0,0,21,null,null,null,29,21,493,11,7,0,0,0,18,12,7,0,0,0,19,{"$f":"VLOOKUP(A250,'Pivot ECAST'!A:B,2,FALSE)","v":1},1,"13836011",1,0,2,1,0,2,0,0]
["1384901","1384901","Fishburn El","PHBAO",122,131,0,0,0,31,null,null,24,null,23,331,6,5,0,0,0,11,8,5,0,0,0,13,{"$f":"VLOOKUP(A251,'Pivot ECAST'!A:B,2,FALSE)","v":2},1,"13849011",1,0,2,1,0,2,0,0]
["1384901","1384902","Fishburn El DL Two-Way Im Spanish","PHBAO",129,0,0,0,0,null,null,null,null,null,null,129,6,0,0,0,0,6,4,0,0,0,0,4,{"$f":"VLOOKUP(A252,'Pivot ECAST'!A:B,2,FALSE)","v":2},2,"13849012",0,0,0,0,0,0,0,0]
["1387701","1387701","Fletcher Dr El","PHBAO",102,25,0,0,0,7,null,null,null,null,20,154,5,1,0,0,0,6,5,1,0,0,0,6,{"$f":"VLOOKUP(A253,'Pivot ECAST'!A:B,2,FALSE)","v":2},1,"13877011",1,0,2,1,0,2,1,0]
["1387701","1387702","Fletcher Dr ES STEAM Magnet","Magnet 2",32,40,0,0,0,null,null,null,null,null,null,72,2,2,0,0,0,4,2,1,0,0,0,3,{"$f":"VLOOKUP(A254,'Pivot ECAST'!A:B,2,FALSE)","v":2},2,"13877012",0,0,0,0,0,0,0,0]
["1389001","1389001","Florence El","PHBAO",86,66,0,0,0,43,null,null,27,null,24,246,4,3,0,0,0,7,5,4,0,0,0,9,{"$f":"VLOOKUP(A255,'Pivot ECAST'!A:B,2,FALSE)","v":2},1,"13890011",1,0,2,1,0,2,0,0]
["1389001","1389002","Florence El DL Two-Way Im Spanish","PHBAO",274,156,0,0,0,null,null,null,null,null,null,430,12,6,0,0,0,18,11,5,0,0,0,16,{"$f":"VLOOKUP(A256,'Pivot ECAST'!A:B,2,FALSE)","v":2},2,"13890012",0,0,0,0,0,0,0,0]
["1391801","1391801","Ford Blvd El","PHBAO",222,114,0,0,0,70,null,null,21,null,30,457,10,4,0,0,0,14,10,5,0,0,0,15,{"$f":"VLOOKUP(A257,'Pivot ECAST'!A:B,2,FALSE)","v":2},1,"13918011",1,0,3,1,0,3,0,0]
["1391801","1391802","Ford Blvd El DL Two-Way Im Spanish","PHBAO",340,152,0,0,0,null,null,null,null,null,23,515,15,6,0,0,0,21,15,5,0,0,0,20,{"$f":"VLOOKUP(A258,'Pivot ECAST'!A:B,2,FALSE)","v":2},2,"13918012",0,0,0,0,0,0,0,0]
["1393201","1393201","49th St El","PHBAO",423,193,0,0,0,17,null,null,28,null,44,705,18,8,0,0,0,26,19,7,0,0,0,26,{"$f":"VLOOKUP(A259,'Pivot ECAST'!A:B,2,FALSE)","v":1},1,{"$f":"A259&AD259","v":"13932011"},1,0,2,1,0,2,0,0]
["1395901","1395901","42nd St El","PHBAO",85,33,0,0,0,27,null,null,null,null,15,160,4,2,0,0,0,6,5,2,0,0,0,7,{"$f":"VLOOKUP(A260,'Pivot ECAST'!A:B,2,FALSE)","v":2},1,"13959011",1,0,2,1,0,2,0,0]
["1395901","1395902","42nd St El DL World Lang Im Spanish","PHBAO",34,0,0,0,0,null,null,null,null,null,null,34,2,0,0,0,0,2,1,0,0,0,0,1,{"$f":"VLOOKUP(A261,'Pivot ECAST'!A:B,2,FALSE)","v":2},{"$f":"IF(A261=A260,AD260+1,1)","v":2},"13959012",0,0,0,0,0,0,0,0]
["1397301","1397301","4th St El","PHBAO",146,164,0,0,0,36,null,null,null,null,null,346,7,6,0,0,0,13,7,7,0,0,0,14,{"$f":"VLOOKUP(A262,'Pivot ECAST'!A:B,2,FALSE)","v":1},1,"13973011",1,0,2,1,0,2,0,0]
["1397401","1397401","4th Street Primary Center","PHBAO",151,0,0,0,0,24,null,null,null,null,24,199,7,0,0,0,0,7,8,0,0,0,0,8,{"$f":"VLOOKUP(A263,'Pivot ECAST'!A:B,2,FALSE)","v":2},1,"13974011",1,0,2,1,0,2,0,0]
["1397401","1397402","4th St PC DL Two-Way Im Spanish","PHBAO",42,0,0,0,0,null,null,null,null,null,null,42,2,0,0,0,0,2,0,0,0,0,0,0,{"$f":"VLOOKUP(A264,'Pivot ECAST'!A:B,2,FALSE)","v":2},2,"13974012",0,0,0,0,0,0,0,0]
["1398601","1398601","Franklin El","Desegregated/Receiver",330,147,0,0,0,null,null,null,null,null,null,477,14,5,0,0,0,19,14,5,0,0,0,19,{"$f":"VLOOKUP(A265,'Pivot ECAST'!A:B,2,FALSE)","v":1},1,"13986011",1,0,2,1,0,2,0,0]
["1401401","1401401","Fries El","PHBAO",225,129,0,0,0,34,null,null,null,null,24,412,10,5,0,0,0,15,11,5,0,0,0,16,{"$f":"VLOOKUP(A266,'Pivot ECAST'!A:B,2,FALSE)","v":1},1,"14014011",1,0,2,1,0,2,0,0]
["1402001","1402001","Bakewell PC","PHBAO",146,0,0,0,0,null,null,null,12,null,24,182,7,0,0,0,0,7,7,0,0,0,0,7,{"$f":"VLOOKUP(A267,'Pivot ECAST'!A:B,2,FALSE)","v":1},1,"14020011",1,0,2,1,0,2,0,0]
["1402701","1402701","Fullbright El","PHBAO",225,146,0,0,0,14,null,null,null,27,22,434,10,6,0,0,0,16,12,5,0,0,0,17,{"$f":"VLOOKUP(A268,'Pivot ECAST'!A:B,2,FALSE)","v":2},1,"14027011",1,0,2,1,0,2,0,0]
["1402701","1402702","Fullbright Ave El DL Two-Way Im Spanish","PHBAO",42,0,0,0,0,null,null,null,null,null,null,42,2,0,0,0,0,2,1,0,0,0,0,1,{"$f":"VLOOKUP(A269,'Pivot ECAST'!A:B,2,FALSE)","v":2},2,"14027012",0,0,0,0,0,0,1,0]
["1404101","1404101","Gardena El","PHBAO",229,162,0,0,0,5,null,null,null,null,24,420,10,6,0,0,0,16,11,6,0,0,0,17,{"$f":"VLOOKUP(A270,'Pivot ECAST'!A:B,2,FALSE)","v":2},1,"14041011",1,0,2,1,0,2,0,0]
["1404101","1404102","Gardena El DL Two-Way Im Spanish","PHBAO",88,23,0,0,0,null,null,null,null,null,null,111,4,1,0,0,0,5,4,0,0,0,0,4,{"$f":"VLOOKUP(A271,'Pivot ECAST'!A:B,2,FALSE)","v":2},2,"14041012",0,0,0,0,0,0,0,0]
["1405501","1405501","Garden Grove El","PHBAO",245,104,0,0,0,null,null,null,2,null,20,371,11,4,0,0,0,15,11,5,0,0,0,16,{"$f":"VLOOKUP(A272,'Pivot ECAST'!A:B,2,FALSE)","v":1},1,"14055011",1,0,2,1,0,2,0,0]
["1406801","1406801","Gardner El","Desegregated/Receiver",246,92,0,0,0,null,null,null,null,37,null,375,11,3,0,0,0,14,12,3,0,0,0,15,{"$f":"VLOOKUP(A273,'Pivot ECAST'!A:B,2,FALSE)","v":1},1,"14068011",1,0,2,1,0,2,0,0]
["1408201","1408201","Garvanza ES Tech/Leadership Magnet","Magnet 2",188,99,0,0,0,null,null,null,7,null,25,319,8,4,0,0,0,12,8,4,0,0,0,12,{"$f":"VLOOKUP(A274,'Pivot ECAST'!A:B,2,FALSE)","v":1},1,"14082011",1,0,2,1,0,2,0,0]
["1409601","1409601","Gates El","PHBAO",157,115,0,0,0,42,null,null,null,43,20,377,7,5,0,0,0,12,8,5,0,0,0,13,{"$f":"VLOOKUP(A275,'Pivot ECAST'!A:B,2,FALSE)","v":3},1,"14096011",1,0,2,1,0,2,0,0]
["1409601","1409602","Gates El DL Two-Way Im Spanish","PHBAO",171,78,0,0,0,null,null,null,null,null,null,249,8,3,0,0,0,11,8,3,0,0,0,11,{"$f":"VLOOKUP(A276,'Pivot ECAST'!A:B,2,FALSE)","v":3},2,"14096012",0,0,0,0,0,0,0,0]
["1409601","1409603","Gates St El DL Two-Way Im Mandarin","PHBAO",18,0,0,0,0,null,null,null,null,null,null,18,1,0,0,0,0,1,0,0,0,0,0,0,{"$f":"VLOOKUP(A277,'Pivot ECAST'!A:B,2,FALSE)","v":3},3,"14096013",0,0,0,0,0,0,0,0]
["1411001","1411001","Gault El","PHBAO",188,89,0,0,0,18,null,null,null,42,null,337,8,4,0,0,0,12,9,3,0,0,0,12,{"$f":"VLOOKUP(A278,'Pivot ECAST'!A:B,2,FALSE)","v":1},1,"14110011",1,0,2,1,0,2,0,0]
["1411701","1411701","Germain Acad AA","PHBAO",389,155,0,0,0,19,null,null,13,null,24,600,17,6,0,0,0,23,17,5,0,0,0,22,{"$f":"VLOOKUP(A279,'Pivot ECAST'!A:B,2,FALSE)","v":1},1,"14117011",1,0,2,1,0,2,0,0]
["1412301","1412301","Glassell Park ES STEAM Magnet","Magnet 2",197,97,0,0,0,6,null,null,null,null,20,320,9,4,0,0,0,13,8,4,0,0,0,12,{"$f":"VLOOKUP(A280,'Pivot ECAST'!A:B,2,FALSE)","v":1},1,"14123011",1,0,2,1,0,2,0,0]
["1413001","1413001","Gledhill El","PHBAO",123,40,0,0,0,22,null,null,8,null,null,193,6,2,0,0,0,8,6,2,0,0,0,8,{"$f":"VLOOKUP(A281,'Pivot ECAST'!A:B,2,FALSE)","v":2},1,"14130011",1,0,2,1,0,2,0,0]
["1413001","1413002","Gledhill Street Elem Science/Tech/Math Magnet","Magnet 2",117,111,0,0,0,null,null,null,null,null,null,228,5,4,0,0,0,9,5,4,0,0,0,9,{"$f":"VLOOKUP(A282,'Pivot ECAST'!A:B,2,FALSE)","v":2},2,"14130012",0,0,0,0,0,0,0,0]
["1413701","1413701","Glen Alta El","PHBAO",76,45,46,0,0,null,null,null,null,null,null,167,4,2,2,0,0,8,4,2,2,0,0,8,{"$f":"VLOOKUP(A283,'Pivot ECAST'!A:B,2,FALSE)","v":1},1,"14137011",1,0.5,2,1,0.5,2,0,0]
["1416401","1416401","Glenfeliz Blvd El","PHBAO",146,90,0,0,0,9,null,null,5,null,null,250,7,4,0,0,0,11,7,4,0,0,0,11,{"$f":"VLOOKUP(A284,'Pivot ECAST'!A:B,2,FALSE)","v":1},1,"14164011",1,0,2,1,0,2,0,0]
["1419201","1419201","Glenwood El","PHBAO",128,59,0,0,0,23,null,null,12,null,15,237,6,3,0,0,0,9,7,3,0,0,0,10,{"$f":"VLOOKUP(A285,'Pivot ECAST'!A:B,2,FALSE)","v":1},1,"14192011",1,0,2,1,0,2,0,0]
["1421901","1421901","Graham El","PHBAO",243,245,0,0,0,20,null,null,6,null,24,538,11,10,0,0,0,21,14,10,0,0,0,24,{"$f":"VLOOKUP(A286,'Pivot ECAST'!A:B,2,FALSE)","v":2},1,"14219011",1,0,2,1,0,2,0,0]
["1421901","1421902","Graham El DL Two-Way Im Spanish","PHBAO",130,0,0,0,0,null,null,null,null,null,null,130,6,0,0,0,0,6,4,0,0,0,0,4,{"$f":"VLOOKUP(A287,'Pivot ECAST'!A:B,2,FALSE)","v":2},2,"14219012",0,0,0,0,0,0,0,0]
["1423301","1423301","Granada Elementary","PHBAO",224,144,0,0,0,17,null,null,17,40,null,442,10,6,0,0,0,16,11,5,0,0,0,16,{"$f":"VLOOKUP(A288,'Pivot ECAST'!A:B,2,FALSE)","v":1},1,"14233011",1,0,2,1,0,2,0,0]
["1424701","1424701","Grand View El","PHBAO",81,57,0,0,0,37,null,null,3,null,19,197,4,2,0,0,0,6,4,3,0,0,0,7,{"$f":"VLOOKUP(A289,'Pivot ECAST'!A:B,2,FALSE)","v":2},1,"14247011",1,0,2,1,0,2,0,0]
["1424701","1424702","Grand View El DL Two-Way Im Spanish","PHBAO",300,122,0,0,0,null,null,null,null,null,46,468,13,5,0,0,0,18,13,4,0,0,0,17,{"$f":"VLOOKUP(A290,'Pivot ECAST'!A:B,2,FALSE)","v":2},2,"14247012",0,0,0,0,0,0,0,0]
["1426001","1426001","Grant El","PHBAO",194,165,0,0,0,35,null,null,5,null,null,399,9,6,0,0,0,15,10,7,0,0,0,17,{"$f":"VLOOKUP(A291,'Pivot ECAST'!A:B,2,FALSE)","v":2},1,"14260011",1,0,2,1,0,2,0,0]
["1426001","1426002","Grant El DL Two-Way Im Armenian","PHBAO",29,0,0,0,0,null,null,null,null,null,null,29,2,0,0,0,0,2,1,0,0,0,0,1,{"$f":"VLOOKUP(A292,'Pivot ECAST'!A:B,2,FALSE)","v":2},2,"14260012",0,0,0,0,0,0,0,0]
["1427401","1427401","Grape El","PHBAO",270,139,0,0,0,11,null,null,null,null,22,442,12,6,0,0,0,18,13,6,0,0,0,19,{"$f":"VLOOKUP(A293,'Pivot ECAST'!A:B,2,FALSE)","v":1},1,"14274011",1,0,2,1,0,2,0,0]
["1429501","1429501","Gridley El","PHBAO",200,124,0,0,0,30,null,null,36,null,23,413,9,5,0,0,0,14,10,5,0,0,0,15,{"$f":"VLOOKUP(A294,'Pivot ECAST'!A:B,2,FALSE)","v":2},1,"14295011",1,0,2,1,0,2,0,0]
["1429501","1429502","Gridley El DL Two-Way Im Spanish","PHBAO",84,37,0,0,0,null,null,null,null,null,null,121,4,2,0,0,0,6,4,1,0,0,0,5,{"$f":"VLOOKUP(A295,'Pivot ECAST'!A:B,2,FALSE)","v":2},2,"14295012",0,0,0,0,0,0,0,0]
["1430101","1430101","Griffin El","PHBAO",245,102,0,0,0,26,null,null,null,null,23,396,11,4,0,0,0,15,11,4,0,0,0,15,{"$f":"VLOOKUP(A296,'Pivot ECAST'!A:B,2,FALSE)","v":1},1,"14301011",1,0,2,1,0,2,0,0]
["1431501","1431501","Gulf El","PHBAO",387,174,0,0,0,24,null,null,null,null,48,633,17,7,0,0,0,24,18,7,0,0,0,25,{"$f":"VLOOKUP(A297,'Pivot ECAST'!A:B,2,FALSE)","v":2},1,"14315011",1,0,3,1,0,3,2,0]
["1431501","1431502","Gulf ES STEAM Magnet","Magnet 2",70,56,0,0,0,null,null,null,null,null,null,126,3,2,0,0,0,5,3,2,0,0,0,5,{"$f":"VLOOKUP(A298,'Pivot ECAST'!A:B,2,FALSE)","v":2},2,"14315012",0,0,0,0,0,0,0,0]
["1432201","1432201","Arroyo Seco Musm Sci","Magnet 2",189,114,199,0,0,null,null,null,null,null,null,502,8,4,8,0,0,20,9,4,7,0,0,20,{"$f":"VLOOKUP(A299,'Pivot ECAST'!A:B,2,FALSE)","v":1},1,"14322011",1,0.5,2,1,0.5,2,0,0]
["1432901","1432901","Haddon El","PHBAO",364,148,0,0,0,41,null,null,15,24,24,616,16,6,0,0,0,22,17,6,0,0,0,23,{"$f":"VLOOKUP(A300,'Pivot ECAST'!A:B,2,FALSE)","v":2},1,"14329011",1,0,2,1,0,3,0,0]
["1432901","1432902","Haddon Av ES STEAM Magnet","Magnet 2",96,55,0,0,0,null,null,null,null,null,null,151,4,2,0,0,0,6,3,2,0,0,0,5,{"$f":"VLOOKUP(A301,'Pivot ECAST'!A:B,2,FALSE)","v":2},2,"14329012",0,0,0,0,0,0,0,0]
["1434201","1434201","Halldale El","PHBAO",272,122,0,0,0,71,null,null,9,null,22,496,12,5,0,0,0,17,13,5,0,0,0,18,{"$f":"VLOOKUP(A302,'Pivot ECAST'!A:B,2,FALSE)","v":1},1,"14342011",1,0,2,1,0,2,0,0]
["1434901","1434901","Hamlin CA","PHBAO",243,70,0,0,0,23,null,null,18,null,null,354,11,3,0,0,0,14,11,3,0,0,0,14,{"$f":"VLOOKUP(A303,'Pivot ECAST'!A:B,2,FALSE)","v":1},1,"14349011",1,0,2,1,0,2,1,0]
["1435601","1435601","Anton El","PHBAO",222,227,0,0,0,12,null,null,10,null,null,471,10,8,0,0,0,18,13,8,0,0,0,21,{"$f":"VLOOKUP(A304,'Pivot ECAST'!A:B,2,FALSE)","v":2},1,"14356011",1,0,2,1,0,2,0,0]
["1435601","1435602","Anton El DL Two-Way Im Spanish","PHBAO",43,0,0,0,0,null,null,null,null,null,null,43,2,0,0,0,0,2,1,0,0,0,0,1,{"$f":"VLOOKUP(A305,'Pivot ECAST'!A:B,2,FALSE)","v":2},2,"14356012",0,0,0,0,0,0,0,0]
["1439701","1439701","Hancock Park El","Desegregated/Receiver",440,185,0,0,0,28,null,null,null,null,null,653,19,6,0,0,0,25,19,6,0,0,0,25,{"$f":"VLOOKUP(A306,'Pivot ECAST'!A:B,2,FALSE)","v":1},1,"14397011",1,0,2,1,0,2,0,0]
["1442501","1442501","Harbor City El","PHBAO",293,152,0,0,0,21,null,null,10,null,17,493,13,6,0,0,0,19,14,6,0,0,0,20,{"$f":"VLOOKUP(A307,'Pivot ECAST'!A:B,2,FALSE)","v":1},1,"14425011",1,0,2,1,0,2,0,0]
["1443101","1443101","Harding El","PHBAO",241,112,0,0,0,30,null,null,null,null,21,404,11,5,0,0,0,16,11,4,0,0,0,15,{"$f":"VLOOKUP(A308,'Pivot ECAST'!A:B,2,FALSE)","v":1},1,"14431011",1,0,2,1,0,2,0,0]
["1443801","1443801","Harrison El","PHBAO",108,132,0,0,0,23,null,null,9,null,17,289,5,5,0,0,0,10,7,5,0,0,0,12,{"$f":"VLOOKUP(A309,'Pivot ECAST'!A:B,2,FALSE)","v":2},1,"14438011",1,0,2,1,0,2,0,0]
["1443801","1443802","Harrison El DL Two-Way Im Spanish","PHBAO",68,0,0,0,0,null,null,null,null,null,null,68,3,0,0,0,0,3,2,0,0,0,0,2,{"$f":"VLOOKUP(A310,'Pivot ECAST'!A:B,2,FALSE)","v":2},2,"14438012",0,0,0,0,0,0,0,0]
["1444501","1444501","Hart St El","PHBAO",439,206,0,0,0,36,null,null,16,44,26,767,19,8,0,0,0,27,18,9,0,0,0,27,{"$f":"VLOOKUP(A311,'Pivot ECAST'!A:B,2,FALSE)","v":1},1,"14445011",1,0,2,1,0,3,0,0]
["1445201","1445201","Haskell STEAM Magnet","Magnet 2",341,211,0,0,0,18,null,null,10,null,null,580,15,8,0,0,0,23,15,8,0,0,0,23,{"$f":"VLOOKUP(A312,'Pivot ECAST'!A:B,2,FALSE)","v":1},1,"14452011",1,0,2,1,0,2,0,0]
["1446601","1446601","Hawaiian El","PHBAO",293,136,0,0,0,20,null,null,17,null,25,491,13,5,0,0,0,18,14,5,0,0,0,19,{"$f":"VLOOKUP(A313,'Pivot ECAST'!A:B,2,FALSE)","v":2},1,"14466011",1,0,2,1,0,2,0,0]
["1446601","1446602","Hawaiian ES STEAM Magnet","Magnet 2",70,55,0,0,0,null,null,null,null,null,null,125,3,2,0,0,0,5,3,2,0,0,0,5,{"$f":"VLOOKUP(A314,'Pivot ECAST'!A:B,2,FALSE)","v":2},2,"14466012",0,0,0,0,0,0,0,0]
["1447301","1447301","Haynes CES","Desegregated/Receiver",270,128,0,0,0,11,null,null,11,null,null,420,12,4,0,0,0,16,12,4,0,0,0,16,{"$f":"VLOOKUP(A315,'Pivot ECAST'!A:B,2,FALSE)","v":1},1,"14473011",1,0,2,1,0,2,0,0]
["1449301","1449301","Hazeltine El","PHBAO",314,203,0,0,0,41,null,null,null,44,45,647,14,8,0,0,0,22,16,8,0,0,0,24,{"$f":"VLOOKUP(A316,'Pivot ECAST'!A:B,2,FALSE)","v":2},1,"14493011",1,0,2,1,0,3,0,0]
["1449301","1449302","Hazeltine El DL Two-Way Im Spanish","PHBAO",124,0,0,0,0,null,null,null,null,null,null,124,6,0,0,0,0,6,4,0,0,0,0,4,{"$f":"VLOOKUP(A317,'Pivot ECAST'!A:B,2,FALSE)","v":2},2,"14493012",0,0,0,0,0,0,0,0]
["1450701","1450701","Heliotrope El","PHBAO",318,178,0,0,0,52,null,null,null,null,21,569,14,7,0,0,0,21,15,6,0,0,0,21,{"$f":"VLOOKUP(A318,'Pivot ECAST'!A:B,2,FALSE)","v":1},1,"14507011",1,0,2,1,0,2,0,0]
["1451501","1451501","Herrick El","PHBAO",248,132,0,0,0,35,null,null,12,null,24,451,11,5,0,0,0,16,12,5,0,0,0,17,{"$f":"VLOOKUP(A319,'Pivot ECAST'!A:B,2,FALSE)","v":1},1,"14515011",1,0,2,1,0,2,0,0]
["1452101","1452101","Hesby Oaks Lead Chtr","Desegregated/Receiver",194,120,199,0,0,null,1,null,null,null,null,514,9,4,7,0,0,20,9,4,7,0,0,20,{"$f":"VLOOKUP(A320,'Pivot ECAST'!A:B,2,FALSE)","v":1},1,"14521011",1,0.5,2,1,0.5,2,0,0]
["1452801","1452801","Hillcrest Dr El","PHBAO",205,82,0,0,0,39,null,null,16,null,24,366,9,4,0,0,0,13,9,4,0,0,0,13,{"$f":"VLOOKUP(A321,'Pivot ECAST'!A:B,2,FALSE)","v":3},1,"14528011",1,0,2,1,0,2,0,0]
["1452801","1452802","Hillcrest Drive Elementary Music Magnet","Magnet 2",60,36,0,0,0,null,null,null,null,null,null,96,3,2,0,0,0,5,3,2,0,0,0,5,{"$f":"VLOOKUP(A322,'Pivot ECAST'!A:B,2,FALSE)","v":3},2,"14528012",0,0,0,0,0,0,0,0]
["1452801","1452803","Hillcrest Dr El DL Two-Way Im Spanish","PHBAO",75,40,0,0,0,null,null,null,null,null,null,115,4,2,0,0,0,6,4,2,0,0,0,6,{"$f":"VLOOKUP(A323,'Pivot ECAST'!A:B,2,FALSE)","v":3},3,{"$f":"A323&AD323","v":"14528013"},0,0,0,0,0,0,0,0]
["1453401","1453401","Hillside El","PHBAO",65,35,0,0,0,3,null,null,13,null,null,116,3,2,0,0,0,5,3,2,0,0,0,5,{"$f":"VLOOKUP(A324,'Pivot ECAST'!A:B,2,FALSE)","v":1},1,"14534011",1,0,2,1,0,2,0,0]
["1454801","1454801","Hobart Blvd El","PHBAO",232,192,0,0,0,71,null,null,null,null,16,511,10,7,0,0,0,17,12,7,0,0,0,19,{"$f":"VLOOKUP(A325,'Pivot ECAST'!A:B,2,FALSE)","v":2},{"$f":"IF(A325=A324,AD324+1,1)","v":1},"14548011",1,0,2,1,0,2,0,0]
["1454801","1454802","Hobart Blvd El DL Two-Way Im Spanish","PHBAO",38,0,0,0,0,null,null,null,null,null,null,38,2,0,0,0,0,2,1,0,0,0,0,1,{"$f":"VLOOKUP(A326,'Pivot ECAST'!A:B,2,FALSE)","v":2},2,"14548012",0,0,0,0,0,0,0,0]
["1456201","1456201","Holmes El","PHBAO",111,80,0,0,0,null,null,null,null,null,null,191,5,3,0,0,0,8,5,3,0,0,0,8,{"$f":"VLOOKUP(A327,'Pivot ECAST'!A:B,2,FALSE)","v":1},1,"14562011",1,0,2,1,0,2,0,0]
["1457501","1457501","Hooper El","PHBAO",345,262,0,0,0,47,null,null,null,null,null,654,15,10,0,0,0,25,16,12,0,0,0,28,{"$f":"VLOOKUP(A328,'Pivot ECAST'!A:B,2,FALSE)","v":2},1,"14575011",1,0,3,1,0,3,0,0]
["1457501","1457502","Hooper El DL Two-Way Im Spanish","PHBAO",147,56,0,0,0,null,null,null,null,null,null,203,7,3,0,0,0,10,7,0,0,0,0,7,{"$f":"VLOOKUP(A329,'Pivot ECAST'!A:B,2,FALSE)","v":2},2,"14575012",0,0,0,0,0,0,0,0]
["1457601","1457601","Hooper PC","PHBAO",147,0,0,0,0,null,null,null,null,31,22,200,7,0,0,0,0,7,7,0,0,0,0,7,{"$f":"VLOOKUP(A330,'Pivot ECAST'!A:B,2,FALSE)","v":2},1,"14576011",1,0,2,1,0,2,0,0]
["1457601","1457602","Hooper PC El DL Two-Way Im Spanish","PHBAO",32,0,0,0,0,null,null,null,null,null,null,32,2,0,0,0,0,2,2,0,0,0,0,2,{"$f":"VLOOKUP(A331,'Pivot ECAST'!A:B,2,FALSE)","v":2},2,"14576012",0,0,0,0,0,0,0,0]
["1458901","1458901","Hoover El","PHBAO",397,204,0,0,0,43,null,null,null,null,41,685,17,8,0,0,0,25,17,8,0,0,0,25,{"$f":"VLOOKUP(A332,'Pivot ECAST'!A:B,2,FALSE)","v":1},1,"14589011",1,0,2,1,0,2,0,0]
["1460301","1460301","Hubbard El","PHBAO",289,138,0,0,0,35,null,null,null,null,24,486,13,5,0,0,0,18,13,6,0,0,0,19,{"$f":"VLOOKUP(A333,'Pivot ECAST'!A:B,2,FALSE)","v":2},1,"14603011",1,0,2,1,0,2,0,0]
["1460301","1460302","Hubbard St ES STEAM Magnet","Magnet 2",62,26,0,0,0,null,null,null,null,null,null,88,3,1,0,0,0,4,3,0,0,0,0,3,{"$f":"VLOOKUP(A334,'Pivot ECAST'!A:B,2,FALSE)","v":2},2,"14603012",0,0,0,0,0,0,0,0]
["1461601","1461601","Humphreys El","PHBAO",177,97,0,0,0,8,null,null,null,null,13,295,8,4,0,0,0,12,10,4,0,0,0,14,{"$f":"VLOOKUP(A335,'Pivot ECAST'!A:B,2,FALSE)","v":3},1,"14616011",1,0,2,1,0,2,0,0]
["1461601","1461602","Humphreys Avenue Elem Science/Tech/Math","Magnet 2",58,53,0,0,0,null,null,null,null,null,null,111,3,2,0,0,0,5,3,3,0,0,0,6,{"$f":"VLOOKUP(A336,'Pivot ECAST'!A:B,2,FALSE)","v":3},2,"14616012",0,0,0,0,0,0,0,0]
["1461601","1461603","Humphreys El DL Two-Way Im Spanish","PHBAO",94,0,0,0,0,null,null,null,null,null,null,94,4,0,0,0,0,4,4,0,0,0,0,4,{"$f":"VLOOKUP(A337,'Pivot ECAST'!A:B,2,FALSE)","v":3},3,"14616013",0,0,0,0,0,0,0,0]
["1463001","1463001","Huntington Dr El","PHBAO",77,37,0,0,0,53,null,null,9,null,10,186,4,2,0,0,0,6,4,2,0,0,0,6,{"$f":"VLOOKUP(A338,'Pivot ECAST'!A:B,2,FALSE)","v":2},1,"14630011",1,0,2,1,0,2,0,0]
["1463001","1463002","Huntington Dr El DL Two-Way Im Spanish","PHBAO",79,54,0,0,0,null,null,null,null,null,null,133,4,2,0,0,0,6,4,2,0,0,0,6,{"$f":"VLOOKUP(A339,'Pivot ECAST'!A:B,2,FALSE)","v":2},2,"14630012",0,0,0,0,0,0,0,0]
["1464001","1464001","Walnut Park El","PHBAO",295,194,0,0,0,null,null,null,13,59,21,582,13,7,0,0,0,20,15,7,0,0,0,22,{"$f":"VLOOKUP(A340,'Pivot ECAST'!A:B,2,FALSE)","v":2},1,"14640011",1,0,2,1,0,2,0,0]
["1464001","1464002","Walnut Park El DL Two-Way Im Spanish","PHBAO",80,0,0,0,0,null,null,null,null,null,null,80,4,0,0,0,0,4,3,0,0,0,0,3,{"$f":"VLOOKUP(A341,'Pivot ECAST'!A:B,2,FALSE)","v":2},2,"14640012",0,0,0,0,0,0,0,0]
["1464101","1464101","San Antonio El","PHBAO",246,103,0,0,0,45,null,null,16,null,21,431,11,4,0,0,0,15,11,4,0,0,0,15,{"$f":"VLOOKUP(A342,'Pivot ECAST'!A:B,2,FALSE)","v":2},1,"14641011",1,0,2,1,0,2,0,0]
["1464101","1464102","San Antonio ES STEM Magnet","Magnet 2",71,55,0,0,0,null,null,null,null,null,null,126,3,2,0,0,0,5,3,2,0,0,0,5,{"$f":"VLOOKUP(A343,'Pivot ECAST'!A:B,2,FALSE)","v":2},2,"14641012",0,0,0,0,0,0,0,0]
["1464201","1464201","Pacific Blvd School","PHBAO",193,128,0,0,0,64,null,16,36,null,22,459,9,5,0,0,0,14,10,5,0,0,0,15,{"$f":"VLOOKUP(A344,'Pivot ECAST'!A:B,2,FALSE)","v":2},1,"14642011",1,0.5,2,1,0.5,2,0,0]
["1464201","1464202","Pacific Blvd El DL Two-Way Im Spanish","PHBAO",22,0,0,0,0,null,null,null,null,null,null,22,1,0,0,0,0,1,0,0,0,0,0,0,{"$f":"VLOOKUP(A345,'Pivot ECAST'!A:B,2,FALSE)","v":2},2,"14642012",0,0,0,0,0,0,0,0]
["1465801","1465801","YES Academy","PHBAO",289,102,0,0,0,50,null,null,null,null,23,464,13,4,0,0,0,17,13,5,0,0,0,18,{"$f":"VLOOKUP(A346,'Pivot ECAST'!A:B,2,FALSE)","v":1},1,"14658011",1,0,2,1,0,2,0,0]
["1467101","1467101","Ivanhoe El","Desegregated/Receiver",315,159,0,0,0,null,null,null,null,null,null,474,14,5,0,0,0,19,14,5,0,0,0,19,{"$f":"VLOOKUP(A347,'Pivot ECAST'!A:B,2,FALSE)","v":1},1,"14671011",1,0,2,1,0,2,0,0]
["1468001","1468001","Lizarraga El","PHBAO",339,190,0,0,0,11,null,null,13,null,23,576,15,7,0,0,0,22,15,7,0,0,0,22,{"$f":"VLOOKUP(A348,'Pivot ECAST'!A:B,2,FALSE)","v":1},1,"14680011",1,0,2,1,0,2,0,0]
["1468101","1468101","Harmony El","PHBAO",222,185,0,0,0,58,null,null,null,33,null,498,10,7,0,0,0,17,13,7,0,0,0,20,{"$f":"VLOOKUP(A349,'Pivot ECAST'!A:B,2,FALSE)","v":2},1,"14681011",1,0,2,1,0,2,0,0]
["1468101","1468102","Harmony El DL Two-Way Im Spanish","PHBAO",98,0,0,0,0,null,null,null,null,null,null,98,5,0,0,0,0,5,3,0,0,0,0,3,{"$f":"VLOOKUP(A350,'Pivot ECAST'!A:B,2,FALSE)","v":2},2,"14681012",0,0,0,0,0,0,0,0]
["1468501","1468501","Aurora El","PHBAO",178,108,0,0,0,25,null,null,10,null,18,339,8,4,0,0,0,12,10,4,0,0,0,14,{"$f":"VLOOKUP(A351,'Pivot ECAST'!A:B,2,FALSE)","v":2},1,"14685011",1,0,2,1,0,2,0,0]
["1468501","1468502","Aurora El DL Two-Way Im Spanish","PHBAO",41,0,0,0,0,null,null,null,null,null,null,41,2,0,0,0,0,2,1,0,0,0,0,1,{"$f":"VLOOKUP(A352,'Pivot ECAST'!A:B,2,FALSE)","v":2},2,"14685012",0,0,0,0,0,0,0,0]
["1469201","1469201","Justice St Acad Chtr","Desegregated/Receiver",293,127,0,0,0,null,null,null,null,null,null,420,13,4,0,0,0,17,13,4,0,0,0,17,{"$f":"VLOOKUP(A353,'Pivot ECAST'!A:B,2,FALSE)","v":1},1,"14692011",1,0,2,1,0,2,0,0]
["1469601","1469601","Kennedy El","PHBAO",108,69,0,0,0,20,null,null,7,null,null,204,5,3,0,0,0,8,5,3,0,0,0,8,{"$f":"VLOOKUP(A354,'Pivot ECAST'!A:B,2,FALSE)","v":2},1,"14696011",1,0,2,1,0,2,0,0]
["1469601","1469602","Kennedy, RF ES VAPA Magnet","Magnet 2",18,0,0,0,0,null,null,null,null,null,null,18,1,0,0,0,0,1,0,0,0,0,0,0,{"$f":"VLOOKUP(A355,'Pivot ECAST'!A:B,2,FALSE)","v":2},2,"14696012",0,0,0,0,0,0,0,0]
["1469901","1469901","Kenter Canyon Elementary Charter","Desegregated/Receiver",367,176,0,0,0,null,null,null,null,null,null,543,16,6,0,0,0,22,16,6,0,0,0,22,{"$f":"VLOOKUP(A356,'Pivot ECAST'!A:B,2,FALSE)","v":1},1,"14699011",1,0,2,1,0,2,0,0]
["1471201","1471201","Kentwood El","Desegregated/Receiver",244,74,0,0,0,26,null,null,null,25,null,369,11,3,0,0,0,14,11,3,0,0,0,14,{"$f":"VLOOKUP(A357,'Pivot ECAST'!A:B,2,FALSE)","v":1},1,"14712011",1,0,2,1,0,2,0,0]
["1472601","1472601","Kester El","Desegregated/Receiver",558,201,0,0,0,null,null,null,4,null,null,763,24,6,0,0,0,30,24,6,0,0,0,30,{"$f":"VLOOKUP(A358,'Pivot ECAST'!A:B,2,FALSE)","v":2},1,"14726011",2,0,3,2,0,3,0,0]
["1472601","1472602","Kester Avenue Elementary Gifted Magnet","Magnet 1",120,124,0,0,0,null,null,null,null,null,null,244,5,4,0,0,0,9,5,4,0,0,0,9,{"$f":"VLOOKUP(A359,'Pivot ECAST'!A:B,2,FALSE)","v":2},2,"14726012",0,0,0,0,0,0,0,0]
["1476001","1476001","Kittridge El","PHBAO",344,231,0,0,0,38,null,null,null,41,22,676,15,9,0,0,0,24,17,9,0,0,0,26,{"$f":"VLOOKUP(A360,'Pivot ECAST'!A:B,2,FALSE)","v":3},1,"14760011",1,0,3,1,0,3,0,0]
["1476001","1476002","Kittridge El DL Two-Way Im Spanish","PHBAO",65,0,0,0,0,null,null,null,null,null,null,65,3,0,0,0,0,3,2,0,0,0,0,2,{"$f":"VLOOKUP(A361,'Pivot ECAST'!A:B,2,FALSE)","v":3},2,"14760012",0,0,0,0,0,0,0,0]
["1476001","1476003","Kittridge El DL Two-Way Im Armenian","PHBAO",66,0,0,0,0,null,null,null,null,null,null,66,3,0,0,0,0,3,2,0,0,0,0,2,{"$f":"VLOOKUP(A362,'Pivot ECAST'!A:B,2,FALSE)","v":3},3,"14760013",0,0,0,0,0,0,0,0]
["1476201","1476201","Knollwood Prep Acad","Desegregated/Receiver",246,126,0,0,0,24,null,null,16,41,null,453,11,4,0,0,0,15,12,4,0,0,0,16,{"$f":"VLOOKUP(A363,'Pivot ECAST'!A:B,2,FALSE)","v":1},1,"14762011",1,0,2,1,0,2,1,0]
["1476401","1476401","Lanai El","Desegregated/Receiver",389,173,0,0,0,null,null,null,null,null,null,562,17,6,0,0,0,23,17,6,0,0,0,23,{"$f":"VLOOKUP(A364,'Pivot ECAST'!A:B,2,FALSE)","v":1},1,"14764011",1,0,2,1,0,2,0,0]
["1476701","1476701","Lane El","PHBAO",196,123,0,0,0,17,null,null,null,null,16,352,9,5,0,0,0,14,9,5,0,0,0,14,{"$f":"VLOOKUP(A365,'Pivot ECAST'!A:B,2,FALSE)","v":1},1,"14767011",1,0,2,1,0,2,0,0]
["1477501","1477501","Langdon El","PHBAO",410,161,0,0,0,36,null,null,25,null,43,675,18,6,0,0,0,24,18,6,0,0,0,24,{"$f":"VLOOKUP(A366,'Pivot ECAST'!A:B,2,FALSE)","v":1},1,"14775011",1,0,2,1,0,2,0,0]
["1477601","1477601","Primary Academy","PHBAO",219,0,0,0,0,null,null,null,null,25,19,263,10,0,0,0,0,10,11,0,0,0,0,11,{"$f":"VLOOKUP(A367,'Pivot ECAST'!A:B,2,FALSE)","v":1},1,"14776011",1,0,2,1,0,2,1,0]
["1478101","1478101","Lankershim El","PHBAO",201,95,0,0,0,5,null,null,14,null,19,334,9,4,0,0,0,13,10,4,0,0,0,14,{"$f":"VLOOKUP(A368,'Pivot ECAST'!A:B,2,FALSE)","v":1},1,"14781011",1,0,2,1,0,2,1,0]
["1478601","1478601","La Salle El","PHBAO",147,112,0,0,0,21,null,null,null,null,17,297,7,5,0,0,0,12,9,4,0,0,0,13,{"$f":"VLOOKUP(A369,'Pivot ECAST'!A:B,2,FALSE)","v":2},1,"14786011",1,0,2,1,0,2,0,0]
["1478601","1478602","La Salle El DL Two-Way Im Spanish","PHBAO",67,0,0,0,0,null,null,null,null,null,null,67,3,0,0,0,0,3,2,0,0,0,0,2,{"$f":"VLOOKUP(A370,'Pivot ECAST'!A:B,2,FALSE)","v":2},2,"14786012",0,0,0,0,0,0,0,0]
["1479001","1479001","Lassen El","PHBAO",221,125,0,0,0,36,null,null,12,60,null,454,10,5,0,0,0,15,11,5,0,0,0,16,{"$f":"VLOOKUP(A371,'Pivot ECAST'!A:B,2,FALSE)","v":2},1,"14790011",1,0,2,1,0,2,0,0]
["1479001","1479002","Lassen El DL Two-Way Im Spanish","PHBAO",43,0,0,0,0,null,null,null,null,null,null,43,2,0,0,0,0,2,1,0,0,0,0,1,{"$f":"VLOOKUP(A372,'Pivot ECAST'!A:B,2,FALSE)","v":2},2,"14790012",0,0,0,0,0,0,0,0]
["1479501","1479501","Latona El","PHBAO",36,63,0,0,0,null,null,null,null,30,null,129,2,3,0,0,0,5,3,3,0,0,0,6,{"$f":"VLOOKUP(A373,'Pivot ECAST'!A:B,2,FALSE)","v":2},1,"14795011",1,0,2,1,0,2,0,0]
["1479501","1479502","Latona El DL Two-Way Im Spanish","PHBAO",51,0,0,0,0,null,null,null,null,null,null,51,3,0,0,0,0,3,2,0,0,0,0,2,{"$f":"VLOOKUP(A374,'Pivot ECAST'!A:B,2,FALSE)","v":2},2,"14795012",0,0,0,0,0,0,0,0]
["1480801","1480801","Laurel Cinematic Arts Creative Tech Mag","Magnet 1",118,80,139,0,0,3,17,null,null,null,null,357,5,3,5,0,0,13,4,2,4,0,0,10,{"$f":"VLOOKUP(A375,'Pivot ECAST'!A:B,2,FALSE)","v":1},1,"14808011",1,0.5,2,1,0.5,2,0,0]
["1482901","1482901","Leapwood El","PHBAO",108,59,0,0,0,38,null,null,6,null,7,218,5,3,0,0,0,8,6,3,0,0,0,9,{"$f":"VLOOKUP(A376,'Pivot ECAST'!A:B,2,FALSE)","v":1},1,"14829011",1,0,2,1,0,2,0,0]
["1483601","1483601","Leland El","PHBAO",219,68,0,0,0,28,null,null,11,null,null,326,10,3,0,0,0,13,10,3,0,0,0,13,{"$f":"VLOOKUP(A377,'Pivot ECAST'!A:B,2,FALSE)","v":2},1,"14836011",1,0,2,1,0,2,0,0]
["1483601","1483602","Leland St ES Global Awareness Magnet","Magnet 2",65,56,0,0,0,null,null,null,null,null,null,121,3,2,0,0,0,5,3,2,0,0,0,5,{"$f":"VLOOKUP(A378,'Pivot ECAST'!A:B,2,FALSE)","v":2},2,"14836012",0,0,0,0,0,0,0,0]
["1484901","1484901","Lemay El","PHBAO",268,111,0,0,0,7,null,null,17,null,null,403,12,4,0,0,0,16,12,4,0,0,0,16,{"$f":"VLOOKUP(A379,'Pivot ECAST'!A:B,2,FALSE)","v":1},1,"14849011",1,0,2,1,0,2,0,0]
["1486301","1486301","Liberty El","PHBAO",321,179,0,0,0,49,null,null,6,null,23,578,14,7,0,0,0,21,15,7,0,0,0,22,{"$f":"VLOOKUP(A380,'Pivot ECAST'!A:B,2,FALSE)","v":1},1,"14863011",1,0,2,1,0,2,0,0]
["1487001","1487001","Liggett El","PHBAO",366,194,0,0,0,38,null,null,13,null,32,643,16,7,0,0,0,23,16,7,0,0,0,23,{"$f":"VLOOKUP(A381,'Pivot ECAST'!A:B,2,FALSE)","v":1},1,"14870011",1,0,2,1,0,2,1,0]
["1487701","1487701","Lillian El","PHBAO",242,172,0,0,0,9,null,null,null,null,21,444,11,7,0,0,0,18,11,7,0,0,0,18,{"$f":"VLOOKUP(A382,'Pivot ECAST'!A:B,2,FALSE)","v":1},1,"14877011",1,0,2,1,0,2,0,0]
["1488101","1488101","Limerick El","PHBAO",411,242,0,0,0,5,null,null,7,67,null,732,18,9,0,0,0,27,19,9,0,0,0,28,{"$f":"VLOOKUP(A383,'Pivot ECAST'!A:B,2,FALSE)","v":2},1,"14881011",1,0,2,1,0,3,1,0]
["1488101","1488102","Limerick Ave El DL Two-Way Im Spanish","PHBAO",69,0,0,0,0,null,null,null,null,null,null,69,3,0,0,0,0,3,3,0,0,0,0,3,{"$f":"VLOOKUP(A384,'Pivot ECAST'!A:B,2,FALSE)","v":2},2,"14881012",0,0,0,0,0,0,0,0]
["1488701","1488701","Lockhurst Dr Chtr El","Desegregated/Receiver",318,137,0,0,0,19,null,null,21,null,null,495,14,5,0,0,0,19,15,4,0,0,0,19,{"$f":"VLOOKUP(A385,'Pivot ECAST'!A:B,2,FALSE)","v":1},1,"14887011",1,0,2,1,0,2,1,0]
["1489001","1489001","Lockwood El","PHBAO",193,160,0,0,0,18,null,null,12,null,14,397,9,6,0,0,0,15,8,7,0,0,0,15,{"$f":"VLOOKUP(A386,'Pivot ECAST'!A:B,2,FALSE)","v":1},1,"14890011",1,0,2,1,0,2,0,0]
["1490401","1490401","Logan Academy of Global Ecology","PHBAO",82,37,144,0,0,17,16,null,null,null,9,305,4,2,6,0,0,12,4,2,6,0,0,12,{"$f":"VLOOKUP(A387,'Pivot ECAST'!A:B,2,FALSE)","v":2},1,{"$f":"A387&AD387","v":"14904011"},1,0.5,2,1,0.5,2,0,0]
["1490401","1490402","Logan El DL Two-Way Im Spanish","PHBAO",78,36,0,0,0,null,null,null,null,null,null,114,4,2,0,0,0,6,4,1,0,0,0,5,{"$f":"VLOOKUP(A388,'Pivot ECAST'!A:B,2,FALSE)","v":2},2,"14904012",0,0,0,0,0,0,0,0]
["1491801","1491801","Loma Vista El","PHBAO",345,211,0,0,0,49,null,null,null,null,23,628,15,8,0,0,0,23,17,8,0,0,0,25,{"$f":"VLOOKUP(A389,'Pivot ECAST'!A:B,2,FALSE)","v":2},{"$f":"IF(A389=A388,AD388+1,1)","v":1},"14918011",1,0,2,1,0,2,0,0]
["1491801","1491802","Loma Vista El DL Two-Way Im Spanish","PHBAO",44,0,0,0,0,null,null,null,null,null,null,44,2,0,0,0,0,2,1,0,0,0,0,1,{"$f":"VLOOKUP(A390,'Pivot ECAST'!A:B,2,FALSE)","v":2},2,"14918012",0,0,0,0,0,0,0,0]
["1493201","1493201","Lomita Math/Sci Mag","Magnet 2",574,331,0,0,0,null,null,null,null,null,null,905,24,12,0,0,0,36,25,12,0,0,0,37,{"$f":"VLOOKUP(A391,'Pivot ECAST'!A:B,2,FALSE)","v":1},1,"14932011",1,0,3,1,0,3,0,0]
["1494501","1494501","Lorena El","PHBAO",155,112,0,0,0,37,null,null,null,null,17,321,7,4,0,0,0,11,9,4,0,0,0,13,{"$f":"VLOOKUP(A392,'Pivot ECAST'!A:B,2,FALSE)","v":2},1,"14945011",1,0,2,1,0,2,0,0]
["1494501","1494502","Lorena St. El DL Two-Way Im Spanish","PHBAO",62,0,0,0,0,null,null,null,null,null,null,62,3,0,0,0,0,3,2,0,0,0,0,2,{"$f":"VLOOKUP(A393,'Pivot ECAST'!A:B,2,FALSE)","v":2},2,"14945012",0,0,0,0,0,0,1,0]
["1495901","1495901","Loreto El","PHBAO",107,45,0,0,0,20,null,null,null,null,19,191,5,2,0,0,0,7,5,2,0,0,0,7,{"$f":"VLOOKUP(A394,'Pivot ECAST'!A:B,2,FALSE)","v":2},1,"14959011",1,0,2,1,0,2,0,0]
["1495901","1495902","Loreto El DL Two-Way Im Spanish","PHBAO",87,33,0,0,0,null,null,null,null,null,null,120,4,2,0,0,0,6,4,2,0,0,0,6,{"$f":"VLOOKUP(A395,'Pivot ECAST'!A:B,2,FALSE)","v":2},2,"14959012",0,0,0,0,0,0,0,0]
["1497301","1497301","Lorne El","PHBAO",173,0,0,0,0,30,null,null,null,null,null,203,8,0,0,0,0,8,8,0,0,0,0,8,{"$f":"VLOOKUP(A396,'Pivot ECAST'!A:B,2,FALSE)","v":2},1,"14973011",1,0,2,1,0,2,0,0]
["1497301","1497302","Lorne Street Elem Science/Tech/Math Magnet","Magnet 2",94,218,0,0,0,null,null,null,null,null,null,312,4,8,0,0,0,12,4,8,0,0,0,12,{"$f":"VLOOKUP(A397,'Pivot ECAST'!A:B,2,FALSE)","v":2},2,"14973012",0,0,0,0,0,0,0,0]
["1498001","1498001","Pio Pico MS","PHBAO",0,0,398,0,0,null,35,null,null,null,null,433,0,0,14,0,0,14,0,0,15,0,0,15,{"$f":"VLOOKUP(A398,'Pivot ECAST'!A:B,2,FALSE)","v":1},1,"14980011",1,1,2,1,1,2,0,0]
["1498201","1498201","Los Angeles El","PHBAO",345,188,0,0,0,40,null,null,31,null,28,632,15,7,0,0,0,22,17,8,0,0,0,25,{"$f":"VLOOKUP(A399,'Pivot ECAST'!A:B,2,FALSE)","v":1},1,"14982011",1,0,2,1,0,2,0,0]
["1498301","1498301","Mariposa-Nabi PC","PHBAO",88,0,0,0,0,12,null,null,28,null,18,146,4,0,0,0,0,4,5,0,0,0,0,5,{"$f":"VLOOKUP(A400,'Pivot ECAST'!A:B,2,FALSE)","v":1},1,"14983011",1,0,2,1,0,2,0,0]
["1498601","1498601","Los Feliz STEMM Magnet","Magnet 1",274,167,0,0,0,null,null,null,null,null,null,441,12,6,0,0,0,18,12,6,0,0,0,18,{"$f":"VLOOKUP(A401,'Pivot ECAST'!A:B,2,FALSE)","v":1},1,"14986011",1,0,2,1,0,2,0,0]
["1501401","1501401","Loyola Village ES Fine/Performing Arts Magnet","Magnet 2",194,149,0,0,0,null,null,null,null,null,null,343,9,6,0,0,0,15,9,6,0,0,0,15,{"$f":"VLOOKUP(A402,'Pivot ECAST'!A:B,2,FALSE)","v":1},1,"15014011",1,0,2,1,0,2,0,0]
["1501601","1501601","Coughlin El","PHBAO",320,167,0,0,0,12,null,null,null,73,18,590,14,7,0,0,0,21,15,7,0,0,0,22,{"$f":"VLOOKUP(A403,'Pivot ECAST'!A:B,2,FALSE)","v":1},1,"15016011",1,0,2,1,0,2,0,0]
["1505501","1505501","Magnolia El","PHBAO",272,202,0,0,0,28,null,null,null,53,null,555,12,8,0,0,0,20,13,8,0,0,0,21,{"$f":"VLOOKUP(A404,'Pivot ECAST'!A:B,2,FALSE)","v":2},1,"15055011",1,0,2,1,0,3,0,0]
["1505501","1505502","Magnolia El DL One & Two-Way Im Spanish","PHBAO",175,56,0,0,0,null,null,null,null,null,null,231,8,2,0,0,0,10,8,3,0,0,0,11,{"$f":"VLOOKUP(A405,'Pivot ECAST'!A:B,2,FALSE)","v":2},2,"15055012",0,0,0,0,0,0,0,0]
["1506801","1506801","Main St El","PHBAO",294,140,0,0,0,47,null,null,null,null,17,498,13,6,0,0,0,19,14,6,0,0,0,20,{"$f":"VLOOKUP(A406,'Pivot ECAST'!A:B,2,FALSE)","v":2},1,"15068011",1,0,3,1,0,3,0,0]
["1506801","1506802","Main St El DL Two-Way Im Spanish","PHBAO",181,97,0,0,0,null,null,null,null,null,23,301,8,4,0,0,0,12,8,4,0,0,0,12,{"$f":"VLOOKUP(A407,'Pivot ECAST'!A:B,2,FALSE)","v":2},2,"15068012",0,0,0,0,0,0,0,0]
["1508201","1508201","Malabar El","PHBAO",221,204,0,0,0,34,null,null,null,null,13,472,10,8,0,0,0,18,12,8,0,0,0,20,{"$f":"VLOOKUP(A408,'Pivot ECAST'!A:B,2,FALSE)","v":2},1,"15082011",1,0,2,1,0,2,0,0]
["1508201","1508202","Malabar St El DL Two-Way Im Spanish","PHBAO",22,0,0,0,0,null,null,null,null,null,null,22,1,0,0,0,0,1,0,0,0,0,0,0,{"$f":"VLOOKUP(A409,'Pivot ECAST'!A:B,2,FALSE)","v":2},2,"15082012",0,0,0,0,0,0,0,0]
["1509601","1509601","Manchester El","PHBAO",341,295,0,0,0,20,null,null,null,null,null,656,15,11,0,0,0,26,17,13,0,0,0,30,{"$f":"VLOOKUP(A410,'Pivot ECAST'!A:B,2,FALSE)","v":2},1,"15096011",1,0,3,1,0,3,0,0]
["1509601","1509602","Manchester Av ES Comm/Broadcasting Mag","Magnet 2",50,55,0,0,0,null,null,null,null,null,null,105,3,3,0,0,0,6,0,1,0,0,0,1,{"$f":"VLOOKUP(A411,'Pivot ECAST'!A:B,2,FALSE)","v":2},2,"15096012",0,0,0,0,0,0,0,0]
["1511001","1511001","Manhattan Place El","PHBAO",128,77,0,0,0,25,null,null,20,null,12,262,6,3,0,0,0,9,7,3,0,0,0,10,{"$f":"VLOOKUP(A412,'Pivot ECAST'!A:B,2,FALSE)","v":1},1,"15110011",1,0,2,1,0,2,0,0]
["1511101","1511101","Alexander Sci Ctr Sc","PHBAO",299,100,0,0,0,null,null,null,null,null,null,399,13,4,0,0,0,17,12,5,0,0,0,17,{"$f":"VLOOKUP(A413,'Pivot ECAST'!A:B,2,FALSE)","v":2},1,"15111011",1,0,2,1,0,2,0,0]
["1511101","1511102","Alexander Sci Ctr DL Two-Way Im Spanish","PHBAO",185,69,0,0,0,null,null,null,null,null,null,254,8,3,0,0,0,11,8,2,0,0,0,10,{"$f":"VLOOKUP(A414,'Pivot ECAST'!A:B,2,FALSE)","v":2},2,"15111012",0,0,0,0,0,0,0,0]
["1511201","1511201","Jones PC","PHBAO",147,0,0,0,0,null,null,null,18,45,null,210,7,0,0,0,0,7,6,0,0,0,0,6,{"$f":"VLOOKUP(A415,'Pivot ECAST'!A:B,2,FALSE)","v":1},1,"15112011",1,0,2,1,0,2,0,0]
["1511301","1511301","Mack El","PHBAO",146,77,0,0,0,9,null,null,null,null,null,232,7,3,0,0,0,10,7,3,0,0,0,10,{"$f":"VLOOKUP(A416,'Pivot ECAST'!A:B,2,FALSE)","v":2},1,"15113011",1,0,2,1,0,2,0,0]
["1511301","1511302","Mack El DL Two-Way Im Spanish","PHBAO",86,43,0,0,0,null,null,null,null,null,null,129,4,2,0,0,0,6,4,2,0,0,0,6,{"$f":"VLOOKUP(A417,'Pivot ECAST'!A:B,2,FALSE)","v":2},2,"15113012",0,0,0,0,0,0,0,0]
["1513701","1513701","Marianna El","PHBAO",126,122,0,0,0,13,null,null,14,null,14,289,6,5,0,0,0,11,7,5,0,0,0,12,{"$f":"VLOOKUP(A418,'Pivot ECAST'!A:B,2,FALSE)","v":2},1,"15137011",1,0,2,1,0,2,0,0]
["1513701","1513702","Marianna Ave El DL Two-Way Im Spanish","PHBAO",45,0,0,0,0,null,null,null,null,null,null,45,2,0,0,0,0,2,2,0,0,0,0,2,{"$f":"VLOOKUP(A419,'Pivot ECAST'!A:B,2,FALSE)","v":2},2,"15137012",0,0,0,0,0,0,0,0]
["1515301","1515301","Orchard Academies 2B","PHBAO",0,0,382,0,0,null,17,null,null,null,null,399,0,0,14,0,0,14,0,0,15,0,0,15,{"$f":"VLOOKUP(A420,'Pivot ECAST'!A:B,2,FALSE)","v":1},1,"15153011",1,1,2,1,1,2,0,0]
["1515401","1515401","Orchard Academies 2C","PHBAO",0,0,321,0,0,null,3,null,null,null,null,324,0,0,12,0,0,12,0,0,12,0,0,12,{"$f":"VLOOKUP(A421,'Pivot ECAST'!A:B,2,FALSE)","v":1},1,"15154011",1,0.5,2,1,0.5,2,1,0]
["1516401","1516401","Marquez Charter","Desegregated/Receiver",279,163,0,0,0,9,null,null,null,null,null,451,12,5,0,0,0,17,13,5,0,0,0,18,{"$f":"VLOOKUP(A422,'Pivot ECAST'!A:B,2,FALSE)","v":1},1,"15164011",1,0,2,1,0,2,1,0]
["1517001","1517001","Lexington Ave PC","PHBAO",111,0,0,0,0,null,null,null,4,37,17,169,5,0,0,0,0,5,6,0,0,0,0,6,{"$f":"VLOOKUP(A423,'Pivot ECAST'!A:B,2,FALSE)","v":1},1,"15170011",1,0,2,1,0,2,0,0]
["1517301","1517301","Dr. Julian Nava Learning Academy","PHBAO",0,0,727,0,0,null,24,null,null,null,null,751,0,0,26,0,0,26,0,0,26,0,0,26,{"$f":"VLOOKUP(A424,'Pivot ECAST'!A:B,2,FALSE)","v":1},1,"15173011",2,1,3,2,1,3,0,1]
["1517801","1517801","Marvin El","PHBAO",319,112,0,0,0,41,null,null,null,null,null,472,14,5,0,0,0,19,15,5,0,0,0,20,{"$f":"VLOOKUP(A425,'Pivot ECAST'!A:B,2,FALSE)","v":2},1,"15178011",1,0,2,1,0,2,1,0]
["1517801","1517802","Marvin Dual Lang Mag","Magnet 2",107,103,0,0,0,null,null,null,null,null,null,210,5,4,0,0,0,9,5,4,0,0,0,9,{"$f":"VLOOKUP(A426,'Pivot ECAST'!A:B,2,FALSE)","v":2},2,"15178012",0,0,0,0,0,0,0,0]
["1519201","1519201","Mar Vista El","Desegregated/Receiver",390,178,0,0,0,28,null,null,null,null,null,596,17,6,0,0,0,23,17,6,0,0,0,23,{"$f":"VLOOKUP(A427,'Pivot ECAST'!A:B,2,FALSE)","v":1},1,"15192011",1,0,2,1,0,2,0,0]
["1519301","1519301","Walnut Park MS STEM","PHBAO",0,0,406,0,0,null,32,null,null,null,null,438,0,0,15,0,0,15,0,0,15,0,0,15,{"$f":"VLOOKUP(A428,'Pivot ECAST'!A:B,2,FALSE)","v":1},1,"15193011",1,1,2,1,1,2,0,0]
["1519801","1519801","Mayall El","Magnet 2",288,153,0,0,0,17,null,null,1,null,null,459,12,6,0,0,0,18,13,6,0,0,0,19,{"$f":"VLOOKUP(A429,'Pivot ECAST'!A:B,2,FALSE)","v":1},1,"15198011",1,0,2,1,0,2,0,0]
["1520501","1520501","Mayberry El","PHBAO",49,20,0,0,0,23,null,null,6,null,null,98,3,1,0,0,0,4,3,1,0,0,0,4,{"$f":"VLOOKUP(A430,'Pivot ECAST'!A:B,2,FALSE)","v":3},1,"15205011",1,0,2,1,0,2,0,0]
["1520501","1520502","Mayberry El DL Two-Way Im Spanish","PHBAO",66,32,0,0,0,null,null,null,null,null,null,98,3,2,0,0,0,5,3,1,0,0,0,4,{"$f":"VLOOKUP(A431,'Pivot ECAST'!A:B,2,FALSE)","v":3},2,"15205012",0,0,0,0,0,0,0,0]
["1520501","1520503","Mayberry St ES Communication Arts Magnet","Magnet 2",0,24,0,0,0,null,null,null,null,null,null,24,0,1,0,0,0,1,0,1,0,0,0,1,{"$f":"VLOOKUP(A432,'Pivot ECAST'!A:B,2,FALSE)","v":3},3,"15205013",0,0,0,0,0,0,0,0]
["1521901","1521901","Melrose M/S/T Mag","Magnet 1",278,175,0,0,0,null,null,null,null,null,null,453,12,6,0,0,0,18,12,6,0,0,0,18,{"$f":"VLOOKUP(A433,'Pivot ECAST'!A:B,2,FALSE)","v":1},1,"15219011",1,0,2,1,0,2,0,0]
["1523301","1523301","Melvin El","PHBAO",151,49,0,0,0,20,null,null,5,null,null,225,7,2,0,0,0,9,8,2,0,0,0,10,{"$f":"VLOOKUP(A434,'Pivot ECAST'!A:B,2,FALSE)","v":2},1,"15233011",1,0,2,1,0,2,0,0]
["1523301","1523302","Melvin Av ES Humanities/Leadership Mag","Magnet 2",81,54,0,0,0,null,null,null,null,null,null,135,4,2,0,0,0,6,4,3,0,0,0,7,{"$f":"VLOOKUP(A435,'Pivot ECAST'!A:B,2,FALSE)","v":2},2,"15233012",0,0,0,0,0,0,0,0]
["1524001","1524001","Katherine Johnson STEM Academy","Desegregated/Receiver",0,0,167,0,0,null,null,null,null,null,null,167,0,0,6,0,0,6,0,0,6,0,0,6,{"$f":"VLOOKUP(A436,'Pivot ECAST'!A:B,2,FALSE)","v":1},1,"15240011",1,0.5,2,1,0.5,2,0,0]
["1524701","1524701","Menlo El","PHBAO",249,147,0,0,0,26,null,null,null,null,15,437,11,6,0,0,0,17,12,6,0,0,0,18,{"$f":"VLOOKUP(A437,'Pivot ECAST'!A:B,2,FALSE)","v":1},1,"15247011",1,0,2,1,0,2,0,0]
["1528801","1528801","Micheltorena El","PHBAO",61,36,0,0,0,17,null,null,5,null,null,119,3,2,0,0,0,5,3,2,0,0,0,5,{"$f":"VLOOKUP(A438,'Pivot ECAST'!A:B,2,FALSE)","v":2},1,"15288011",1,0,2,1,0,2,0,0]
["1528801","1528802","Micheltorena DL Two-Way Im Spanish","Desegregated/Receiver",228,94,0,0,0,null,null,null,null,null,null,322,10,3,0,0,0,13,9,3,0,0,0,12,{"$f":"VLOOKUP(A439,'Pivot ECAST'!A:B,2,FALSE)","v":2},2,"15288012",0,0,0,0,0,0,0,0]
["1530101","1530101","Middleton El","PHBAO",362,404,0,0,0,48,null,null,null,null,null,814,16,15,0,0,0,31,16,15,0,0,0,31,{"$f":"VLOOKUP(A440,'Pivot ECAST'!A:B,2,FALSE)","v":1},1,"15301011",1,0,3,1,0,3,0,0]
["1530201","1530201","Middleton PC","PHBAO",176,0,0,0,0,null,null,null,null,46,34,256,8,0,0,0,0,8,9,0,0,0,0,9,{"$f":"VLOOKUP(A441,'Pivot ECAST'!A:B,2,FALSE)","v":1},1,"15302011",1,0,2,1,0,2,0,0]
["1531501","1531501","Miles El","PHBAO",243,140,0,0,0,49,null,null,null,null,null,432,11,5,0,0,0,16,12,5,0,0,0,17,{"$f":"VLOOKUP(A442,'Pivot ECAST'!A:B,2,FALSE)","v":3},1,"15315011",1,0,3,1,0,3,0,0]
["1531501","1531502","Miles Avenue Elem Science/Tech/Math Magnet","Magnet 2",96,73,0,0,0,null,null,null,null,null,null,169,4,3,0,0,0,7,5,2,0,0,0,7,{"$f":"VLOOKUP(A443,'Pivot ECAST'!A:B,2,FALSE)","v":3},2,"15315012",0,0,0,0,0,0,0,0]
["1531501","1531503","Miles El DL Two-Way Im Spanish","PHBAO",222,90,0,0,0,null,null,null,null,null,null,312,10,4,0,0,0,14,10,4,0,0,0,14,{"$f":"VLOOKUP(A444,'Pivot ECAST'!A:B,2,FALSE)","v":3},3,"15315013",0,0,0,0,0,0,0,0]
["1532101","1532101","Miller El","PHBAO",390,279,0,0,0,23,null,null,8,null,22,722,17,11,0,0,0,28,18,10,0,0,0,28,{"$f":"VLOOKUP(A445,'Pivot ECAST'!A:B,2,FALSE)","v":1},1,"15321011",1,0,2,1,0,2,0,0]
["1532901","1532901","Miramonte El","PHBAO",251,165,0,0,0,25,null,null,37,null,20,498,11,7,0,0,0,18,12,8,0,0,0,20,{"$f":"VLOOKUP(A446,'Pivot ECAST'!A:B,2,FALSE)","v":2},1,"15329011",1,0,2,1,0,3,0,0]
["1532901","1532902","Miramonte El DL Two-Way Im Spanish","PHBAO",179,44,0,0,0,null,null,null,null,null,null,223,8,2,0,0,0,10,8,0,0,0,0,8,{"$f":"VLOOKUP(A447,'Pivot ECAST'!A:B,2,FALSE)","v":2},2,"15329012",0,0,0,0,0,0,0,0]
["1534201","1534201","Monlux El","Desegregated/Receiver",344,114,0,0,0,10,null,null,13,null,null,481,15,4,0,0,0,19,16,3,0,0,0,19,{"$f":"VLOOKUP(A448,'Pivot ECAST'!A:B,2,FALSE)","v":2},1,"15342011",1,0,2,1,0,2,0,0]
["1534201","1534202","John B Monlux Elem Science/Tech/Math Mag","Magnet 1",96,124,0,0,0,null,null,null,null,null,null,220,4,4,0,0,0,8,3,4,0,0,0,7,{"$f":"VLOOKUP(A449,'Pivot ECAST'!A:B,2,FALSE)","v":2},2,"15342012",0,0,0,0,0,0,0,0]
["1538401","1538401","Monte Vista El","PHBAO",77,45,0,0,0,21,null,null,null,null,null,143,4,2,0,0,0,6,4,2,0,0,0,6,{"$f":"VLOOKUP(A450,'Pivot ECAST'!A:B,2,FALSE)","v":2},1,"15384011",1,0,2,1,0,2,0,0]
["1538401","1538402","Monte Vista St ES Film/Comm Magnet","Magnet 2",59,56,0,0,0,null,null,null,null,null,null,115,3,2,0,0,0,5,3,2,0,0,0,5,{"$f":"VLOOKUP(A451,'Pivot ECAST'!A:B,2,FALSE)","v":2},2,{"$f":"A451&AD451","v":"15384012"},0,0,0,0,0,0,0,0]
["1538501","1538501","Riordan PC","PHBAO",80,0,0,0,0,9,null,null,10,null,24,123,4,0,0,0,0,4,5,0,0,0,0,5,{"$f":"VLOOKUP(A452,'Pivot ECAST'!A:B,2,FALSE)","v":2},1,"15385011",1,0,2,1,0,2,0,0]
["1538501","1538502","Riordan PC DL World Lang Im French","PHBAO",50,0,0,0,0,null,null,null,null,null,null,50,3,0,0,0,0,3,2,0,0,0,0,2,{"$f":"VLOOKUP(A453,'Pivot ECAST'!A:B,2,FALSE)","v":2},{"$f":"IF(A453=A452,AD452+1,1)","v":2},"15385012",0,0,0,0,0,0,0,0]
["1539701","1539701","Morningside El","PHBAO",271,148,0,0,0,26,null,null,null,null,24,469,12,6,0,0,0,18,13,6,0,0,0,19,{"$f":"VLOOKUP(A454,'Pivot ECAST'!A:B,2,FALSE)","v":1},1,"15397011",1,0,2,1,0,2,0,0]
["1540401","1540401","Mountain View El","Desegregated/Receiver",145,71,0,0,0,null,null,null,null,null,null,216,7,3,0,0,0,10,7,3,0,0,0,10,{"$f":"VLOOKUP(A455,'Pivot ECAST'!A:B,2,FALSE)","v":2},1,"15404011",1,0,2,1,0,2,0,0]
["1540401","1540402","Mountain View El DL Two-Way Im Armenian","Desegregated/Receiver",199,36,0,0,0,null,null,null,null,null,null,235,9,2,0,0,0,11,9,0,0,0,0,9,{"$f":"VLOOKUP(A456,'Pivot ECAST'!A:B,2,FALSE)","v":2},2,"15404012",0,0,0,0,0,0,0,0]
["1541101","1541101","Mt Washington El","Desegregated/Receiver",315,126,0,0,0,null,null,null,null,null,null,441,14,4,0,0,0,18,13,5,0,0,0,18,{"$f":"VLOOKUP(A457,'Pivot ECAST'!A:B,2,FALSE)","v":1},1,"15411011",1,0,2,1,0,2,0,0]
["1542501","1542501","Multnomah El","PHBAO",97,38,0,0,0,null,null,null,null,null,17,152,5,2,0,0,0,7,5,2,0,0,0,7,{"$f":"VLOOKUP(A458,'Pivot ECAST'!A:B,2,FALSE)","v":3},1,"15425011",1,0,2,1,0,2,0,0]
["1542501","1542502","Multnomah Street Elementary Gifted Magnet","Magnet 2",32,50,0,0,0,null,null,null,null,null,null,82,2,2,0,0,0,4,2,2,0,0,0,4,{"$f":"VLOOKUP(A459,'Pivot ECAST'!A:B,2,FALSE)","v":3},2,"15425012",0,0,0,0,0,0,0,0]
["1542501","1542503","Multnomah Env Sc Mag","Magnet 2",66,55,0,0,0,null,null,null,null,null,null,121,3,2,0,0,0,5,3,2,0,0,0,5,{"$f":"VLOOKUP(A460,'Pivot ECAST'!A:B,2,FALSE)","v":3},3,"15425013",0,0,0,0,0,0,0,0]
["1543801","1543801","Murchison El","PHBAO",173,116,0,0,0,60,null,null,null,null,null,349,8,5,0,0,0,13,8,5,0,0,0,13,{"$f":"VLOOKUP(A461,'Pivot ECAST'!A:B,2,FALSE)","v":1},1,"15438011",1,0,2,1,0,2,0,0]
["1544601","1544601","Napa El","PHBAO",203,119,0,0,0,36,null,null,17,null,20,395,9,5,0,0,0,14,10,5,0,0,0,15,{"$f":"VLOOKUP(A462,'Pivot ECAST'!A:B,2,FALSE)","v":2},1,"15446011",1,0,2,1,0,2,0,0]
["1544601","1544602","Napa St El DL Two-Way Im Spanish","PHBAO",62,0,0,0,0,null,null,null,null,null,null,62,3,0,0,0,0,3,2,0,0,0,0,2,{"$f":"VLOOKUP(A463,'Pivot ECAST'!A:B,2,FALSE)","v":2},2,"15446012",0,0,0,0,0,0,0,0]
["1545201","1545201","Nestle Ave Charter","Desegregated/Receiver",338,137,0,0,0,21,null,null,null,48,null,544,15,5,0,0,0,20,15,5,0,0,0,20,{"$f":"VLOOKUP(A464,'Pivot ECAST'!A:B,2,FALSE)","v":1},1,"15452011",1,0,2,1,0,2,0,0]
["1545901","1545901","Nevada El","PHBAO",133,94,0,0,0,16,null,null,23,null,18,284,6,4,0,0,0,10,7,4,0,0,0,11,{"$f":"VLOOKUP(A465,'Pivot ECAST'!A:B,2,FALSE)","v":2},1,"15459011",1,0,2,1,0,2,0,0]
["1545901","1545902","Nevada El DL Two-Way Im Spanish","PHBAO",88,0,0,0,0,null,null,null,null,null,20,108,4,0,0,0,0,4,3,0,0,0,0,3,{"$f":"VLOOKUP(A466,'Pivot ECAST'!A:B,2,FALSE)","v":2},2,"15459012",0,0,0,0,0,0,1,0]
["1546601","1546601","Nevin El","PHBAO",318,179,0,0,0,25,null,null,18,null,28,568,14,7,0,0,0,21,15,7,0,0,0,22,{"$f":"VLOOKUP(A467,'Pivot ECAST'!A:B,2,FALSE)","v":1},1,"15466011",1,0,2,1,0,2,0,0]
["1547901","1547901","Newcastle El","PHBAO",200,74,0,0,0,19,null,null,6,null,19,318,9,3,0,0,0,12,9,4,0,0,0,13,{"$f":"VLOOKUP(A468,'Pivot ECAST'!A:B,2,FALSE)","v":1},1,"15479011",1,0,2,1,0,2,0,0]
["1550501","1550501","9th St El","PHBAO",171,118,0,0,0,10,null,null,4,null,null,303,8,5,0,0,0,13,8,5,0,0,0,13,{"$f":"VLOOKUP(A469,'Pivot ECAST'!A:B,2,FALSE)","v":1},1,"15505011",1,0,2,1,0,2,0,0]
["1552101","1552101","95th St El","PHBAO",555,278,0,0,0,45,null,null,null,null,23,901,24,11,0,0,0,35,25,10,0,0,0,35,{"$f":"VLOOKUP(A470,'Pivot ECAST'!A:B,2,FALSE)","v":1},1,"15521011",1,0,3,1,0,3,0,0]
["1553401","1553401","99th St El","PHBAO",318,162,0,0,0,52,null,null,7,24,null,563,14,6,0,0,0,20,14,7,0,0,0,21,{"$f":"VLOOKUP(A471,'Pivot ECAST'!A:B,2,FALSE)","v":1},1,"15534011",1,0,2,1,0,2,0,0]
["1554801","1554801","92nd St El","PHBAO",440,273,0,0,0,37,null,null,null,null,33,783,19,10,0,0,0,29,20,10,0,0,0,30,{"$f":"VLOOKUP(A472,'Pivot ECAST'!A:B,2,FALSE)","v":1},1,"15548011",1,0,3,1,0,3,0,0]
["1556201","1556201","Barrett El","PHBAO",371,204,0,0,0,45,null,null,13,null,23,656,16,8,0,0,0,24,18,9,0,0,0,27,{"$f":"VLOOKUP(A473,'Pivot ECAST'!A:B,2,FALSE)","v":2},1,"15562011",1,0,2,1,0,3,0,0]
["1556201","1556202","Barrett El DL Two-Way Im Spanish","PHBAO",73,0,0,0,0,null,null,null,null,null,null,73,4,0,0,0,0,4,3,0,0,0,0,3,{"$f":"VLOOKUP(A474,'Pivot ECAST'!A:B,2,FALSE)","v":2},2,"15562012",0,0,0,0,0,0,0,0]
["1557501","1557501","96th St El","PHBAO",314,246,0,0,0,21,null,null,17,null,21,619,14,10,0,0,0,24,15,10,0,0,0,25,{"$f":"VLOOKUP(A475,'Pivot ECAST'!A:B,2,FALSE)","v":2},1,"15575011",1,0,2,1,0,2,0,0]
["1557501","1557502","96th St El DL Two-Way Im Spanish","PHBAO",61,0,0,0,0,null,null,null,null,null,null,61,3,0,0,0,0,3,2,0,0,0,0,2,{"$f":"VLOOKUP(A476,'Pivot ECAST'!A:B,2,FALSE)","v":2},2,"15575012",0,0,0,0,0,0,0,0]
["1558201","1558201","93rd St El","PHBAO",234,172,0,0,0,67,null,null,10,null,24,507,10,7,0,0,0,17,13,7,0,0,0,20,{"$f":"VLOOKUP(A477,'Pivot ECAST'!A:B,2,FALSE)","v":3},1,"15582011",1,0,3,2,0,3,0,0]
["1558201","1558202","93rd St El DL Two-Way Im Spanish","PHBAO",184,0,0,0,0,null,null,null,null,null,null,184,8,0,0,0,0,8,6,0,0,0,0,6,{"$f":"VLOOKUP(A478,'Pivot ECAST'!A:B,2,FALSE)","v":3},2,"15582012",0,0,0,0,0,0,0,0]
["1558201","1558203","93rd St ES STEAM Magnet","Magnet 2",144,128,0,0,0,null,null,null,null,null,null,272,6,5,0,0,0,11,7,4,0,0,0,11,{"$f":"VLOOKUP(A479,'Pivot ECAST'!A:B,2,FALSE)","v":3},3,"15582013",0,0,0,0,0,0,0,0]
["1560301","1560301","Noble El","PHBAO",486,221,0,0,0,34,null,null,null,null,24,765,21,8,0,0,0,29,22,8,0,0,0,30,{"$f":"VLOOKUP(A480,'Pivot ECAST'!A:B,2,FALSE)","v":1},1,"15603011",1,0,3,1,0,3,1,0]
["1560401","1560401","Panorama City El","PHBAO",316,141,0,0,0,27,null,null,19,77,null,580,14,5,0,0,0,19,14,5,0,0,0,19,{"$f":"VLOOKUP(A481,'Pivot ECAST'!A:B,2,FALSE)","v":1},1,"15604011",1,0,2,1,0,2,0,0]
["1563001","1563001","Normandie El","PHBAO",270,137,0,0,0,52,null,null,12,16,22,509,12,6,0,0,0,18,13,5,0,0,0,18,{"$f":"VLOOKUP(A482,'Pivot ECAST'!A:B,2,FALSE)","v":2},1,"15630011",1,0,2,1,0,3,0,0]
["1563001","1563002","Normandie El DL Two-Way Im Spanish","PHBAO",167,81,0,0,0,null,null,null,null,null,null,248,7,3,0,0,0,10,7,3,0,0,0,10,{"$f":"VLOOKUP(A483,'Pivot ECAST'!A:B,2,FALSE)","v":2},2,"15630012",0,0,0,0,0,0,0,0]
["1564401","1564401","Normont El","PHBAO",107,93,0,0,0,9,null,null,12,null,null,221,5,4,0,0,0,9,7,3,0,0,0,10,{"$f":"VLOOKUP(A484,'Pivot ECAST'!A:B,2,FALSE)","v":2},1,"15644011",1,0,2,1,0,2,0,0]
["1564401","1564402","Normont El DL Two-Way Im Spanish","PHBAO",60,0,0,0,0,null,null,null,null,null,null,60,3,0,0,0,0,3,2,0,0,0,0,2,{"$f":"VLOOKUP(A485,'Pivot ECAST'!A:B,2,FALSE)","v":2},2,"15644012",0,0,0,0,0,0,0,0]
["1569901","1569901","Norwood El","PHBAO",223,138,0,0,0,35,null,null,null,null,23,419,10,5,0,0,0,15,11,5,0,0,0,16,{"$f":"VLOOKUP(A486,'Pivot ECAST'!A:B,2,FALSE)","v":1},1,"15699011",1,0,2,1,0,2,0,0]
["1572601","1572601","O Melveny El","PHBAO",292,145,0,0,0,24,null,null,7,33,15,516,13,6,0,0,0,19,13,6,0,0,0,19,{"$f":"VLOOKUP(A487,'Pivot ECAST'!A:B,2,FALSE)","v":1},1,"15726011",1,0,2,1,0,2,0,0]
["1574001","1574001","118th St El","PHBAO",271,165,0,0,0,37,null,null,null,null,24,497,12,6,0,0,0,18,13,7,0,0,0,20,{"$f":"VLOOKUP(A488,'Pivot ECAST'!A:B,2,FALSE)","v":2},1,"15740011",1,0,2,1,0,2,0,0]
["1574001","1574002","118th St El DL Two-Way Im Spanish","PHBAO",69,0,0,0,0,null,null,null,null,null,null,69,3,0,0,0,0,3,2,0,0,0,0,2,{"$f":"VLOOKUP(A489,'Pivot ECAST'!A:B,2,FALSE)","v":2},2,"15740012",0,0,0,0,0,0,0,0]
["1575301","1575301","186th St El","PHBAO",465,202,0,0,0,37,null,null,null,37,42,783,20,8,0,0,0,28,21,8,0,0,0,29,{"$f":"VLOOKUP(A490,'Pivot ECAST'!A:B,2,FALSE)","v":1},1,"15753011",1,0,2,1,0,3,0,0]
["1578101","1578101","Flournoy El","PHBAO",299,92,0,0,0,26,null,null,null,null,22,439,13,4,0,0,0,17,13,4,0,0,0,17,{"$f":"VLOOKUP(A491,'Pivot ECAST'!A:B,2,FALSE)","v":2},1,"15781011",1,0,2,1,0,2,0,0]
["1578101","1578102","Flournoy ES STEAM Magnet","Magnet 2",36,51,0,0,0,null,null,null,null,null,null,87,2,2,0,0,0,4,2,2,0,0,0,4,{"$f":"VLOOKUP(A492,'Pivot ECAST'!A:B,2,FALSE)","v":2},2,"15781012",0,0,0,0,0,0,0,0]
["1580801","1580801","156th St El","PHBAO",218,147,0,0,0,13,null,null,null,null,null,378,10,6,0,0,0,16,9,6,0,0,0,15,{"$f":"VLOOKUP(A493,'Pivot ECAST'!A:B,2,FALSE)","v":1},1,"15808011",1,0,2,1,0,2,0,0]
["1582201","1582201","153rd St El","PHBAO",153,93,0,0,0,56,null,null,16,null,19,337,7,4,0,0,0,11,8,5,0,0,0,13,{"$f":"VLOOKUP(A494,'Pivot ECAST'!A:B,2,FALSE)","v":2},1,"15822011",1,0,2,1,0,2,0,0]
["1582201","1582202","153rd St El DL Two-Way Im Spanish","PHBAO",78,0,0,0,0,null,null,null,null,null,null,78,4,0,0,0,0,4,3,0,0,0,0,3,{"$f":"VLOOKUP(A495,'Pivot ECAST'!A:B,2,FALSE)","v":2},2,"15822012",0,0,0,0,0,0,0,0]
["1583601","1583601","109th St El","PHBAO",220,122,0,0,0,16,null,null,null,null,15,373,10,5,0,0,0,15,11,5,0,0,0,16,{"$f":"VLOOKUP(A496,'Pivot ECAST'!A:B,2,FALSE)","v":1},1,"15836011",1,0,2,1,0,2,0,0]
["1584901","1584901","Griffith Joyner El","PHBAO",219,97,0,0,0,31,null,null,11,null,22,380,10,4,0,0,0,14,11,4,0,0,0,15,{"$f":"VLOOKUP(A497,'Pivot ECAST'!A:B,2,FALSE)","v":2},1,"15849011",1,0,2,1,0,2,0,0]
["1584901","1584902","Griffith Joyner ES Visual/Perf Arts Mag","Magnet 2",70,49,0,0,0,null,null,null,null,null,null,119,3,2,0,0,0,5,3,2,0,0,0,5,{"$f":"VLOOKUP(A498,'Pivot ECAST'!A:B,2,FALSE)","v":2},2,"15849012",0,0,0,0,0,0,0,0]
["1585701","1585701","107th St El","PHBAO",505,155,0,0,0,41,null,null,5,24,24,754,22,6,0,0,0,28,22,7,0,0,0,29,{"$f":"VLOOKUP(A499,'Pivot ECAST'!A:B,2,FALSE)","v":2},1,"15857011",1,0,3,1,0,3,0,0]
["1585701","1585702","107th St ES STEAM Magnet","Magnet 2",72,72,0,0,0,null,null,null,null,null,null,144,3,3,0,0,0,6,3,3,0,0,0,6,{"$f":"VLOOKUP(A500,'Pivot ECAST'!A:B,2,FALSE)","v":2},2,"15857012",0,0,0,0,0,0,0,0]
["1586301","1586301","116th St El","PHBAO",225,125,0,0,0,29,null,null,null,null,24,403,10,5,0,0,0,15,11,6,0,0,0,17,{"$f":"VLOOKUP(A501,'Pivot ECAST'!A:B,2,FALSE)","v":2},1,"15863011",1,0,2,1,0,2,0,0]
["1586301","1586302","116th St El DL Two-Way Im Spanish","PHBAO",50,0,0,0,0,null,null,null,null,null,null,50,3,0,0,0,0,3,2,0,0,0,0,2,{"$f":"VLOOKUP(A502,'Pivot ECAST'!A:B,2,FALSE)","v":2},2,"15863012",0,0,0,0,0,0,0,0]
["1587701","1587701","135th St El","PHBAO",324,197,0,0,0,45,null,null,17,null,38,621,14,7,0,0,0,21,16,8,0,0,0,24,{"$f":"VLOOKUP(A503,'Pivot ECAST'!A:B,2,FALSE)","v":2},1,"15877011",1,0,2,1,0,2,0,0]
["1587701","1587702","135th St El DL Two-Way Im Spanish","PHBAO",62,0,0,0,0,null,null,null,null,null,null,62,3,0,0,0,0,3,2,0,0,0,0,2,{"$f":"VLOOKUP(A504,'Pivot ECAST'!A:B,2,FALSE)","v":2},2,"15877012",0,0,0,0,0,0,0,0]
["1588401","1588401","112th St El","PHBAO",223,109,0,0,0,33,null,null,23,null,18,406,10,5,0,0,0,15,10,5,0,0,0,15,{"$f":"VLOOKUP(A505,'Pivot ECAST'!A:B,2,FALSE)","v":1},1,"15884011",1,0,2,1,0,2,0,0]
["1588701","1588701","122nd St El","PHBAO",324,195,0,0,0,40,null,null,null,null,24,583,14,7,0,0,0,21,16,7,0,0,0,23,{"$f":"VLOOKUP(A506,'Pivot ECAST'!A:B,2,FALSE)","v":2},1,"15887011",1,0,2,1,0,2,0,0]
["1588701","1588702","122nd St El DL Two-Way Im Spanish","PHBAO",66,0,0,0,0,null,null,null,null,null,null,66,3,0,0,0,0,3,2,0,0,0,0,2,{"$f":"VLOOKUP(A507,'Pivot ECAST'!A:B,2,FALSE)","v":2},2,"15887012",0,0,0,0,0,0,0,0]
["1588901","1588901","Open Charter Magnet","Magnet 1",266,143,0,0,0,null,null,null,null,null,null,409,12,5,0,0,0,17,12,5,0,0,0,17,{"$f":"VLOOKUP(A508,'Pivot ECAST'!A:B,2,FALSE)","v":1},1,"15889011",1,0,2,1,0,2,0,0]
["1589401","1589401","Osceola El","PHBAO",275,95,0,0,0,null,null,null,17,36,23,446,12,4,0,0,0,16,11,4,0,0,0,15,{"$f":"VLOOKUP(A509,'Pivot ECAST'!A:B,2,FALSE)","v":1},1,"15894011",1,0,2,1,0,2,0,0]
["1590401","1590401","Overland El","Desegregated/Receiver",324,147,0,0,0,4,null,null,null,null,null,475,14,5,0,0,0,19,15,4,0,0,0,19,{"$f":"VLOOKUP(A510,'Pivot ECAST'!A:B,2,FALSE)","v":1},1,"15904011",1,0,2,1,0,2,1,0]
["1591801","1591801","Oxnard El","PHBAO",222,95,0,0,0,19,null,null,null,null,20,356,10,4,0,0,0,14,10,4,0,0,0,14,{"$f":"VLOOKUP(A511,'Pivot ECAST'!A:B,2,FALSE)","v":1},1,"15918011",1,0,2,1,0,2,0,0]
["1595901","1595901","Palisades Charter El","Desegregated/Receiver",341,151,0,0,0,null,null,null,null,null,null,492,15,5,0,0,0,20,14,5,0,0,0,19,{"$f":"VLOOKUP(A512,'Pivot ECAST'!A:B,2,FALSE)","v":1},1,"15959011",1,0,2,1,0,2,0,0]
["1598601","1598601","Palms El","PHBAO",155,97,0,0,0,47,null,null,6,null,null,305,7,4,0,0,0,11,7,4,0,0,0,11,{"$f":"VLOOKUP(A513,'Pivot ECAST'!A:B,2,FALSE)","v":1},1,"15986011",1,0,2,1,0,2,0,0]
["1600501","1600501","Park Ave El","PHBAO",172,144,0,0,0,7,null,null,8,null,12,343,8,6,0,0,0,14,10,5,0,0,0,15,{"$f":"VLOOKUP(A514,'Pivot ECAST'!A:B,2,FALSE)","v":2},1,"16005011",1,0,2,1,0,2,0,0]
["1600501","1600502","Park Ave El DL Two-Way Im Spanish","PHBAO",43,0,0,0,0,null,null,null,null,null,null,43,2,0,0,0,0,2,1,0,0,0,0,1,{"$f":"VLOOKUP(A515,'Pivot ECAST'!A:B,2,FALSE)","v":2},2,{"$f":"A515&AD515","v":"16005012"},0,0,0,0,0,0,0,0]
["1601301","1601301","Park Western El","PHBAO",266,89,0,0,0,17,null,null,null,26,null,398,12,4,0,0,0,16,12,4,0,0,0,16,{"$f":"VLOOKUP(A516,'Pivot ECAST'!A:B,2,FALSE)","v":2},1,"16013011",1,0,2,1,0,2,0,0]
["1601301","1601302","Park Western Pl ES Gifted/STEAM Magnet","Magnet 2",138,124,0,0,0,null,null,null,null,null,null,262,6,5,0,0,0,11,6,5,0,0,0,11,{"$f":"VLOOKUP(A517,'Pivot ECAST'!A:B,2,FALSE)","v":2},{"$f":"IF(A517=A516,AD516+1,1)","v":2},"16013012",0,0,0,0,0,0,0,0]
["1602101","1602101","Parmelee El","PHBAO",271,212,0,0,0,47,null,null,null,null,24,554,12,8,0,0,0,20,13,10,0,0,0,23,{"$f":"VLOOKUP(A518,'Pivot ECAST'!A:B,2,FALSE)","v":2},1,"16021011",1,0,3,1,0,3,0,0]
["1602101","1602102","Parmelee Ave El DL Two-Way Im Spanish","PHBAO",169,42,0,0,0,null,null,null,null,null,null,211,8,2,0,0,0,10,8,0,0,0,0,8,{"$f":"VLOOKUP(A519,'Pivot ECAST'!A:B,2,FALSE)","v":2},2,"16021012",0,0,0,0,0,0,0,0]
["1602701","1602701","Parthenia Academy of Arts and Technology","PHBAO",341,154,0,0,0,18,null,null,3,null,24,540,15,6,0,0,0,21,15,6,0,0,0,21,{"$f":"VLOOKUP(A520,'Pivot ECAST'!A:B,2,FALSE)","v":1},1,"16027011",1,0,2,1,0,2,0,0]
["1605201","1605201","Paseo Del Rey Nat Sc","Magnet 2",175,155,0,0,0,null,null,null,null,null,null,330,8,6,0,0,0,14,8,6,0,0,0,14,{"$f":"VLOOKUP(A521,'Pivot ECAST'!A:B,2,FALSE)","v":1},1,"16052011",1,0,2,1,0,2,0,0]
["1606801","1606801","Pinewood El","PHBAO",123,54,0,0,0,12,null,null,null,null,null,189,6,2,0,0,0,8,6,2,0,0,0,8,{"$f":"VLOOKUP(A522,'Pivot ECAST'!A:B,2,FALSE)","v":1},1,"16068011",1,0,2,1,0,2,0,0]
["1608701","1608701","Girls Acad Leader, Dr. King Sch for STEM","PHBAO",0,0,333,186,276,null,null,null,null,null,null,609,0,0,12,1,9,22,0,0,12,1,7,20,{"$f":"VLOOKUP(A523,'Pivot ECAST'!A:B,2,FALSE)","v":1},1,"16087011",1,1,2,1,1,2,0,0]
["1609601","1609601","Plainview Academc CA","PHBAO",153,92,0,0,0,3,null,null,3,null,null,251,7,4,0,0,0,11,7,4,0,0,0,11,{"$f":"VLOOKUP(A524,'Pivot ECAST'!A:B,2,FALSE)","v":1},1,"16096011",1,0,2,1,0,2,0,0]
["1611001","1611001","Playa Del Rey El","PHBAO",195,78,0,0,0,null,null,null,7,null,null,280,9,3,0,0,0,12,9,3,0,0,0,12,{"$f":"VLOOKUP(A525,'Pivot ECAST'!A:B,2,FALSE)","v":1},1,"16110011",1,0,2,1,0,2,0,0]
["1612301","1612301","Plummer El","PHBAO",368,315,0,0,0,54,null,null,18,37,23,815,16,12,0,0,0,28,18,11,0,0,0,29,{"$f":"VLOOKUP(A526,'Pivot ECAST'!A:B,2,FALSE)","v":1},1,"16123011",1,0,3,1,0,3,1,0]
["1613701","1613701","Pt Fermin Mar Sci Mg","Magnet 1",206,123,0,0,0,null,null,null,null,null,null,329,9,4,0,0,0,13,10,4,0,0,0,14,{"$f":"VLOOKUP(A527,'Pivot ECAST'!A:B,2,FALSE)","v":1},1,"16137011",1,0,2,1,0,2,0,0]
["1614001","1614001","Pomelo Community CS","Desegregated/Receiver",343,130,0,0,0,25,null,null,null,null,null,498,15,4,0,0,0,19,17,6,0,0,0,23,{"$f":"VLOOKUP(A528,'Pivot ECAST'!A:B,2,FALSE)","v":2},1,"16140011",1,0,2,1,0,2,0,0]
["1614001","1614002","Pomelo CCES Arts/Sciences Magnet","Magnet 1",72,60,0,0,0,null,null,null,null,null,null,132,3,2,0,0,0,5,0,0,0,0,0,0,{"$f":"VLOOKUP(A529,'Pivot ECAST'!A:B,2,FALSE)","v":2},2,"16140012",0,0,0,0,0,0,0,0]
["1614801","1614801","President El","PHBAO",98,100,0,0,0,45,null,null,17,null,20,280,5,4,0,0,0,9,6,5,0,0,0,11,{"$f":"VLOOKUP(A530,'Pivot ECAST'!A:B,2,FALSE)","v":2},1,"16148011",1,0,2,1,0,2,0,0]
["1614801","1614802","President El DL Two-Way Im Spanish","PHBAO",131,20,0,0,0,null,null,null,null,null,null,151,6,1,0,0,0,7,6,0,0,0,0,6,{"$f":"VLOOKUP(A531,'Pivot ECAST'!A:B,2,FALSE)","v":2},2,"16148012",0,0,0,0,0,0,0,0]
["1615801","1615801","Purche El","PHBAO",176,99,0,0,0,34,null,null,null,null,20,329,8,4,0,0,0,12,9,3,0,0,0,12,{"$f":"VLOOKUP(A532,'Pivot ECAST'!A:B,2,FALSE)","v":2},1,"16158011",1,0,2,1,0,2,0,0]
["1615801","1615802","Purche ES STEAM Magnet","Magnet 2",69,55,0,0,0,null,null,null,null,null,null,124,3,2,0,0,0,5,3,2,0,0,0,5,{"$f":"VLOOKUP(A533,'Pivot ECAST'!A:B,2,FALSE)","v":2},2,"16158012",0,0,0,0,0,0,0,0]
["1616401","1616401","Queen Anne El","PHBAO",126,51,0,0,0,5,null,null,null,null,46,228,6,2,0,0,0,8,5,3,0,0,0,8,{"$f":"VLOOKUP(A534,'Pivot ECAST'!A:B,2,FALSE)","v":2},1,"16164011",1,0,2,1,0,2,0,0]
["1616401","1616402","Queen Anne El DL Two-Way Im Spanish","PHBAO",169,51,0,0,0,null,null,null,null,null,null,220,8,2,0,0,0,10,7,2,0,0,0,9,{"$f":"VLOOKUP(A535,'Pivot ECAST'!A:B,2,FALSE)","v":2},2,"16164012",0,0,0,0,0,0,0,0]
["1617801","1617801","Ramona El","PHBAO",172,145,0,0,0,49,null,null,null,null,16,382,8,6,0,0,0,14,9,6,0,0,0,15,{"$f":"VLOOKUP(A536,'Pivot ECAST'!A:B,2,FALSE)","v":1},1,"16178011",1,0,2,1,0,2,0,0]
["1617901","1617901","Kingsley El","PHBAO",78,60,0,0,0,13,null,null,null,null,null,151,4,3,0,0,0,7,5,2,0,0,0,7,{"$f":"VLOOKUP(A537,'Pivot ECAST'!A:B,2,FALSE)","v":2},1,"16179011",1,0,2,1,0,2,0,0]
["1617901","1617902","Kingsley El DL Two-Way Im Spanish","PHBAO",137,58,0,0,0,null,null,null,null,null,null,195,6,3,0,0,0,9,6,3,0,0,0,9,{"$f":"VLOOKUP(A538,'Pivot ECAST'!A:B,2,FALSE)","v":2},2,"16179012",0,0,0,0,0,0,0,0]
["1619201","1619201","Ranchito El","PHBAO",243,140,0,0,0,null,null,null,9,null,22,414,11,5,0,0,0,16,12,6,0,0,0,18,{"$f":"VLOOKUP(A539,'Pivot ECAST'!A:B,2,FALSE)","v":2},1,"16192011",1,0,2,1,0,2,0,0]
["1619201","1619202","Ranchito Ave El DL Two-Way Im Spanish","PHBAO",45,0,0,0,0,null,null,null,null,null,null,45,2,0,0,0,0,2,1,0,0,0,0,1,{"$f":"VLOOKUP(A540,'Pivot ECAST'!A:B,2,FALSE)","v":2},2,"16192012",0,0,0,0,0,0,0,0]
["1621901","1621901","Raymond Ave El","PHBAO",313,155,0,0,0,24,null,null,9,null,19,520,14,6,0,0,0,20,14,6,0,0,0,20,{"$f":"VLOOKUP(A541,'Pivot ECAST'!A:B,2,FALSE)","v":1},1,"16219011",1,0,2,1,0,2,0,0]
["1623301","1623301","Reseda El","PHBAO",265,127,0,0,0,9,null,null,25,null,null,426,12,5,0,0,0,17,12,5,0,0,0,17,{"$f":"VLOOKUP(A542,'Pivot ECAST'!A:B,2,FALSE)","v":1},1,"16233011",1,0,2,1,0,2,0,0]
["1626001","1626001","Richland El","PHBAO",26,23,0,0,0,7,null,null,11,null,null,67,2,1,0,0,0,3,2,2,0,0,0,4,{"$f":"VLOOKUP(A543,'Pivot ECAST'!A:B,2,FALSE)","v":2},1,"16260011",1,0,2,1,0,2,0,0]
["1626001","1626002","Richland El DL World Lang Im French","Desegregated/Receiver",212,78,0,0,0,null,null,null,null,null,null,290,9,3,0,0,0,12,9,2,0,0,0,11,{"$f":"VLOOKUP(A544,'Pivot ECAST'!A:B,2,FALSE)","v":2},2,"16260012",0,0,0,0,0,0,1,0]
["1627401","1627401","Hamasaki El","PHBAO",124,88,0,0,0,28,null,null,5,47,null,292,6,4,0,0,0,10,8,4,0,0,0,12,{"$f":"VLOOKUP(A545,'Pivot ECAST'!A:B,2,FALSE)","v":2},1,"16274011",1,0,2,1,0,2,0,0]
["1627401","1627402","Hamasaki ES Medical/ Science Magnet","Magnet 2",162,56,0,0,0,null,null,null,null,null,null,218,7,2,0,0,0,9,3,2,0,0,0,5,{"$f":"VLOOKUP(A546,'Pivot ECAST'!A:B,2,FALSE)","v":2},2,"16274012",0,0,0,0,0,0,0,0]
["1628801","1628801","Rio Vista El","Desegregated/Receiver",283,105,0,0,0,13,null,null,3,null,null,404,12,4,0,0,0,16,13,4,0,0,0,17,{"$f":"VLOOKUP(A547,'Pivot ECAST'!A:B,2,FALSE)","v":1},1,"16288011",1,0,2,1,0,2,0,0]
["1630101","1630101","Ritter El","PHBAO",221,102,0,0,0,6,null,null,null,null,15,344,10,4,0,0,0,14,10,4,0,0,0,14,{"$f":"VLOOKUP(A548,'Pivot ECAST'!A:B,2,FALSE)","v":1},1,"16301011",1,0,2,1,0,2,0,0]
["1631501","1631501","Riverside Drive Charter","Desegregated/Receiver",340,137,0,0,0,10,null,null,null,null,null,487,15,5,0,0,0,20,15,5,0,0,0,20,{"$f":"VLOOKUP(A549,'Pivot ECAST'!A:B,2,FALSE)","v":1},1,"16315011",1,0,2,1,0,2,0,0]
["1632901","1632901","Rockdale VAPA Mag","Magnet 2",177,149,0,0,0,null,null,null,null,null,14,340,8,6,0,0,0,14,8,5,0,0,0,13,{"$f":"VLOOKUP(A550,'Pivot ECAST'!A:B,2,FALSE)","v":1},1,"16329011",1,0,2,1,0,2,0,0]
["1634201","1634201","Coeur D Alene El","Desegregated/Receiver",387,160,0,0,0,null,null,null,null,null,null,547,17,5,0,0,0,22,17,6,0,0,0,23,{"$f":"VLOOKUP(A551,'Pivot ECAST'!A:B,2,FALSE)","v":1},1,"16342011",1,0,2,1,0,2,0,0]
["1635601","1635601","Roscoe El","PHBAO",218,154,0,0,0,38,null,null,null,null,24,434,10,6,0,0,0,16,11,6,0,0,0,17,{"$f":"VLOOKUP(A552,'Pivot ECAST'!A:B,2,FALSE)","v":2},1,"16356011",1,0,2,1,0,2,0,0]
["1635601","1635602","Roscoe El DL Two-Way Ime Spanish","PHBAO",127,0,0,0,0,null,null,null,null,null,null,127,6,0,0,0,0,6,4,0,0,0,0,4,{"$f":"VLOOKUP(A553,'Pivot ECAST'!A:B,2,FALSE)","v":2},2,"16356012",0,0,0,0,0,0,0,0]
["1636301","1636301","Roscomare El","Desegregated/Receiver",314,127,0,0,0,null,null,null,null,null,null,441,14,4,0,0,0,18,14,4,0,0,0,18,{"$f":"VLOOKUP(A554,'Pivot ECAST'!A:B,2,FALSE)","v":1},1,"16363011",1,0,2,1,0,2,0,0]
["1637001","1637001","Rosemont El","PHBAO",108,101,0,0,0,12,null,null,13,null,null,234,5,4,0,0,0,9,5,5,0,0,0,10,{"$f":"VLOOKUP(A555,'Pivot ECAST'!A:B,2,FALSE)","v":1},1,"16370011",1,0,2,1,0,2,0,0]
["1638401","1638401","Rosewood Av ES Urban/Plan Des Magnet","Magnet 1",197,93,0,0,0,14,null,null,null,null,null,304,9,3,0,0,0,12,8,3,0,0,0,11,{"$f":"VLOOKUP(A556,'Pivot ECAST'!A:B,2,FALSE)","v":1},1,"16384011",1,0,2,1,0,2,0,0]
["1642501","1642501","Rowan El","PHBAO",388,236,0,0,0,66,null,null,11,null,36,737,17,9,0,0,0,26,19,8,0,0,0,27,{"$f":"VLOOKUP(A557,'Pivot ECAST'!A:B,2,FALSE)","v":2},1,"16425011",1,0,3,1,0,3,0,0]
["1642501","1642502","Rowan Ave El DL Two-Way Im Spanish","PHBAO",20,0,0,0,0,null,null,null,null,null,null,20,1,0,0,0,0,1,0,0,0,0,0,0,{"$f":"VLOOKUP(A558,'Pivot ECAST'!A:B,2,FALSE)","v":2},2,"16425012",0,0,0,0,0,0,0,0]
["1642601","1642601","Amanecer PC","PHBAO",127,0,0,0,0,null,null,null,9,null,24,160,6,0,0,0,0,6,7,0,0,0,0,7,{"$f":"VLOOKUP(A559,'Pivot ECAST'!A:B,2,FALSE)","v":1},1,"16426011",1,0,2,1,0,2,0,0]
["1643801","1643801","Russell El","PHBAO",413,206,0,0,0,47,null,null,16,43,39,764,18,8,0,0,0,26,17,9,0,0,0,26,{"$f":"VLOOKUP(A560,'Pivot ECAST'!A:B,2,FALSE)","v":2},1,"16438011",1,0,3,1,0,3,0,0]
["1643801","1643802","Russell Elementary Gifted Magnet","Magnet 2",45,75,0,0,0,null,null,null,null,null,null,120,2,3,0,0,0,5,2,3,0,0,0,5,{"$f":"VLOOKUP(A561,'Pivot ECAST'!A:B,2,FALSE)","v":2},2,"16438012",0,0,0,0,0,0,0,0]
["1645201","1645201","San Fernando El","PHBAO",179,107,0,0,0,10,null,null,13,null,23,332,8,4,0,0,0,12,9,4,0,0,0,13,{"$f":"VLOOKUP(A562,'Pivot ECAST'!A:B,2,FALSE)","v":2},1,"16452011",1,0,2,1,0,2,0,0]
["1645201","1645202","San Fernando El DL Two-Way Im Spanish","PHBAO",171,69,0,0,0,null,null,null,null,null,null,240,8,3,0,0,0,11,8,2,0,0,0,10,{"$f":"VLOOKUP(A563,'Pivot ECAST'!A:B,2,FALSE)","v":2},2,"16452012",0,0,0,0,0,0,0,0]
["1646601","1646601","San Gabriel El","PHBAO",256,174,0,0,0,28,null,null,null,null,24,482,11,7,0,0,0,18,14,6,0,0,0,20,{"$f":"VLOOKUP(A564,'Pivot ECAST'!A:B,2,FALSE)","v":2},1,"16466011",1,0,2,1,0,2,0,0]
["1646601","1646602","San Gabriel El DL Two-Way Im Spanish","PHBAO",66,0,0,0,0,null,null,null,null,null,null,66,3,0,0,0,0,3,2,0,0,0,0,2,{"$f":"VLOOKUP(A565,'Pivot ECAST'!A:B,2,FALSE)","v":2},2,"16466012",0,0,0,0,0,0,0,0]
["1647901","1647901","San Jose El","PHBAO",387,195,0,0,0,null,null,null,6,null,24,612,17,7,0,0,0,24,18,6,0,0,0,24,{"$f":"VLOOKUP(A566,'Pivot ECAST'!A:B,2,FALSE)","v":2},1,"16479011",1,0,2,1,0,2,0,0]
["1647901","1647902","San Jose Hg Mag","Magnet 2",12,56,0,0,0,null,null,null,null,null,null,68,1,2,0,0,0,3,1,2,0,0,0,3,{"$f":"VLOOKUP(A567,'Pivot ECAST'!A:B,2,FALSE)","v":2},2,"16479012",0,0,0,0,0,0,0,0]
["1649301","1649301","San Pascual Avenue Elementary STEAM Magnet","Magnet 2",189,103,0,0,0,null,null,null,null,null,23,315,8,4,0,0,0,12,8,3,0,0,0,11,{"$f":"VLOOKUP(A568,'Pivot ECAST'!A:B,2,FALSE)","v":1},1,"16493011",1,0,2,1,0,2,0,0]
["1650101","1650101","San Fernando MS IAM","PHBAO",0,0,389,0,0,null,19,null,null,null,null,408,0,0,14,0,0,14,0,0,14,0,0,14,{"$f":"VLOOKUP(A569,'Pivot ECAST'!A:B,2,FALSE)","v":1},1,"16501011",1,1,2,1,1,2,0,0]
["1650701","1650701","San Pedro El","PHBAO",340,210,0,0,0,30,null,null,9,17,18,624,15,8,0,0,0,23,16,8,0,0,0,24,{"$f":"VLOOKUP(A570,'Pivot ECAST'!A:B,2,FALSE)","v":1},1,"16507011",1,0,2,1,0,2,0,0]
["1653401","1653401","King Jr El","PHBAO",199,129,0,0,0,18,null,null,10,null,24,380,9,5,0,0,0,14,11,5,0,0,0,16,{"$f":"VLOOKUP(A571,'Pivot ECAST'!A:B,2,FALSE)","v":2},1,"16534011",1,0,2,1,0,2,0,0]
["1653401","1653402","King Jr El DL Two-Way Im Spanish","PHBAO",22,0,0,0,0,null,null,null,null,null,null,22,1,0,0,0,0,1,0,0,0,0,0,0,{"$f":"VLOOKUP(A572,'Pivot ECAST'!A:B,2,FALSE)","v":2},2,"16534012",0,0,0,0,0,0,0,0]
["1654901","1654901","Hollywood PC","PHBAO",106,47,0,0,0,15,null,null,10,null,16,194,5,2,0,0,0,7,5,1,0,0,0,6,{"$f":"VLOOKUP(A573,'Pivot ECAST'!A:B,2,FALSE)","v":1},1,"16549011",1,0,2,1,0,2,0,0]
["1656501","1656501","Saticoy El","Desegregated/Receiver",223,151,0,0,0,45,null,null,4,20,null,443,10,5,0,0,0,15,11,5,0,0,0,16,{"$f":"VLOOKUP(A574,'Pivot ECAST'!A:B,2,FALSE)","v":2},1,"16565011",1,0,2,1,0,2,0,0]
["1656501","1656502","Saticoy El DL Two-Way Im Armenian","Desegregated/Receiver",150,0,0,0,0,null,null,null,null,null,null,150,7,0,0,0,0,7,5,0,0,0,0,5,{"$f":"VLOOKUP(A575,'Pivot ECAST'!A:B,2,FALSE)","v":2},2,"16565012",0,0,0,0,0,0,0,0]
["1657501","1657501","2nd St El","PHBAO",86,105,0,0,0,8,null,null,null,null,11,210,4,4,0,0,0,8,5,5,0,0,0,10,{"$f":"VLOOKUP(A576,'Pivot ECAST'!A:B,2,FALSE)","v":2},1,"16575011",1,0,2,1,0,2,0,0]
["1657501","1657502","2nd St El DL Two-Way Im Spanish","PHBAO",51,0,0,0,0,null,null,null,null,null,null,51,3,0,0,0,0,3,2,0,0,0,0,2,{"$f":"VLOOKUP(A577,'Pivot ECAST'!A:B,2,FALSE)","v":2},2,"16575012",0,0,0,0,0,0,0,0]
["1658901","1658901","Selma El","PHBAO",70,35,0,0,0,5,null,null,null,null,null,110,3,2,0,0,0,5,3,2,0,0,0,5,{"$f":"VLOOKUP(A578,'Pivot ECAST'!A:B,2,FALSE)","v":1},1,"16589011",1,0,2,1,0,2,0,0]
["1660601","1660601","Serrania CES","Desegregated/Receiver",410,173,0,0,0,23,null,null,3,null,null,609,18,6,0,0,0,24,19,5,0,0,0,24,{"$f":"VLOOKUP(A579,'Pivot ECAST'!A:B,2,FALSE)","v":1},1,{"$f":"A579&AD579","v":"16606011"},1,0,2,1,0,2,0,0]
["1661601","1661601","7th St El","PHBAO",179,95,0,0,0,22,null,null,13,null,31,340,8,4,0,0,0,12,9,4,0,0,0,13,{"$f":"VLOOKUP(A580,'Pivot ECAST'!A:B,2,FALSE)","v":1},1,"16616011",1,0,2,1,0,2,0,0]
["1663001","1663001","75th St El","PHBAO",321,217,0,0,0,67,null,null,null,null,44,649,14,9,0,0,0,23,14,9,0,0,0,23,{"$f":"VLOOKUP(A581,'Pivot ECAST'!A:B,2,FALSE)","v":2},{"$f":"IF(A581=A580,AD580+1,1)","v":1},"16630011",2,0,3,2,0,3,0,0]
["1663001","1663002","75Th St El DL Two-Way Im Spanish","PHBAO",208,147,0,0,0,null,null,null,null,null,null,355,9,6,0,0,0,15,10,5,0,0,0,15,{"$f":"VLOOKUP(A582,'Pivot ECAST'!A:B,2,FALSE)","v":2},2,"16630012",0,0,0,0,0,0,0,0]
["1664401","1664401","74th St El","PHBAO",169,53,0,0,0,null,null,null,18,null,24,264,8,2,0,0,0,10,9,2,0,0,0,11,{"$f":"VLOOKUP(A583,'Pivot ECAST'!A:B,2,FALSE)","v":2},1,"16644011",1,0,2,1,0,2,0,0]
["1664401","1664402","74th Street Elementary Gifted Magnet","Magnet 2",77,89,0,0,0,null,null,null,null,null,null,166,4,4,0,0,0,8,4,4,0,0,0,8,{"$f":"VLOOKUP(A584,'Pivot ECAST'!A:B,2,FALSE)","v":2},2,"16644012",0,0,0,0,0,0,0,0]
["1665801","1665801","Mc Kinley El","PHBAO",411,274,0,0,0,50,null,null,9,null,24,768,18,11,0,0,0,29,18,11,0,0,0,29,{"$f":"VLOOKUP(A585,'Pivot ECAST'!A:B,2,FALSE)","v":1},1,"16658011",1,0,3,1,0,3,0,0]
["1666501","1666501","Sharp El","PHBAO",337,182,0,0,0,34,null,null,20,null,20,593,15,7,0,0,0,22,16,7,0,0,0,23,{"$f":"VLOOKUP(A586,'Pivot ECAST'!A:B,2,FALSE)","v":1},1,"16665011",1,0,2,1,0,2,0,0]
["1667101","1667101","Shenandoah El","PHBAO",218,130,0,0,0,22,null,null,null,null,19,389,10,5,0,0,0,15,10,5,0,0,0,15,{"$f":"VLOOKUP(A587,'Pivot ECAST'!A:B,2,FALSE)","v":1},1,"16671011",1,0,2,1,0,2,0,0]
["1668501","1668501","Sheridan St El","PHBAO",249,232,0,0,0,46,null,null,19,24,24,594,11,9,0,0,0,20,13,9,0,0,0,22,{"$f":"VLOOKUP(A588,'Pivot ECAST'!A:B,2,FALSE)","v":2},1,"16685011",1,0,2,1,0,2,0,0]
["1668501","1668502","Sheridan El DL Two-Way Im Spanish","PHBAO",68,0,0,0,0,null,null,null,null,null,null,68,3,0,0,0,0,3,2,0,0,0,0,2,{"$f":"VLOOKUP(A589,'Pivot ECAST'!A:B,2,FALSE)","v":2},2,"16685012",0,0,0,0,0,0,0,0]
["1669901","1669901","Sherman Oaks El CS","Desegregated/Receiver",507,217,0,0,0,24,null,null,3,null,null,751,22,7,0,0,0,29,23,6,0,0,0,29,{"$f":"VLOOKUP(A590,'Pivot ECAST'!A:B,2,FALSE)","v":1},1,"16699011",1,0,3,1,0,3,0,0]
["1671201","1671201","Shirley El","PHBAO",251,114,0,0,0,25,null,null,17,null,21,428,11,4,0,0,0,15,11,4,0,0,0,15,{"$f":"VLOOKUP(A591,'Pivot ECAST'!A:B,2,FALSE)","v":1},1,"16712011",1,0,2,1,0,2,0,0]
["1674001","1674001","Short El","Desegregated/Receiver",226,100,0,0,0,null,null,null,20,null,null,346,10,3,0,0,0,13,10,4,0,0,0,14,{"$f":"VLOOKUP(A592,'Pivot ECAST'!A:B,2,FALSE)","v":1},1,"16740011",1,0,2,1,0,2,1,0]
["1675301","1675301","Sierra Park El","PHBAO",196,119,0,0,0,36,null,null,1,24,null,376,9,5,0,0,0,14,9,5,0,0,0,14,{"$f":"VLOOKUP(A593,'Pivot ECAST'!A:B,2,FALSE)","v":1},1,"16753011",1,0,2,1,0,2,0,0]
["1676701","1676701","Sierra Vista El","PHBAO",122,63,0,0,0,null,null,null,null,null,14,199,6,3,0,0,0,9,6,3,0,0,0,9,{"$f":"VLOOKUP(A594,'Pivot ECAST'!A:B,2,FALSE)","v":1},1,"16767011",1,0,2,1,0,2,0,0]
["1678101","1678101","6th Ave El","PHBAO",172,138,0,0,0,12,null,null,21,null,20,363,8,6,0,0,0,14,10,5,0,0,0,15,{"$f":"VLOOKUP(A595,'Pivot ECAST'!A:B,2,FALSE)","v":2},1,"16781011",1,0,2,1,0,2,0,0]
["1678101","1678102","6th Av El DL Two-Way Im Spanish","PHBAO",81,0,0,0,0,null,null,null,null,null,null,81,4,0,0,0,0,4,3,0,0,0,0,3,{"$f":"VLOOKUP(A596,'Pivot ECAST'!A:B,2,FALSE)","v":2},2,"16781012",0,0,0,0,0,0,0,0]
["1679501","1679501","Gil Garcetti Learning Academy","PHBAO",344,248,0,0,0,54,null,null,15,null,24,685,15,10,0,0,0,25,16,10,0,0,0,26,{"$f":"VLOOKUP(A597,'Pivot ECAST'!A:B,2,FALSE)","v":1},1,"16795011",1,0,2,1,0,2,0,0]
["1680801","1680801","61st St El","PHBAO",272,190,0,0,0,40,null,null,26,7,46,581,12,8,0,0,0,20,13,8,0,0,0,21,{"$f":"VLOOKUP(A598,'Pivot ECAST'!A:B,2,FALSE)","v":2},1,"16808011",1,0,2,1,0,2,0,0]
["1680801","1680802","61st St El DL Two-Way Im Spanish","PHBAO",84,0,0,0,0,null,null,null,null,null,null,84,4,0,0,0,0,4,3,0,0,0,0,3,{"$f":"VLOOKUP(A599,'Pivot ECAST'!A:B,2,FALSE)","v":2},2,"16808012",0,0,0,0,0,0,0,0]
["1682201","1682201","66th St El","PHBAO",437,301,0,0,0,30,null,null,null,null,22,790,19,12,0,0,0,31,20,12,0,0,0,32,{"$f":"VLOOKUP(A600,'Pivot ECAST'!A:B,2,FALSE)","v":1},1,"16822011",1,0,3,1,0,3,0,0]
["1683601","1683601","Solano El","PHBAO",125,101,0,0,0,null,null,null,null,null,null,226,6,4,0,0,0,10,6,4,0,0,0,10,{"$f":"VLOOKUP(A601,'Pivot ECAST'!A:B,2,FALSE)","v":1},1,"16836011",1,0,2,1,0,2,0,0]
["1684901","1684901","Soto El","PHBAO",105,61,0,0,0,41,null,null,12,null,null,219,5,3,0,0,0,8,5,3,0,0,0,8,{"$f":"VLOOKUP(A602,'Pivot ECAST'!A:B,2,FALSE)","v":1},1,"16849011",1,0,2,1,0,2,0,0]
["1686301","1686301","South Park El","PHBAO",482,322,0,0,0,45,null,null,8,null,24,881,21,12,0,0,0,33,21,13,0,0,0,34,{"$f":"VLOOKUP(A603,'Pivot ECAST'!A:B,2,FALSE)","v":2},1,"16863011",1,0,3,1,0,3,0,0]
["1686301","1686302","South Park El DL Two-Way Im Spanish","PHBAO",65,0,0,0,0,null,null,null,null,null,null,65,3,0,0,0,0,3,2,0,0,0,0,2,{"$f":"VLOOKUP(A604,'Pivot ECAST'!A:B,2,FALSE)","v":2},2,"16863012",0,0,0,0,0,0,0,0]
["1686701","1686701","Bridges School","PHBAO",541,258,393,0,0,null,9,null,null,null,null,1201,23,10,14,0,0,47,23,10,14,0,0,47,{"$f":"VLOOKUP(A605,'Pivot ECAST'!A:B,2,FALSE)","v":1},1,"16867011",2,1,3,2,1,3,0,0]
["1686801","1686801","Obama Global Prep Acad","PHBAO",0,0,244,0,0,null,54,null,null,null,null,298,0,0,10,0,0,10,0,0,10,0,0,10,{"$f":"VLOOKUP(A606,'Pivot ECAST'!A:B,2,FALSE)","v":2},1,"16868011",1,0.5,2,1,0.5,2,0,0.5]
["1686801","1686802","Obama GPA STEAM Magnet","Magnet 2",0,0,63,0,0,null,null,null,null,null,null,63,0,0,3,0,0,3,0,0,2,0,0,2,{"$f":"VLOOKUP(A607,'Pivot ECAST'!A:B,2,FALSE)","v":2},2,"16868012",0,0,0,0,0,0,0,0]
["1686901","1686901","Knox El","PHBAO",292,163,0,0,0,45,null,null,null,null,null,500,13,7,0,0,0,20,14,7,0,0,0,21,{"$f":"VLOOKUP(A608,'Pivot ECAST'!A:B,2,FALSE)","v":3},1,"16869011",1,0,2,1,0,2,0,0]
["1686901","1686902","Knox El DL Two-Way Im Spanish","PHBAO",53,0,0,0,0,null,null,null,null,null,null,53,3,0,0,0,0,3,2,0,0,0,0,2,{"$f":"VLOOKUP(A609,'Pivot ECAST'!A:B,2,FALSE)","v":3},2,"16869012",0,0,0,0,0,0,0,0]
["1686901","1686903","Knox ES Visual/Performing Arts Magnet","Magnet 2",85,56,0,0,0,null,null,null,null,null,null,141,4,3,0,0,0,7,4,3,0,0,0,7,{"$f":"VLOOKUP(A610,'Pivot ECAST'!A:B,2,FALSE)","v":3},3,"16869013",0,0,0,0,0,0,0,0]
["1687001","1687001","S Shores Per Arts Mg","Magnet 1",284,182,0,0,0,null,null,null,null,null,null,466,12,6,0,0,0,18,12,6,0,0,0,18,{"$f":"VLOOKUP(A611,'Pivot ECAST'!A:B,2,FALSE)","v":1},1,"16870011",1,0,2,1,0,2,0,0]
["1687201","1687201","Wisdom El","PHBAO",460,344,0,0,0,27,null,null,null,37,null,868,20,13,0,0,0,33,21,12,0,0,0,33,{"$f":"VLOOKUP(A612,'Pivot ECAST'!A:B,2,FALSE)","v":1},1,"16872011",1,0,3,1,0,3,0,0]
["1687301","1687301","Escalante El","PHBAO",316,184,0,0,0,38,null,null,null,null,null,538,14,7,0,0,0,21,13,8,0,0,0,21,{"$f":"VLOOKUP(A613,'Pivot ECAST'!A:B,2,FALSE)","v":1},1,"16873011",1,0,2,1,0,2,0,0]
["1687501","1687501","San Miguel El","PHBAO",221,149,0,0,0,61,null,null,1,40,24,496,10,6,0,0,0,16,13,7,0,0,0,20,{"$f":"VLOOKUP(A614,'Pivot ECAST'!A:B,2,FALSE)","v":4},1,"16875011",1,0,3,1,0,3,2,0]
["1687501","1687502","San Miguel Elem Science/Tech/Math Magnet","Magnet 2",110,106,0,0,0,null,null,null,null,null,null,216,5,4,0,0,0,9,4,4,0,0,0,8,{"$f":"VLOOKUP(A615,'Pivot ECAST'!A:B,2,FALSE)","v":4},2,"16875012",0,0,0,0,0,0,0,0]
["1687501","1687503","San Miguel El DL Two-Way Im Spanish","PHBAO",151,0,0,0,0,null,null,null,null,null,null,151,7,0,0,0,0,7,5,0,0,0,0,5,{"$f":"VLOOKUP(A616,'Pivot ECAST'!A:B,2,FALSE)","v":4},3,"16875013",0,0,0,0,0,0,0,0]
["1687501","1687504","San Miguel El DL World Lang Im Mandarin","PHBAO",31,0,0,0,0,null,null,null,null,null,null,31,2,0,0,0,0,2,1,0,0,0,0,1,{"$f":"VLOOKUP(A617,'Pivot ECAST'!A:B,2,FALSE)","v":4},4,"16875014",0,0,0,0,0,0,0,0]
["1687801","1687801","Montara Ave El","PHBAO",150,112,0,0,0,40,null,null,19,null,38,359,7,4,0,0,0,11,8,4,0,0,0,12,{"$f":"VLOOKUP(A618,'Pivot ECAST'!A:B,2,FALSE)","v":3},1,"16878011",1,0,3,1,0,3,0,0]
["1687801","1687802","Montara Avenue Elem Science/Tech/Math Mag","Magnet 2",87,70,0,0,0,null,null,null,null,null,null,157,4,3,0,0,0,7,5,3,0,0,0,8,{"$f":"VLOOKUP(A619,'Pivot ECAST'!A:B,2,FALSE)","v":3},2,"16878012",0,0,0,0,0,0,0,0]
["1687801","1687803","Montara Ave El DL Two-Way Im Spanish","PHBAO",146,111,0,0,0,null,null,null,null,null,null,257,7,4,0,0,0,11,7,4,0,0,0,11,{"$f":"VLOOKUP(A620,'Pivot ECAST'!A:B,2,FALSE)","v":3},3,"16878013",0,0,0,0,0,0,0,0]
["1688001","1688001","Independence El","PHBAO",243,146,0,0,0,28,null,null,null,null,23,440,11,6,0,0,0,17,12,6,0,0,0,18,{"$f":"VLOOKUP(A621,'Pivot ECAST'!A:B,2,FALSE)","v":3},1,"16880011",1,0,2,1,0,2,0,0]
["1688001","1688002","Independence Elementary STEM Magnet","Magnet 2",65,55,0,0,0,null,null,null,null,null,null,120,3,2,0,0,0,5,3,2,0,0,0,5,{"$f":"VLOOKUP(A622,'Pivot ECAST'!A:B,2,FALSE)","v":3},2,"16880012",0,0,0,0,0,0,0,0]
["1688001","1688003","Independence El DL Two-Way Im Spanish","PHBAO",64,0,0,0,0,null,null,null,null,null,null,64,3,0,0,0,0,3,2,0,0,0,0,2,{"$f":"VLOOKUP(A623,'Pivot ECAST'!A:B,2,FALSE)","v":3},3,"16880013",0,0,0,0,0,0,0,0]
["1688401","1688401","Roybal-Allard El","PHBAO",79,59,0,0,0,20,null,null,11,null,22,191,4,3,0,0,0,7,6,4,0,0,0,10,{"$f":"VLOOKUP(A624,'Pivot ECAST'!A:B,2,FALSE)","v":3},1,"16884011",1,0,2,1,0,2,0,0]
["1688401","1688402","Roybal-Allard El DL Two-Way Im Spanish","PHBAO",170,102,0,0,0,null,null,null,null,null,null,272,8,4,0,0,0,12,7,4,0,0,0,11,{"$f":"VLOOKUP(A625,'Pivot ECAST'!A:B,2,FALSE)","v":3},2,"16884012",0,0,0,0,0,0,0,0]
["1688401","1688403","Roybal-Allard ES DREAMS Magnet","Magnet 2",62,49,0,0,0,null,null,null,null,null,null,111,3,2,0,0,0,5,0,0,0,0,0,0,{"$f":"VLOOKUP(A626,'Pivot ECAST'!A:B,2,FALSE)","v":3},3,"16884013",0,0,0,0,0,0,0,0]
["1688601","1688601","BACA Arts Acad","PHBAO",171,153,0,0,0,34,null,null,6,null,24,388,8,6,0,0,0,14,9,7,0,0,0,16,{"$f":"VLOOKUP(A627,'Pivot ECAST'!A:B,2,FALSE)","v":2},1,"16886011",1,0,2,1,0,2,0,0]
["1688601","1688602","Baca Arts Acad DL Two-Way Im Spanish","PHBAO",183,113,0,0,0,null,null,null,null,null,null,296,8,4,0,0,0,12,8,4,0,0,0,12,{"$f":"VLOOKUP(A628,'Pivot ECAST'!A:B,2,FALSE)","v":2},2,"16886012",0,0,0,0,0,0,0,0]
["1689001","1689001","Stagg El","PHBAO",302,96,0,0,0,27,null,null,7,43,23,498,13,4,0,0,0,17,13,4,0,0,0,17,{"$f":"VLOOKUP(A629,'Pivot ECAST'!A:B,2,FALSE)","v":1},1,"16890011",1,0,2,1,0,2,0,0]
["1690401","1690401","Stanford El","PHBAO",267,192,0,0,0,9,null,null,null,null,null,468,12,8,0,0,0,20,13,8,0,0,0,21,{"$f":"VLOOKUP(A630,'Pivot ECAST'!A:B,2,FALSE)","v":2},1,"16904011",1,0,2,1,0,2,0,0]
["1690401","1690402","Stanford Ave El DL Two-Way Im Spanish","PHBAO",22,0,0,0,0,null,null,null,null,null,null,22,1,0,0,0,0,1,0,0,0,0,0,0,{"$f":"VLOOKUP(A631,'Pivot ECAST'!A:B,2,FALSE)","v":2},2,"16904012",0,0,0,0,0,0,0,0]
["1690501","1690501","Stanford PC","PHBAO",98,0,0,0,0,null,null,null,20,36,44,198,5,0,0,0,0,5,5,0,0,0,0,5,{"$f":"VLOOKUP(A632,'Pivot ECAST'!A:B,2,FALSE)","v":2},1,"16905011",1,0,2,1,0,2,0,0]
["1690501","1690502","Stanford PC El DL Two-Way Im Spanish","PHBAO",22,0,0,0,0,null,null,null,null,null,null,22,1,0,0,0,0,1,1,0,0,0,0,1,{"$f":"VLOOKUP(A633,'Pivot ECAST'!A:B,2,FALSE)","v":2},2,"16905012",0,0,0,0,0,0,0,0]
["1691801","1691801","State El","PHBAO",179,144,0,0,0,44,null,null,null,null,15,382,8,6,0,0,0,14,10,5,0,0,0,15,{"$f":"VLOOKUP(A634,'Pivot ECAST'!A:B,2,FALSE)","v":2},1,"16918011",1,0,2,1,0,2,0,0]
["1691801","1691802","State St El DL Two-Way Im Spanish","PHBAO",57,0,0,0,0,null,null,null,null,null,null,57,3,0,0,0,0,3,2,0,0,0,0,2,{"$f":"VLOOKUP(A635,'Pivot ECAST'!A:B,2,FALSE)","v":2},2,"16918012",0,0,0,0,0,0,0,0]
["1692001","1692001","Hope El","PHBAO",294,153,0,0,0,35,null,null,null,null,24,506,13,6,0,0,0,19,14,5,0,0,0,19,{"$f":"VLOOKUP(A636,'Pivot ECAST'!A:B,2,FALSE)","v":1},1,"16920011",1,0,2,1,0,2,0,0]
["1693201","1693201","Sterry El","PHBAO",147,74,0,0,0,18,null,null,null,null,20,259,7,3,0,0,0,10,7,3,0,0,0,10,{"$f":"VLOOKUP(A637,'Pivot ECAST'!A:B,2,FALSE)","v":1},1,"16932011",1,0,2,1,0,2,0,0]
["1694501","1694501","Stonehurst Av ES STEAM Magnet","Magnet 2",180,102,0,0,0,21,null,null,9,37,null,349,8,4,0,0,0,12,9,4,0,0,0,13,{"$f":"VLOOKUP(A638,'Pivot ECAST'!A:B,2,FALSE)","v":1},1,"16945011",1,0,2,1,0,2,0,0]
["1695201","1695201","Stoner El","PHBAO",91,58,0,0,0,22,null,null,null,34,null,205,4,3,0,0,0,7,4,3,0,0,0,7,{"$f":"VLOOKUP(A639,'Pivot ECAST'!A:B,2,FALSE)","v":2},1,"16952011",1,0,2,1,0,2,0,0]
["1695201","1695202","Stoner El DL One-Way Im Spanish","PHBAO",126,20,0,0,0,null,null,null,null,null,null,146,6,1,0,0,0,7,5,0,0,0,0,5,{"$f":"VLOOKUP(A640,'Pivot ECAST'!A:B,2,FALSE)","v":2},2,"16952012",0,0,0,0,0,0,0,0]
["1695901","1695901","Strathern El","PHBAO",297,174,0,0,0,10,null,null,24,45,23,573,13,7,0,0,0,20,14,7,0,0,0,21,{"$f":"VLOOKUP(A641,'Pivot ECAST'!A:B,2,FALSE)","v":1},1,"16959011",1,0,2,1,0,2,0,0]
["1697301","1697301","Sunland El","Desegregated/Receiver",176,92,0,0,0,25,null,null,13,26,null,332,8,3,0,0,0,11,9,3,0,0,0,12,{"$f":"VLOOKUP(A642,'Pivot ECAST'!A:B,2,FALSE)","v":2},1,"16973011",1,0,2,1,0,2,0,0]
["1697301","1697302","Sunland Elementary Gifted Magnet","Magnet 1",36,54,0,0,0,null,null,null,null,null,null,90,2,2,0,0,0,4,2,2,0,0,0,4,{"$f":"VLOOKUP(A643,'Pivot ECAST'!A:B,2,FALSE)","v":2},2,{"$f":"A643&AD643","v":"16973012"},0,0,0,0,0,0,0,0]
["1698601","1698601","Sunny Brae El","PHBAO",147,87,0,0,0,51,null,null,23,34,24,366,7,4,0,0,0,11,8,4,0,0,0,12,{"$f":"VLOOKUP(A644,'Pivot ECAST'!A:B,2,FALSE)","v":3},1,"16986011",1,0,2,1,0,2,0,0]
["1698601","1698602","Sunny Brae Av ES Global Awareness Magnet","Magnet 2",89,53,0,0,0,null,null,null,null,null,null,142,4,2,0,0,0,6,3,2,0,0,0,5,{"$f":"VLOOKUP(A645,'Pivot ECAST'!A:B,2,FALSE)","v":3},{"$f":"IF(A645=A644,AD644+1,1)","v":2},"16986012",0,0,0,0,0,0,0,0]
["1698601","1698603","Sunny Brae El DL Two-Way Im Spanish","PHBAO",45,0,0,0,0,null,null,null,null,null,null,45,2,0,0,0,0,2,1,0,0,0,0,1,{"$f":"VLOOKUP(A646,'Pivot ECAST'!A:B,2,FALSE)","v":3},3,"16986013",0,0,0,0,0,0,0,0]
["1698801","1698801","Sunrise El","PHBAO",76,96,0,0,0,35,null,null,12,null,14,233,4,4,0,0,0,8,5,4,0,0,0,9,{"$f":"VLOOKUP(A647,'Pivot ECAST'!A:B,2,FALSE)","v":2},1,"16988011",1,0,2,1,0,2,0,0]
["1698801","1698802","Sunrise El DL Two-Way Im Spanish","PHBAO",75,0,0,0,0,null,null,null,null,null,null,75,4,0,0,0,0,4,3,0,0,0,0,3,{"$f":"VLOOKUP(A648,'Pivot ECAST'!A:B,2,FALSE)","v":2},2,"16988012",0,0,0,0,0,0,0,0]
["1700701","1700701","Superior El","PHBAO",294,147,0,0,0,12,null,null,8,null,null,461,13,6,0,0,0,19,14,5,0,0,0,19,{"$f":"VLOOKUP(A649,'Pivot ECAST'!A:B,2,FALSE)","v":1},1,"17007011",1,0,2,1,0,2,0,0]
["1701401","1701401","Sylmar El","PHBAO",243,131,0,0,0,31,null,null,11,null,24,440,11,5,0,0,0,16,12,6,0,0,0,18,{"$f":"VLOOKUP(A650,'Pivot ECAST'!A:B,2,FALSE)","v":1},1,"17014011",1,0,2,1,0,2,1,0]
["1702701","1702701","Sylvan Park El","PHBAO",484,213,0,0,0,30,null,null,18,null,31,776,21,8,0,0,0,29,22,7,0,0,0,29,{"$f":"VLOOKUP(A651,'Pivot ECAST'!A:B,2,FALSE)","v":1},1,"17027011",1,0,3,1,0,3,0,0]
["1703501","1703501","Taper El","PHBAO",314,128,0,0,0,17,null,null,null,null,null,459,14,5,0,0,0,19,14,5,0,0,0,19,{"$f":"VLOOKUP(A652,'Pivot ECAST'!A:B,2,FALSE)","v":2},1,"17035011",1,0,3,1,0,3,0,0]
["1703501","1703502","Taper ES STEAM Magnet","Magnet 1",184,114,0,0,0,null,null,null,null,null,null,298,8,4,0,0,0,12,8,4,0,0,0,12,{"$f":"VLOOKUP(A653,'Pivot ECAST'!A:B,2,FALSE)","v":2},2,"17035012",0,0,0,0,0,0,0,0]
["1704101","1704101","Tarzana El","PHBAO",177,88,0,0,0,14,null,null,null,null,null,279,8,4,0,0,0,12,9,3,0,0,0,12,{"$f":"VLOOKUP(A654,'Pivot ECAST'!A:B,2,FALSE)","v":1},1,"17041011",1,0,2,1,0,2,0,0]
["1706801","1706801","Telfair El","PHBAO",174,218,0,0,0,38,null,null,26,null,20,476,8,9,0,0,0,17,12,8,0,0,0,20,{"$f":"VLOOKUP(A655,'Pivot ECAST'!A:B,2,FALSE)","v":2},1,"17068011",1,0,2,1,0,2,0,0]
["1706801","1706802","Telfair Ave El DL Two-Way Im Spanish","PHBAO",209,0,0,0,0,null,null,null,null,null,null,209,9,0,0,0,0,9,6,0,0,0,0,6,{"$f":"VLOOKUP(A656,'Pivot ECAST'!A:B,2,FALSE)","v":2},2,"17068012",0,0,0,0,0,0,0,0]
["1708201","1708201","10th St El","PHBAO",265,203,0,0,0,25,null,null,null,null,null,493,12,8,0,0,0,20,12,9,0,0,0,21,{"$f":"VLOOKUP(A657,'Pivot ECAST'!A:B,2,FALSE)","v":1},1,"17082011",1,0,2,1,0,2,0,0]
["1711001","1711001","3rd St El","Desegregated/Receiver",367,104,0,0,0,5,null,null,13,null,13,502,16,4,0,0,0,20,16,4,0,0,0,20,{"$f":"VLOOKUP(A658,'Pivot ECAST'!A:B,2,FALSE)","v":2},1,"17110011",1,0,2,1,0,2,0,0]
["1711001","1711002","3rd St El DL Two-Way Im Korean","PHBAO",86,44,0,0,0,null,null,null,null,null,null,130,4,2,0,0,0,6,4,2,0,0,0,6,{"$f":"VLOOKUP(A659,'Pivot ECAST'!A:B,2,FALSE)","v":2},2,"17110012",0,0,0,0,0,0,0,0]
["1712301","1712301","Bradley Glbl Awr Mag","Magnet 2",160,95,0,0,0,null,null,null,null,null,null,255,7,4,0,0,0,11,8,4,0,0,0,12,{"$f":"VLOOKUP(A660,'Pivot ECAST'!A:B,2,FALSE)","v":1},1,"17123011",1,0,2,1,0,2,0,0]
["1713701","1713701","32nd/USC Per Art Mag","Magnet 2",228,161,0,0,0,null,null,null,null,null,null,389,10,6,0,0,0,16,10,6,0,0,0,16,{"$f":"VLOOKUP(A661,'Pivot ECAST'!A:B,2,FALSE)","v":2},1,"17137011",2,1,3,2,1,3,0,0]
["1713701","1713702","LAUSD/USC Media Arts/Engineering Magnet","Magnet 2",0,0,318,0,320,null,2,null,null,null,null,640,0,0,12,0,12,24,0,0,12,0,12,24,{"$f":"VLOOKUP(A662,'Pivot ECAST'!A:B,2,FALSE)","v":2},2,"17137012",0,0,0,0,0,0,0,0]
["1715101","1715101","Weemes El","PHBAO",271,136,0,0,0,42,null,null,null,22,24,495,12,6,0,0,0,18,13,6,0,0,0,19,{"$f":"VLOOKUP(A663,'Pivot ECAST'!A:B,2,FALSE)","v":1},1,"17151011",1,0,2,1,0,2,0,0]
["1716401","1716401","Bright El","PHBAO",299,159,0,0,0,8,null,null,null,null,24,490,13,6,0,0,0,19,14,7,0,0,0,21,{"$f":"VLOOKUP(A664,'Pivot ECAST'!A:B,2,FALSE)","v":1},1,"17164011",1,0,2,1,0,2,0,0]
["1717801","1717801","Toland Way El","PHBAO",145,115,0,0,0,15,null,null,5,null,13,293,7,5,0,0,0,12,7,5,0,0,0,12,{"$f":"VLOOKUP(A665,'Pivot ECAST'!A:B,2,FALSE)","v":1},1,"17178011",1,0,2,1,0,2,0,0]
["1719201","1719201","Toluca Lake El","PHBAO",314,116,0,0,0,15,null,null,26,29,null,500,14,5,0,0,0,19,14,5,0,0,0,19,{"$f":"VLOOKUP(A666,'Pivot ECAST'!A:B,2,FALSE)","v":1},1,"17192011",1,0,2,1,0,2,0,0]
["1719801","1719801","Topanga El CS","Desegregated/Receiver",193,87,0,0,0,null,null,null,null,null,null,280,9,3,0,0,0,12,9,3,0,0,0,12,{"$f":"VLOOKUP(A667,'Pivot ECAST'!A:B,2,FALSE)","v":1},1,"17198011",1,0,2,1,0,2,0,0]
["1720101","1720101","Topeka Charter for Advanced Studies","PHBAO",361,181,0,0,0,22,null,null,19,null,null,583,16,7,0,0,0,23,16,7,0,0,0,23,{"$f":"VLOOKUP(A668,'Pivot ECAST'!A:B,2,FALSE)","v":1},1,"17201011",1,0,2,1,0,2,0,0]
["1720501","1720501","Towne El","PHBAO",202,92,0,0,0,14,null,null,null,null,19,327,9,4,0,0,0,13,9,4,0,0,0,13,{"$f":"VLOOKUP(A669,'Pivot ECAST'!A:B,2,FALSE)","v":1},1,"17205011",1,0,2,1,0,2,0,0]
["1721901","1721901","Trinity El","PHBAO",97,125,0,0,0,17,null,null,null,null,null,239,5,5,0,0,0,10,5,5,0,0,0,10,{"$f":"VLOOKUP(A670,'Pivot ECAST'!A:B,2,FALSE)","v":2},1,"17219011",1,0,2,1,0,2,0,0]
["1721901","1721902","Trinity St El DL Two-Way Im Spanish","PHBAO",20,0,0,0,0,null,null,null,null,null,null,20,1,0,0,0,0,1,0,0,0,0,0,0,{"$f":"VLOOKUP(A671,'Pivot ECAST'!A:B,2,FALSE)","v":2},2,"17219012",0,0,0,0,0,0,0,0]
["1722001","1722001","Maple PC","PHBAO",97,0,0,0,0,13,null,null,14,82,null,206,5,0,0,0,0,5,6,0,0,0,0,6,{"$f":"VLOOKUP(A672,'Pivot ECAST'!A:B,2,FALSE)","v":2},1,"17220011",1,0,2,1,0,2,0,0]
["1722001","1722002","Maple PC DL Two-Way Im Spanish","PHBAO",44,0,0,0,0,null,null,null,null,null,null,44,2,0,0,0,0,2,2,0,0,0,0,2,{"$f":"VLOOKUP(A673,'Pivot ECAST'!A:B,2,FALSE)","v":2},2,"17220012",0,0,0,0,0,0,0,0]
["1724701","1724701","Tulsa El","PHBAO",292,127,0,0,0,29,null,null,null,null,null,448,13,5,0,0,0,18,13,5,0,0,0,18,{"$f":"VLOOKUP(A674,'Pivot ECAST'!A:B,2,FALSE)","v":1},1,"17247011",1,0,2,1,0,2,0,0]
["1726001","1726001","Tweedy El","PHBAO",224,192,0,0,0,21,null,null,12,null,21,470,10,7,0,0,0,17,15,7,0,0,0,22,{"$f":"VLOOKUP(A675,'Pivot ECAST'!A:B,2,FALSE)","v":2},1,"17260011",1,0,2,1,0,2,0,0]
["1726001","1726002","Tweedy EL DL Two-Way Im Spanish","PHBAO",90,0,0,0,0,null,null,null,null,null,null,90,4,0,0,0,0,4,0,0,0,0,0,0,{"$f":"VLOOKUP(A676,'Pivot ECAST'!A:B,2,FALSE)","v":2},2,"17260012",0,0,0,0,0,0,0,0]
["1727401","1727401","20th St El","PHBAO",245,176,0,0,0,33,null,null,19,null,24,497,11,7,0,0,0,18,12,7,0,0,0,19,{"$f":"VLOOKUP(A677,'Pivot ECAST'!A:B,2,FALSE)","v":2},1,"17274011",1,0,2,1,0,2,0,0]
["1727401","1727402","20th St El DL Two-Way Im Spanish","PHBAO",110,0,0,0,0,null,null,null,null,null,null,110,5,0,0,0,0,5,4,0,0,0,0,4,{"$f":"VLOOKUP(A678,'Pivot ECAST'!A:B,2,FALSE)","v":2},2,"17274012",0,0,0,0,0,0,0,0]
["1728801","1728801","28th St El","PHBAO",271,166,0,0,0,26,null,null,null,null,17,480,12,6,0,0,0,18,14,6,0,0,0,20,{"$f":"VLOOKUP(A679,'Pivot ECAST'!A:B,2,FALSE)","v":2},1,"17288011",1,0,2,1,0,2,0,0]
["1728801","1728802","28th St El DL One-Way Im Spanish","PHBAO",100,39,0,0,0,null,null,null,null,null,null,139,5,2,0,0,0,7,5,1,0,0,0,6,{"$f":"VLOOKUP(A680,'Pivot ECAST'!A:B,2,FALSE)","v":2},2,"17288012",0,0,0,0,0,0,0,0]
["1730101","1730101","24th St El","PHBAO",364,95,0,0,0,44,null,null,16,null,23,542,16,4,0,0,0,20,17,4,0,0,0,21,{"$f":"VLOOKUP(A681,'Pivot ECAST'!A:B,2,FALSE)","v":1},1,"17301011",1,0,2,1,0,2,0,0]
["1732901","1732901","232nd Pl El","PHBAO",241,49,0,0,0,24,null,null,6,null,24,344,11,2,0,0,0,13,10,3,0,0,0,13,{"$f":"VLOOKUP(A682,'Pivot ECAST'!A:B,2,FALSE)","v":2},1,"17329011",1,0,2,1,0,2,0,0]
["1732901","1732902","232nd Pl ES STEMM Magnet","Magnet 2",22,51,0,0,0,null,null,null,null,null,null,73,1,2,0,0,0,3,1,2,0,0,0,3,{"$f":"VLOOKUP(A683,'Pivot ECAST'!A:B,2,FALSE)","v":2},2,"17329012",0,0,0,0,0,0,0,0]
["1734201","1734201","Meyler El","PHBAO",229,129,0,0,0,57,null,null,null,null,24,439,10,5,0,0,0,15,12,5,0,0,0,17,{"$f":"VLOOKUP(A684,'Pivot ECAST'!A:B,2,FALSE)","v":2},1,"17342011",1,0,2,1,0,2,0,0]
["1734201","1734202","Meyler El DL Two-Way Im Spanish","PHBAO",155,79,0,0,0,null,null,null,null,null,null,234,7,3,0,0,0,10,7,3,0,0,0,10,{"$f":"VLOOKUP(A685,'Pivot ECAST'!A:B,2,FALSE)","v":2},2,"17342012",0,0,0,0,0,0,0,0]
["1735601","1735601","Union El","PHBAO",625,335,0,0,0,58,null,null,null,36,22,1076,27,13,0,0,0,40,27,13,0,0,0,40,{"$f":"VLOOKUP(A686,'Pivot ECAST'!A:B,2,FALSE)","v":1},1,"17356011",2,0,3,2,0,3,0,0]
["1737001","1737001","Utah El","PHBAO",128,62,136,0,0,44,16,null,13,null,null,399,6,3,5,0,0,14,6,3,6,0,0,15,{"$f":"VLOOKUP(A687,'Pivot ECAST'!A:B,2,FALSE)","v":1},1,"17370011",1,0.5,2,1,0.5,2,1,0]
["1738401","1738401","Valerio El","PHBAO",485,254,0,0,0,26,null,null,37,42,21,865,21,9,0,0,0,30,22,9,0,0,0,31,{"$f":"VLOOKUP(A688,'Pivot ECAST'!A:B,2,FALSE)","v":1},1,"17384011",1,0,3,1,0,3,0,0]
["1739001","1739001","Lake Balboa College Prep Magnet K-12","Magnet 1",133,111,193,0,194,null,null,1,null,null,null,632,6,4,7,0,7,24,6,4,7,0,6,23,{"$f":"VLOOKUP(A689,'Pivot ECAST'!A:B,2,FALSE)","v":1},1,"17390011",1,0.5,2,1,0.5,2,0,0.5]
["1739701","1739701","Valley View El","Desegregated/Receiver",170,55,0,0,0,null,null,null,null,null,null,225,8,2,0,0,0,10,8,2,0,0,0,10,{"$f":"VLOOKUP(A690,'Pivot ECAST'!A:B,2,FALSE)","v":1},1,"17397011",1,0,2,1,0,2,0,0]
["1739801","1739801","Alta California El","PHBAO",291,145,0,0,0,31,null,null,22,null,null,489,13,6,0,0,0,19,14,6,0,0,0,20,{"$f":"VLOOKUP(A691,'Pivot ECAST'!A:B,2,FALSE)","v":2},1,"17398011",1,0,2,1,0,2,0,0]
["1739801","1739802","Alta California ES Gifted/STEAM Magnet","Magnet 2",48,112,0,0,0,null,null,null,null,null,null,160,2,4,0,0,0,6,2,3,0,0,0,5,{"$f":"VLOOKUP(A692,'Pivot ECAST'!A:B,2,FALSE)","v":2},2,"17398012",0,0,0,0,0,0,0,0]
["1739901","1739901","Korenstein El","PHBAO",243,121,0,0,0,5,null,null,8,24,null,401,11,5,0,0,0,16,11,5,0,0,0,16,{"$f":"VLOOKUP(A693,'Pivot ECAST'!A:B,2,FALSE)","v":1},1,"17399011",1,0,2,1,0,2,0,0]
["1740001","1740001","Vista Del Valle Acad","PHBAO",36,37,0,0,0,null,null,null,15,48,null,136,2,2,0,0,0,4,3,2,0,0,0,5,{"$f":"VLOOKUP(A694,'Pivot ECAST'!A:B,2,FALSE)","v":2},1,"17400011",1,0,2,1,0,2,0,0]
["1740001","1740002","Vista Del Valle Ac DL Two-Way Im Spanish","PHBAO",227,96,0,0,0,null,null,null,null,null,null,323,10,4,0,0,0,14,10,4,0,0,0,14,{"$f":"VLOOKUP(A695,'Pivot ECAST'!A:B,2,FALSE)","v":2},2,"17400012",0,0,0,0,0,0,0,0]
["1740101","1740101","Cardenas El","PHBAO",302,127,0,0,0,38,null,null,22,44,null,533,13,5,0,0,0,18,13,5,0,0,0,18,{"$f":"VLOOKUP(A696,'Pivot ECAST'!A:B,2,FALSE)","v":1},1,"17401011",1,0,2,1,0,2,0,0]
["1740201","1740201","Mosk El","PHBAO",244,110,0,0,0,12,null,null,0,46,null,412,11,4,0,0,0,15,11,5,0,0,0,16,{"$f":"VLOOKUP(A697,'Pivot ECAST'!A:B,2,FALSE)","v":2},1,"17402011",1,0,2,1,0,2,1,0]
["1740201","1740202","Mosk ES STEAM Magnet","Magnet 2",88,55,0,0,0,null,null,null,null,null,null,143,4,2,0,0,0,6,4,2,0,0,0,6,{"$f":"VLOOKUP(A698,'Pivot ECAST'!A:B,2,FALSE)","v":2},2,"17402012",0,0,0,0,0,0,0,0]
["1740401","1740401","Santana Arts Academy","PHBAO",125,53,0,0,0,13,null,null,null,null,null,191,6,2,0,0,0,8,6,2,0,0,0,8,{"$f":"VLOOKUP(A699,'Pivot ECAST'!A:B,2,FALSE)","v":2},1,"17404011",1,0,2,1,0,2,0,0]
["1740401","1740402","Santana Arts Acad DL Two-Way Im Spanish","PHBAO",178,97,0,0,0,null,null,null,null,null,null,275,8,4,0,0,0,12,8,4,0,0,0,12,{"$f":"VLOOKUP(A700,'Pivot ECAST'!A:B,2,FALSE)","v":2},2,"17404012",0,0,0,0,0,0,0,0]
["1740801","1740801","Sylmar Ldshp Acad","PHBAO",365,166,268,0,0,26,21,null,null,null,null,846,16,6,10,0,0,32,16,6,10,0,0,32,{"$f":"VLOOKUP(A701,'Pivot ECAST'!A:B,2,FALSE)","v":1},1,"17408011",2,0.5,3,2,0.5,3,0,0]
["1741101","1741101","Vanalden El","PHBAO",273,118,0,0,0,25,null,null,null,null,24,440,12,5,0,0,0,17,13,4,0,0,0,17,{"$f":"VLOOKUP(A702,'Pivot ECAST'!A:B,2,FALSE)","v":1},1,"17411011",1,0,2,1,0,2,0,0]
["1741901","1741901","Van Deene El","PHBAO",199,115,0,0,0,null,null,null,12,null,15,341,9,5,0,0,0,14,9,5,0,0,0,14,{"$f":"VLOOKUP(A703,'Pivot ECAST'!A:B,2,FALSE)","v":1},1,"17419011",1,0,2,1,0,2,0,0]
["1742201","1742201","Van Gogh Charter","Desegregated/Receiver",293,137,0,0,0,12,null,null,null,null,null,442,13,5,0,0,0,18,13,5,0,0,0,18,{"$f":"VLOOKUP(A704,'Pivot ECAST'!A:B,2,FALSE)","v":1},1,"17422011",1,0,2,1,0,2,0,0]
["1742501","1742501","Van Ness El","PHBAO",102,61,0,0,0,27,null,null,10,null,null,200,5,3,0,0,0,8,6,2,0,0,0,8,{"$f":"VLOOKUP(A705,'Pivot ECAST'!A:B,2,FALSE)","v":1},1,"17425011",1,0,2,1,0,2,1,0]
["1743201","1743201","Columbus Ave El","PHBAO",291,127,0,0,0,30,null,null,null,null,null,448,13,5,0,0,0,18,13,5,0,0,0,18,{"$f":"VLOOKUP(A706,'Pivot ECAST'!A:B,2,FALSE)","v":1},1,"17432011",1,0,2,1,0,2,0,0]
["1743801","1743801","Van Nuys El","PHBAO",343,153,0,0,0,34,null,null,13,null,39,582,15,6,0,0,0,21,15,6,0,0,0,21,{"$f":"VLOOKUP(A707,'Pivot ECAST'!A:B,2,FALSE)","v":1},1,{"$f":"A707&AD707","v":"17438011"},1,0,2,1,0,2,0,0]
["1746601","1746601","Vena El","PHBAO",297,103,0,0,0,17,null,null,8,null,24,449,13,4,0,0,0,17,13,4,0,0,0,17,{"$f":"VLOOKUP(A708,'Pivot ECAST'!A:B,2,FALSE)","v":2},1,"17466011",1,0,2,1,0,2,0,0]
["1746601","1746602","Vena Avenue Elementary Gifted Magnet","Magnet 2",64,103,0,0,0,null,null,null,null,null,null,167,3,4,0,0,0,7,3,4,0,0,0,7,{"$f":"VLOOKUP(A709,'Pivot ECAST'!A:B,2,FALSE)","v":2},{"$f":"IF(A709=A708,AD708+1,1)","v":2},"17466012",0,0,0,0,0,0,0,0]
["1747901","1747901","Vermont El","PHBAO",313,146,0,0,0,38,null,null,21,null,11,529,14,6,0,0,0,20,14,5,0,0,0,19,{"$f":"VLOOKUP(A710,'Pivot ECAST'!A:B,2,FALSE)","v":1},1,"17479011",1,0,2,1,0,2,0,0]
["1749301","1749301","Vernon City El","PHBAO",122,76,0,0,0,5,null,null,10,9,null,222,6,3,0,0,0,9,6,3,0,0,0,9,{"$f":"VLOOKUP(A711,'Pivot ECAST'!A:B,2,FALSE)","v":1},1,"17493011",1,0,2,1,0,2,0,0]
["1750701","1750701","Victoria El","PHBAO",271,110,0,0,0,15,null,null,null,null,24,420,12,4,0,0,0,16,11,4,0,0,0,15,{"$f":"VLOOKUP(A712,'Pivot ECAST'!A:B,2,FALSE)","v":1},1,"17507011",1,0,2,1,0,2,0,0]
["1752101","1752101","Victory El","PHBAO",289,92,0,0,0,40,null,null,20,null,35,476,13,4,0,0,0,17,12,5,0,0,0,17,{"$f":"VLOOKUP(A713,'Pivot ECAST'!A:B,2,FALSE)","v":2},1,"17521011",1,0,2,1,0,2,0,0]
["1752101","1752102","Victory Bl ES STEAM Magnet","Magnet 2",24,56,0,0,0,null,null,null,null,null,null,80,1,2,0,0,0,3,1,2,0,0,0,3,{"$f":"VLOOKUP(A714,'Pivot ECAST'!A:B,2,FALSE)","v":2},2,"17521012",0,0,0,0,0,0,0,0]
["1753401","1753401","Vine El","PHBAO",155,145,0,0,0,30,null,null,11,null,null,341,7,6,0,0,0,13,8,6,0,0,0,14,{"$f":"VLOOKUP(A715,'Pivot ECAST'!A:B,2,FALSE)","v":1},1,"17534011",1,0,2,1,0,2,0,0]
["1754801","1754801","Vinedale El","PHBAO",90,45,82,0,0,14,null,null,6,null,null,237,4,2,3,0,0,10,4,2,3,0,0,9,{"$f":"VLOOKUP(A716,'Pivot ECAST'!A:B,2,FALSE)","v":1},1,"17548011",1,0.5,2,1,0.5,2,1,0]
["1756201","1756201","Vintage Math/Sci Mag","Magnet 1",485,310,0,0,0,null,null,null,null,null,null,795,21,10,0,0,0,31,21,10,0,0,0,31,{"$f":"VLOOKUP(A717,'Pivot ECAST'!A:B,2,FALSE)","v":1},1,"17562011",1,0,3,1,0,3,0,0]
["1756601","1756601","University Pathways Public Svc Academy","PHBAO",0,0,0,220,337,null,null,null,null,null,null,337,0,0,0,2,10,12,0,0,0,1,7,8,{"$f":"VLOOKUP(A718,'Pivot ECAST'!A:B,2,FALSE)","v":1},1,"17566011",1,0.5,2,1,0.5,2,0,0.5]
["1756701","1756701","University Pathways Medical Mag Academy","Magnet 2",0,0,0,0,165,null,null,1,null,null,null,166,0,0,0,0,7,7,0,0,0,0,5,5,{"$f":"VLOOKUP(A719,'Pivot ECAST'!A:B,2,FALSE)","v":1},1,"17567011",1,0.5,2,1,0.5,2,0,0]
["1756901","1756901","Boys Academic Leadership Academy","PHBAO",0,0,120,40,40,null,14,4,null,null,null,178,0,0,5,1,2,8,0,0,3,1,1,5,{"$f":"VLOOKUP(A720,'Pivot ECAST'!A:B,2,FALSE)","v":1},1,"17569011",1,0.5,2,1,0.5,2,0,0]
["1757401","1757401","Horace Mann UCLA Community School","PHBAO",0,0,287,136,204,null,78,null,null,null,null,569,0,0,11,1,7,19,0,0,10,1,4,15,{"$f":"VLOOKUP(A721,'Pivot ECAST'!A:B,2,FALSE)","v":1},1,"17574011",1,1,2,1,1,2,0,0]
["1757501","1757501","Virginia El","PHBAO",125,83,0,0,0,20,null,null,null,null,null,228,6,4,0,0,0,10,7,4,0,0,0,11,{"$f":"VLOOKUP(A722,'Pivot ECAST'!A:B,2,FALSE)","v":2},1,"17575011",1,0,2,1,0,2,0,0]
["1757501","1757502","Virginia Rd El DL Two-Way Im Spanish","PHBAO",20,0,0,0,0,null,null,null,null,null,null,20,1,0,0,0,0,1,0,0,0,0,0,0,{"$f":"VLOOKUP(A723,'Pivot ECAST'!A:B,2,FALSE)","v":2},2,"17575012",0,0,0,0,0,0,0,0]
["1758901","1758901","Wadsworth El","PHBAO",411,198,0,0,0,46,null,null,null,null,28,683,18,8,0,0,0,26,19,7,0,0,0,26,{"$f":"VLOOKUP(A724,'Pivot ECAST'!A:B,2,FALSE)","v":1},1,"17589011",1,0,2,1,0,2,0,0]
["1760301","1760301","Walgrove El","Desegregated/Receiver",154,86,0,0,0,42,null,null,null,null,null,282,7,3,0,0,0,10,7,2,0,0,0,9,{"$f":"VLOOKUP(A725,'Pivot ECAST'!A:B,2,FALSE)","v":1},1,"17603011",1,0,2,1,0,2,1,0]
["1760401","1760401","The Science Academy STEM Magnet","Magnet 1",0,0,243,0,162,null,null,null,null,null,null,405,0,0,9,0,6,15,0,0,8,0,4,12,{"$f":"VLOOKUP(A726,'Pivot ECAST'!A:B,2,FALSE)","v":1},1,"17604011",1,1,2,1,0.5,2,0,0]
["1761401","1761401","Nava Coll Prep Acad","PHBAO",0,0,0,399,694,null,null,null,null,null,null,694,0,0,0,3,21,24,0,0,0,3,21,24,{"$f":"VLOOKUP(A727,'Pivot ECAST'!A:B,2,FALSE)","v":1},1,"17614011",1,2,2,2,2,3,0,0]
["1761501","1761501","Boyle Heights HS STEM Magnet","Magnet 2",0,0,0,0,168,null,null,5,null,null,null,173,0,0,0,0,7,7,0,0,0,0,7,7,{"$f":"VLOOKUP(A728,'Pivot ECAST'!A:B,2,FALSE)","v":1},1,"17615011",1,0.5,2,1,0.5,2,0,0]
["1761601","1761601","Warner El","Desegregated/Receiver",484,235,0,0,0,null,null,null,null,null,null,719,21,7,0,0,0,28,21,7,0,0,0,28,{"$f":"VLOOKUP(A729,'Pivot ECAST'!A:B,2,FALSE)","v":1},1,"17616011",1,0,2,1,0,2,0,0]
["1763001","1763001","Washington PC","PHBAO",121,0,0,0,0,null,null,null,null,23,null,144,6,0,0,0,0,6,5,0,0,0,0,5,{"$f":"VLOOKUP(A730,'Pivot ECAST'!A:B,2,FALSE)","v":2},1,"17630011",1,0,2,1,0,2,0,0]
["1763001","1763002","Washington PC DL Two-Way Im Spanish","PHBAO",64,0,0,0,0,null,null,null,null,null,null,64,3,0,0,0,0,3,2,0,0,0,0,2,{"$f":"VLOOKUP(A731,'Pivot ECAST'!A:B,2,FALSE)","v":2},2,"17630012",0,0,0,0,0,0,0,0]
["1763401","1763401","Weigand El","PHBAO",220,114,0,0,0,20,null,null,null,40,null,394,10,4,0,0,0,14,11,4,0,0,0,15,{"$f":"VLOOKUP(A732,'Pivot ECAST'!A:B,2,FALSE)","v":1},1,"17634011",1,0,2,1,0,2,0,0]
["1763701","1763701","Welby Way Charter ES & GHA Magnet","Desegregated/Receiver",245,117,0,0,0,null,null,null,null,null,null,362,11,4,0,0,0,15,11,4,0,0,0,15,{"$f":"VLOOKUP(A733,'Pivot ECAST'!A:B,2,FALSE)","v":2},1,"17637011",1,0,3,1,0,3,0,0]
["1763701","1763702","Welby Way Charter Elementary Gifted Magnet","Magnet 1",230,190,0,0,0,null,null,null,null,null,null,420,10,6,0,0,0,16,10,6,0,0,0,16,{"$f":"VLOOKUP(A734,'Pivot ECAST'!A:B,2,FALSE)","v":2},2,"17637012",0,0,0,0,0,0,0,0]
["1764001","1764001","Chavez El","PHBAO",122,72,0,0,0,26,null,null,10,null,null,230,6,3,0,0,0,9,6,3,0,0,0,9,{"$f":"VLOOKUP(A735,'Pivot ECAST'!A:B,2,FALSE)","v":1},1,"17640011",1,0,2,1,0,2,0,0]
["1764401","1764401","West Athens El","PHBAO",415,217,0,0,0,22,null,null,null,49,24,727,18,9,0,0,0,27,18,8,0,0,0,26,{"$f":"VLOOKUP(A736,'Pivot ECAST'!A:B,2,FALSE)","v":1},1,"17644011",1,0,2,1,0,2,0,0]
["1764901","1764901","West Hollywood El","Desegregated/Receiver",267,111,0,0,0,null,null,null,null,null,null,378,12,4,0,0,0,16,12,4,0,0,0,16,{"$f":"VLOOKUP(A737,'Pivot ECAST'!A:B,2,FALSE)","v":1},1,"17649011",1,0,2,1,0,2,0,0]
["1765401","1765401","West Vernon El","PHBAO",411,194,0,0,0,34,null,null,null,null,23,662,18,8,0,0,0,26,19,8,0,0,0,27,{"$f":"VLOOKUP(A738,'Pivot ECAST'!A:B,2,FALSE)","v":1},1,"17654011",1,0,2,1,0,2,0,0]
["1765601","1765601","Carson Acad Med Arts","PHBAO",0,0,0,238,465,null,null,24,null,null,null,489,0,0,0,2,14,16,0,0,0,2,14,16,{"$f":"VLOOKUP(A739,'Pivot ECAST'!A:B,2,FALSE)","v":1},1,"17656011",1,1,2,1,1,2,0,0]
["1765701","1765701","Carson Acad Ed & Emp","PHBAO",0,0,0,253,494,null,null,30,null,null,null,524,0,0,0,2,15,17,0,0,0,2,15,17,{"$f":"VLOOKUP(A740,'Pivot ECAST'!A:B,2,FALSE)","v":1},1,"17657011",1,1,2,1,1,2,1,0]
["1765801","1765801","Sylmar Academy Biotech Health/Eng Magnet","Magnet 2",0,0,0,0,221,null,null,1,null,null,null,222,0,0,0,0,9,9,0,0,0,0,9,9,{"$f":"VLOOKUP(A741,'Pivot ECAST'!A:B,2,FALSE)","v":1},1,"17658011",1,0.5,2,1,0.5,2,0,0]
["1766401","1766401","Legacy SH VAPA","PHBAO",0,0,0,284,473,null,null,null,null,null,null,473,0,0,0,2,15,17,0,0,0,2,14,16,{"$f":"VLOOKUP(A742,'Pivot ECAST'!A:B,2,FALSE)","v":1},1,"17664011",1,1,2,1,1,2,0,0]
["1766501","1766501","Hawkins SH CHAS","PHBAO",0,0,0,224,380,null,null,9,null,null,null,389,0,0,0,2,12,14,0,0,0,2,12,14,{"$f":"VLOOKUP(A743,'Pivot ECAST'!A:B,2,FALSE)","v":1},1,"17665011",1,1,2,1,1,2,0,0]
["1766601","1766601","Hawkins SH RISE","PHBAO",0,0,0,170,306,null,null,null,null,null,null,306,0,0,0,1,10,11,0,0,0,1,9,10,{"$f":"VLOOKUP(A744,'Pivot ECAST'!A:B,2,FALSE)","v":1},1,"17666011",1,0.5,2,1,0.5,2,0,0.5]
["1766701","1766701","Dymally SH","PHBAO",0,0,0,253,439,null,null,75,null,null,null,514,0,0,0,2,14,16,0,0,0,2,14,16,{"$f":"VLOOKUP(A745,'Pivot ECAST'!A:B,2,FALSE)","v":2},1,"17667011",1,1,2,1,1,2,0,0]
["1766701","1766702","Dymally HS Biomed Science/Research Mag","Magnet 2",0,0,0,0,113,null,null,1,null,null,null,114,0,0,0,0,5,5,0,0,0,0,5,5,{"$f":"VLOOKUP(A746,'Pivot ECAST'!A:B,2,FALSE)","v":2},2,"17667012",0,0,0,0,0,0,0,0]
["1766901","1766901","Marquez SH Soc Jus","PHBAO",0,0,0,345,642,null,null,9,null,null,null,651,0,0,0,2,20,22,0,0,0,2,20,22,{"$f":"VLOOKUP(A747,'Pivot ECAST'!A:B,2,FALSE)","v":1},1,"17669011",1,1,2,1,1,2,0,0]
["1767101","1767101","Western Av Tech/Eng/Comm/Hum Magnet","Magnet 2",259,228,60,0,0,34,null,null,10,null,24,615,11,9,3,0,0,23,12,8,0,0,0,20,{"$f":"VLOOKUP(A748,'Pivot ECAST'!A:B,2,FALSE)","v":1},1,"17671011",1,0.5,2,1,0,2,0,0]
["1769901","1769901","Westminster ES Math/Tech/Env Stud Magnet","Magnet 1",276,143,0,0,0,21,null,null,null,null,null,440,12,5,0,0,0,17,12,5,0,0,0,17,{"$f":"VLOOKUP(A749,'Pivot ECAST'!A:B,2,FALSE)","v":1},1,"17699011",1,0,2,1,0,2,0,0]
["1771201","1771201","Westport Hts El","PHBAO",126,66,0,0,0,12,null,null,3,null,null,207,6,3,0,0,0,9,7,3,0,0,0,10,{"$f":"VLOOKUP(A750,'Pivot ECAST'!A:B,2,FALSE)","v":1},1,"17712011",1,0,2,1,0,2,0,0]
["1771501","1771501","Chavez LA Artes Mag","Magnet 2",0,0,0,0,417,null,null,1,null,null,null,418,0,0,0,0,16,16,0,0,0,0,15,15,{"$f":"VLOOKUP(A751,'Pivot ECAST'!A:B,2,FALSE)","v":1},1,"17715011",1,1,2,1,1,2,0,0]
["1771601","1771601","Chavez LA SJ Hum Ac","PHBAO",0,0,0,266,512,null,null,null,null,null,null,512,0,0,0,2,16,18,0,0,0,2,15,17,{"$f":"VLOOKUP(A752,'Pivot ECAST'!A:B,2,FALSE)","v":1},1,"17716011",1,1,2,1,1,2,0,0]
["1771701","1771701","Chavez LA ASE","PHBAO",0,0,0,253,435,null,null,4,null,null,null,439,0,0,0,2,13,15,0,0,0,2,13,15,{"$f":"VLOOKUP(A753,'Pivot ECAST'!A:B,2,FALSE)","v":1},1,"17717011",1,1,2,1,1,2,0,0]
["1771801","1771801","Rivera LC Com & Tech","PHBAO",0,0,0,309,515,null,null,12,null,null,null,527,0,0,0,2,16,18,0,0,0,2,15,17,{"$f":"VLOOKUP(A754,'Pivot ECAST'!A:B,2,FALSE)","v":1},1,"17718011",1,1,2,1,1,2,0,0]
["1771901","1771901","Diego Rivera LC Green Design STEAM Acad","PHBAO",0,0,0,316,554,null,null,18,null,null,null,572,0,0,0,2,17,19,0,0,0,2,16,18,{"$f":"VLOOKUP(A755,'Pivot ECAST'!A:B,2,FALSE)","v":1},1,"17719011",1,1,2,1,1,2,0,0]
["1772101","1772101","Rivera LC Perf Arts","PHBAO",0,0,0,341,575,null,null,1,null,null,null,576,0,0,0,2,18,20,0,0,0,2,17,19,{"$f":"VLOOKUP(A756,'Pivot ECAST'!A:B,2,FALSE)","v":1},1,"17721011",1,1,2,1,1,2,0,0]
["1772201","1772201","Dr. Maya Angelou Community Senior High","PHBAO",0,0,0,693,1077,null,null,31,null,null,null,1108,0,0,0,4,32,36,0,0,0,4,31,35,{"$f":"VLOOKUP(A757,'Pivot ECAST'!A:B,2,FALSE)","v":1},1,"17722011",2,2,3,2,2,3,0,0]
["1772501","1772501","Marquez SH LIBRA","PHBAO",0,0,0,324,657,null,null,8,null,null,null,665,0,0,0,2,20,22,0,0,0,2,20,22,{"$f":"VLOOKUP(A758,'Pivot ECAST'!A:B,2,FALSE)","v":1},1,"17725011",1,1,2,1,2,2,0,1]
["1773401","1773401","Bernstein SH STEM","PHBAO",0,0,0,299,561,null,null,6,null,null,null,567,0,0,0,2,17,19,0,0,0,2,17,19,{"$f":"VLOOKUP(A759,'Pivot ECAST'!A:B,2,FALSE)","v":1},1,"17734011",1,1,2,1,1,2,0,0]
["1774001","1774001","Westwood Chtr El","Desegregated/Receiver",536,274,0,0,0,null,null,null,null,null,null,810,23,9,0,0,0,32,24,8,0,0,0,32,{"$f":"VLOOKUP(A760,'Pivot ECAST'!A:B,2,FALSE)","v":1},1,"17740011",1,0,3,1,0,3,1,0]
["1774901","1774901","Roosevelt SH","PHBAO",0,0,0,577,1004,null,null,73,null,null,null,1077,0,0,0,4,30,34,0,0,0,4,37,41,{"$f":"VLOOKUP(A761,'Pivot ECAST'!A:B,2,FALSE)","v":2},1,"17749011",3,3,4,2,2,4,0,0]
["1774901","1774902","Roosevelt HS Law/Public Services Magnet","Magnet 2",0,0,0,0,413,null,null,null,null,null,null,413,0,0,0,0,16,16,0,0,0,0,0,0,{"$f":"VLOOKUP(A762,'Pivot ECAST'!A:B,2,FALSE)","v":2},2,"17749012",0,0,0,0,0,0,0,0]
["1775101","1775101","Roosevelt Senior High Science/Tech/Math","Magnet 2",0,0,0,0,560,null,null,null,null,null,null,560,0,0,0,0,21,21,0,0,0,0,21,21,{"$f":"VLOOKUP(A763,'Pivot ECAST'!A:B,2,FALSE)","v":1},1,"17751011",1,1,2,1,1,2,0,0]
["1775201","1775201","Solis Learning Acad","PHBAO",0,0,0,152,226,null,null,10,null,null,null,236,0,0,0,1,7,8,0,0,0,1,7,8,{"$f":"VLOOKUP(A764,'Pivot ECAST'!A:B,2,FALSE)","v":1},1,"17752011",1,0.5,2,1,0.5,2,0,0]
["1776701","1776701","White Point El","Desegregated/Receiver",246,92,0,0,0,17,null,null,null,null,null,355,11,3,0,0,0,14,11,3,0,0,0,14,{"$f":"VLOOKUP(A765,'Pivot ECAST'!A:B,2,FALSE)","v":1},1,"17767011",1,0,2,1,0,2,0,0]
["1777101","1777101","RFK Ambsdr Glbl Ldsh","PHBAO",0,0,221,195,320,null,6,10,null,null,null,557,0,0,8,2,10,20,0,0,8,2,10,20,{"$f":"VLOOKUP(A766,'Pivot ECAST'!A:B,2,FALSE)","v":1},1,"17771011",1,1,2,1,1,2,0,0]
["1777201","1777201","Torres Renaissance","PHBAO",0,0,0,228,419,null,null,5,null,null,null,424,0,0,0,2,13,15,0,0,0,2,12,14,{"$f":"VLOOKUP(A767,'Pivot ECAST'!A:B,2,FALSE)","v":1},1,"17772011",1,1,2,1,1,2,0,0]
["1777301","1777301","Torres Eng & Tech","PHBAO",0,0,0,205,350,null,null,10,null,null,null,360,0,0,0,2,11,13,0,0,0,1,10,11,{"$f":"VLOOKUP(A768,'Pivot ECAST'!A:B,2,FALSE)","v":1},1,"17773011",1,1,2,1,1,2,0,0]
["1777401","1777401","Wilbur El","Desegregated/Receiver",421,178,0,0,0,null,null,null,20,null,null,619,18,6,0,0,0,24,18,6,0,0,0,24,{"$f":"VLOOKUP(A769,'Pivot ECAST'!A:B,2,FALSE)","v":1},1,"17774011",1,0,2,1,0,2,1,0]
["1777501","1777501","Torres Hum/Art/Tech","PHBAO",0,0,0,244,398,null,null,8,null,null,null,406,0,0,0,2,12,14,0,0,0,2,12,14,{"$f":"VLOOKUP(A770,'Pivot ECAST'!A:B,2,FALSE)","v":1},1,"17775011",1,1,2,1,1,2,0,0]
["1777701","1777701","Torres HS Social Justice Ldshp Ac Magnet","Magnet 2",0,0,0,0,280,null,null,16,null,null,null,296,0,0,0,0,11,11,0,0,0,1,9,10,{"$f":"VLOOKUP(A771,'Pivot ECAST'!A:B,2,FALSE)","v":1},1,{"$f":"A771&AD771","v":"17777011"},1,0.5,2,1,0.5,2,0,0]
["1778001","1778001","RFK UCLA Comm Sch","PHBAO",41,23,189,223,436,null,null,30,null,null,null,719,2,1,7,2,13,25,2,1,7,2,13,25,{"$f":"VLOOKUP(A772,'Pivot ECAST'!A:B,2,FALSE)","v":2},1,"17780011",2,1,3,2,1,3,0,1]
["1778001","1778002","RFK UCLA Comm Sch DL One-Way Im Spanish","PHBAO",179,91,0,0,0,null,null,null,null,null,null,270,8,4,0,0,0,12,8,3,0,0,0,11,{"$f":"VLOOKUP(A773,'Pivot ECAST'!A:B,2,FALSE)","v":2},{"$f":"IF(A773=A772,AD772+1,1)","v":2},"17780012",0,0,0,0,0,0,0,0]
["1778101","1778101","Wilmington Park El","PHBAO",369,195,0,0,0,34,null,null,7,20,16,641,16,7,0,0,0,23,18,7,0,0,0,25,{"$f":"VLOOKUP(A774,'Pivot ECAST'!A:B,2,FALSE)","v":1},1,"17781011",1,0,2,1,0,2,0,0]
["1778301","1778301","RFK Comm Schs-New Open World Acad K-12","PHBAO",248,155,282,230,421,13,null,1,null,null,null,1120,11,6,10,2,13,42,12,6,10,2,12,42,{"$f":"VLOOKUP(A775,'Pivot ECAST'!A:B,2,FALSE)","v":1},1,"17783011",2,2,3,2,2,3,0,0]
["1779501","1779501","Wilshire Crest El","PHBAO",41,30,0,0,0,null,null,null,12,null,9,92,2,2,0,0,0,4,3,2,0,0,0,5,{"$f":"VLOOKUP(A776,'Pivot ECAST'!A:B,2,FALSE)","v":2},1,"17795011",1,0,2,1,0,2,0,0]
["1779501","1779502","Wilshire Crest El DL Two-Way Im Spanish","PHBAO",36,0,0,0,0,null,null,null,null,null,null,36,2,0,0,0,0,2,2,0,0,0,0,2,{"$f":"VLOOKUP(A777,'Pivot ECAST'!A:B,2,FALSE)","v":2},2,"17795012",0,0,0,0,0,0,0,0]
["1780801","1780801","Wilton Pl El","PHBAO",62,48,0,0,0,25,null,null,8,null,15,158,3,2,0,0,0,5,4,2,0,0,0,6,{"$f":"VLOOKUP(A778,'Pivot ECAST'!A:B,2,FALSE)","v":3},1,"17808011",1,0,2,1,0,2,0,0]
["1780801","1780802","Wilton Pl El DL Two-Way Im Spanish","PHBAO",158,59,0,0,0,null,null,null,null,null,null,217,7,3,0,0,0,10,7,2,0,0,0,9,{"$f":"VLOOKUP(A779,'Pivot ECAST'!A:B,2,FALSE)","v":3},2,"17808012",0,0,0,0,0,0,0,0]
["1780801","1780803","Wilton Pl El DL Two-Way Im Korean","PHBAO",50,22,0,0,0,null,null,null,null,null,null,72,3,1,0,0,0,4,2,2,0,0,0,4,{"$f":"VLOOKUP(A780,'Pivot ECAST'!A:B,2,FALSE)","v":3},3,"17808013",0,0,0,0,0,0,0,0]
["1782201","1782201","Windsor M/S Aero Mag","Magnet 2",306,179,0,0,0,null,null,null,null,null,null,485,13,7,0,0,0,20,14,7,0,0,0,21,{"$f":"VLOOKUP(A781,'Pivot ECAST'!A:B,2,FALSE)","v":1},1,"17822011",1,0,2,1,0,2,0,0]
["1783601","1783601","Winnetka El","PHBAO",241,116,0,0,0,25,null,null,null,null,23,405,11,5,0,0,0,16,11,5,0,0,0,16,{"$f":"VLOOKUP(A782,'Pivot ECAST'!A:B,2,FALSE)","v":1},1,"17836011",1,0,2,1,0,2,0,0]
["1784901","1784901","Wonderland El","Desegregated/Receiver",220,75,0,0,0,null,null,null,null,null,null,295,10,3,0,0,0,13,10,3,0,0,0,13,{"$f":"VLOOKUP(A783,'Pivot ECAST'!A:B,2,FALSE)","v":2},1,"17849011",1,0,2,1,0,2,0,0]
["1784901","1784902","Wonderland G/HA Mag","Magnet 1",48,124,0,0,0,null,null,null,null,null,null,172,2,4,0,0,0,6,2,4,0,0,0,6,{"$f":"VLOOKUP(A784,'Pivot ECAST'!A:B,2,FALSE)","v":2},2,"17849012",0,0,0,0,0,0,0,0]
["1786301","1786301","Woodcrest El","PHBAO",417,218,0,0,0,51,null,null,null,null,24,710,18,9,0,0,0,27,20,8,0,0,0,28,{"$f":"VLOOKUP(A785,'Pivot ECAST'!A:B,2,FALSE)","v":1},1,"17863011",1,0,2,1,0,2,0,0]
["1787701","1787701","Woodlake Elementary Community Charter","Desegregated/Receiver",392,170,0,0,0,21,null,null,null,null,null,583,17,5,0,0,0,22,17,5,0,0,0,22,{"$f":"VLOOKUP(A786,'Pivot ECAST'!A:B,2,FALSE)","v":1},1,"17877011",1,0,2,1,0,2,0,0]
["1789001","1789001","Woodland Hills CES","Desegregated/Receiver",415,211,0,0,0,null,null,null,null,null,null,626,18,7,0,0,0,25,18,7,0,0,0,25,{"$f":"VLOOKUP(A787,'Pivot ECAST'!A:B,2,FALSE)","v":1},1,"17890011",1,0,2,1,0,2,1,0]
["1789501","1789501","Valley Oaks Center for Enr Studies Mag","Magnet 2",0,0,112,0,389,null,null,28,null,null,null,529,0,0,5,0,15,20,0,0,0,0,0,0,{"$f":"VLOOKUP(A788,'Pivot ECAST'!A:B,2,FALSE)","v":1},1,"17895011",1,1,2,0,0,0,0,0]
["1790401","1790401","Woodlawn El","PHBAO",247,129,0,0,0,31,null,null,7,null,22,436,11,5,0,0,0,16,12,5,0,0,0,17,{"$f":"VLOOKUP(A789,'Pivot ECAST'!A:B,2,FALSE)","v":2},1,"17904011",1,0,2,1,0,2,0,0]
["1790401","1790402","Woodlawn Ave El DL Two-Way Im Spanish","PHBAO",151,80,0,0,0,null,null,null,null,null,null,231,7,3,0,0,0,10,7,3,0,0,0,10,{"$f":"VLOOKUP(A790,'Pivot ECAST'!A:B,2,FALSE)","v":2},2,"17904012",0,0,0,0,0,0,0,0]
["1795901","1795901","Yorkdale El","PHBAO",148,69,0,0,0,null,null,null,8,null,11,236,7,3,0,0,0,10,7,3,0,0,0,10,{"$f":"VLOOKUP(A791,'Pivot ECAST'!A:B,2,FALSE)","v":1},1,"17959011",1,0,2,1,0,2,0,0]
["1800901","1800901","Adams MS","PHBAO",0,0,549,0,0,null,90,null,null,null,null,639,0,0,20,0,0,20,0,0,20,0,0,20,{"$f":"VLOOKUP(A792,'Pivot ECAST'!A:B,2,FALSE)","v":2},1,"18009011",2,2,3,2,2,3,0,0]
["1800901","1800902","John Adams MS Gifted Magnet","Magnet 2",0,0,240,0,0,null,null,null,null,null,null,240,0,0,9,0,0,9,0,0,9,0,0,9,{"$f":"VLOOKUP(A793,'Pivot ECAST'!A:B,2,FALSE)","v":2},2,"18009012",0,0,0,0,0,0,0,0]
["1802801","1802801","Audubon MS","PHBAO",0,0,265,0,0,null,76,null,null,null,null,341,0,0,10,0,0,10,0,0,11,0,0,11,{"$f":"VLOOKUP(A794,'Pivot ECAST'!A:B,2,FALSE)","v":2},1,"18028011",1,1,2,1,1,2,0,0]
["1802801","1802802","Audubon MS Gifted Magnet","Magnet 2",0,0,76,0,0,null,null,null,null,null,null,76,0,0,4,0,0,4,0,0,3,0,0,3,{"$f":"VLOOKUP(A795,'Pivot ECAST'!A:B,2,FALSE)","v":2},2,"18028012",0,0,0,0,0,0,0,0]
["1803801","1803801","Bancroft MS","PHBAO",0,0,134,0,0,null,18,null,null,null,null,152,0,0,5,0,0,5,0,0,6,0,0,6,{"$f":"VLOOKUP(A796,'Pivot ECAST'!A:B,2,FALSE)","v":3},1,"18038011",1,1,2,1,1,2,0,0]
["1803801","1803802","Bancroft Per Art Mag","Magnet 2",0,0,298,0,0,null,16,null,null,null,null,314,0,0,12,0,0,12,0,0,13,0,0,13,{"$f":"VLOOKUP(A797,'Pivot ECAST'!A:B,2,FALSE)","v":3},2,"18038012",0,0,0,0,0,0,0,0]
["1803801","1803803","Hubert Howe Bancroft MS Gifted STEAM Mag","Magnet 2",0,0,140,0,0,null,null,null,null,null,null,140,0,0,6,0,0,6,0,0,6,0,0,6,{"$f":"VLOOKUP(A798,'Pivot ECAST'!A:B,2,FALSE)","v":3},3,"18038013",0,0,0,0,0,0,0,0]
["1804501","1804501","Castro MS","PHBAO",0,0,295,0,0,null,19,null,null,null,null,314,0,0,11,0,0,11,0,0,10,0,0,10,{"$f":"VLOOKUP(A799,'Pivot ECAST'!A:B,2,FALSE)","v":1},1,"18045011",1,0.5,2,1,0.5,2,0,0]
["1804701","1804701","Belvedere MS","PHBAO",0,0,480,0,0,null,71,null,null,null,null,551,0,0,17,0,0,17,0,0,18,0,0,18,{"$f":"VLOOKUP(A800,'Pivot ECAST'!A:B,2,FALSE)","v":3},1,"18047011",2,2,3,2,2,3,0,0]
["1804701","1804702","Belvedere Media Mag","Magnet 2",0,0,151,0,0,null,1,null,null,null,null,152,0,0,6,0,0,6,0,0,6,0,0,6,{"$f":"VLOOKUP(A801,'Pivot ECAST'!A:B,2,FALSE)","v":3},2,"18047012",0,0,0,0,0,0,0,0]
["1804701","1804703","Belvedere MS STEAM Magnet","Magnet 2",0,0,154,0,0,null,null,null,null,null,null,154,0,0,6,0,0,6,0,0,6,0,0,6,{"$f":"VLOOKUP(A802,'Pivot ECAST'!A:B,2,FALSE)","v":3},3,"18047013",0,0,0,0,0,0,0,0]
["1805701","1805701","Berendo MS","PHBAO",0,0,681,0,0,null,54,null,null,null,null,735,0,0,24,0,0,24,0,0,25,0,0,25,{"$f":"VLOOKUP(A803,'Pivot ECAST'!A:B,2,FALSE)","v":1},1,"18057011",2,1,3,2,1,3,0,0]
["1805801","1805801","Liechty MS","PHBAO",0,0,880,0,0,null,99,null,null,null,null,979,0,0,33,0,0,33,0,0,32,0,0,32,{"$f":"VLOOKUP(A804,'Pivot ECAST'!A:B,2,FALSE)","v":1},1,"18058011",2,2,3,2,2,3,0,0]
["1806001","1806001","Bethune MS","PHBAO",0,0,665,0,0,null,58,null,null,null,null,723,0,0,25,0,0,25,0,0,25,0,0,25,{"$f":"VLOOKUP(A805,'Pivot ECAST'!A:B,2,FALSE)","v":2},1,"18060011",2,2,3,2,2,3,0,0]
["1806001","1806002","Mary Mcleod Bethune MS Science/Tech/Math","Magnet 2",0,0,224,0,0,null,null,null,null,null,null,224,0,0,9,0,0,9,0,0,9,0,0,9,{"$f":"VLOOKUP(A806,'Pivot ECAST'!A:B,2,FALSE)","v":2},2,"18060012",0,0,0,0,0,0,0,0]
["1806201","1806201","Clinton MS","PHBAO",0,0,659,0,0,null,59,null,null,null,null,718,0,0,23,0,0,23,0,0,24,0,0,24,{"$f":"VLOOKUP(A807,'Pivot ECAST'!A:B,2,FALSE)","v":1},1,"18062011",2,1,3,2,1,3,0,0]
["1806401","1806401","Kim Academy","PHBAO",0,0,835,0,0,null,14,null,null,null,null,849,0,0,30,0,0,30,0,0,30,0,0,30,{"$f":"VLOOKUP(A808,'Pivot ECAST'!A:B,2,FALSE)","v":1},1,"18064011",2,2,3,2,2,3,0,0]
["1806601","1806601","Burbank MS Arts/Tech/Comm Magnet","Magnet 2",0,0,935,0,0,null,76,null,null,null,null,1011,0,0,36,0,0,36,0,0,35,0,0,35,{"$f":"VLOOKUP(A809,'Pivot ECAST'!A:B,2,FALSE)","v":2},1,"18066011",2,2,3,2,2,3,0,0]
["1806601","1806603","Burbank Police Ac Mg","Magnet 2",0,0,74,0,0,null,3,null,null,null,null,77,0,0,3,0,0,3,0,0,3,0,0,3,{"$f":"VLOOKUP(A810,'Pivot ECAST'!A:B,2,FALSE)","v":2},2,"18066012",0,0,0,0,0,0,0,0]
["1807501","1807501","Burroughs MS","PHBAO",0,0,979,0,0,null,54,null,null,null,null,1033,0,0,35,0,0,35,0,0,37,0,0,37,{"$f":"VLOOKUP(A811,'Pivot ECAST'!A:B,2,FALSE)","v":2},1,"18075011",3,3,5,3,3,5,0,0]
["1807501","1807502","John Burroughs MS Gifted Magnet","Magnet 2",0,0,630,0,0,null,null,null,null,null,null,630,0,0,24,0,0,24,0,0,21,0,0,21,{"$f":"VLOOKUP(A812,'Pivot ECAST'!A:B,2,FALSE)","v":2},2,"18075012",0,0,0,0,0,0,0,0]
["1808001","1808001","Byrd MS","PHBAO",0,0,801,0,0,null,77,null,null,null,null,878,0,0,28,0,0,28,0,0,32,0,0,32,{"$f":"VLOOKUP(A813,'Pivot ECAST'!A:B,2,FALSE)","v":2},1,"18080011",2,2,4,3,2,4,0,0]
["1808001","1808002","Richard E Byrd MS Science/Tech/Math Magnet","Magnet 2",0,0,372,0,0,null,3,null,null,null,null,375,0,0,14,0,0,14,0,0,14,0,0,14,{"$f":"VLOOKUP(A814,'Pivot ECAST'!A:B,2,FALSE)","v":2},2,"18080012",0,0,0,0,0,0,0,0]
["1809001","1809001","Carnegie MS","PHBAO",0,0,567,0,0,null,39,null,null,null,null,606,0,0,20,0,0,20,0,0,24,0,0,24,{"$f":"VLOOKUP(A815,'Pivot ECAST'!A:B,2,FALSE)","v":2},1,"18090011",2,1,3,2,1,3,0,1]
["1809001","1809002","Carnegie MS Medical Magnet","Magnet 2",0,0,159,0,0,null,null,null,null,null,null,159,0,0,6,0,0,6,0,0,0,0,0,0,{"$f":"VLOOKUP(A816,'Pivot ECAST'!A:B,2,FALSE)","v":2},2,"18090012",0,0,0,0,0,0,0,0]
["1809401","1809401","Carver MS","PHBAO",0,0,626,0,0,null,63,null,null,null,null,689,0,0,24,0,0,24,0,0,24,0,0,24,{"$f":"VLOOKUP(A817,'Pivot ECAST'!A:B,2,FALSE)","v":1},1,"18094011",1,1,2,2,1,3,0,0]
["1810201","1810201","Columbus MS","PHBAO",0,0,319,0,0,null,45,null,null,null,null,364,0,0,12,0,0,12,0,0,12,0,0,12,{"$f":"VLOOKUP(A818,'Pivot ECAST'!A:B,2,FALSE)","v":2},1,"18102011",1,1,2,2,1,3,0,0]
["1810201","1810202","Columbus MS M/S/Med","Magnet 2",0,0,301,0,0,null,5,null,null,null,null,306,0,0,12,0,0,12,0,0,12,0,0,12,{"$f":"VLOOKUP(A819,'Pivot ECAST'!A:B,2,FALSE)","v":2},2,"18102012",0,0,0,0,0,0,0,0]
["1810301","1810301","Curtiss MS","PHBAO",0,0,108,0,0,null,28,null,null,null,null,136,0,0,4,0,0,4,0,0,5,0,0,5,{"$f":"VLOOKUP(A820,'Pivot ECAST'!A:B,2,FALSE)","v":2},1,"18103011",1,1,2,1,1,2,0,0]
["1810301","1810302","Curtiss MS STEAM Magnet","Magnet 2",0,0,328,0,0,null,6,null,null,null,null,334,0,0,13,0,0,13,0,0,13,0,0,13,{"$f":"VLOOKUP(A821,'Pivot ECAST'!A:B,2,FALSE)","v":2},2,"18103012",0,0,0,0,0,0,0,0]
["1810401","1810401","Dana MS","PHBAO",0,0,950,0,0,null,115,null,null,null,null,1065,0,0,34,0,0,34,0,0,34,0,0,34,{"$f":"VLOOKUP(A822,'Pivot ECAST'!A:B,2,FALSE)","v":2},1,"18104011",3,2,4,3,3,4,0,0]
["1810401","1810402","Dana STEAM Magnet","Magnet 1",0,0,474,0,0,null,1,null,null,null,null,475,0,0,17,0,0,17,0,0,17,0,0,17,{"$f":"VLOOKUP(A823,'Pivot ECAST'!A:B,2,FALSE)","v":2},2,"18104012",0,0,0,0,0,0,0,0]
["1810701","1810701","Gaspar De Portola Charter Middle","Desegregated/Receiver",0,0,1248,0,0,null,54,null,null,null,null,1302,0,0,39,0,0,39,0,0,41,0,0,41,{"$f":"VLOOKUP(A824,'Pivot ECAST'!A:B,2,FALSE)","v":3},1,"18107011",3,2,5,3,2,5,1,0]
["1810701","1810702","Portola Highly Gifted Magnet","Magnet 1",0,0,266,0,0,null,null,null,null,null,null,266,0,0,10,0,0,10,0,0,8,0,0,8,{"$f":"VLOOKUP(A825,'Pivot ECAST'!A:B,2,FALSE)","v":3},2,"18107012",0,0,0,0,0,0,0,0]
["1810701","1810703","Academy of Integrated Arts & Technology","Desegregated/Receiver",0,0,124,0,0,null,null,null,null,null,null,124,0,0,4,0,0,4,0,0,5,0,0,5,{"$f":"VLOOKUP(A826,'Pivot ECAST'!A:B,2,FALSE)","v":3},3,"18107013",0,0,0,0,0,0,0,0]
["1811001","1811001","Dodson MS","PHBAO",0,0,352,0,0,null,39,null,null,null,null,391,0,0,13,0,0,13,0,0,14,0,0,14,{"$f":"VLOOKUP(A827,'Pivot ECAST'!A:B,2,FALSE)","v":3},1,"18110011",3,3,4,3,3,5,0,0]
["1811001","1811002","Rudecinda Sepulveda Dodson MS Gifted Mag","Magnet 2",0,0,906,0,0,null,null,null,null,null,null,906,0,0,34,0,0,34,0,0,34,0,0,34,{"$f":"VLOOKUP(A828,'Pivot ECAST'!A:B,2,FALSE)","v":3},2,"18110012",0,0,0,0,0,0,0,0]
["1811001","1811003","Dodson MS Visual/Performing Arts Magnet","Magnet 2",0,0,318,0,0,null,5,null,null,null,null,323,0,0,12,0,0,12,0,0,12,0,0,12,{"$f":"VLOOKUP(A829,'Pivot ECAST'!A:B,2,FALSE)","v":3},3,"18110013",0,0,0,0,0,0,0,0]
["1811201","1811201","Drew MS","PHBAO",0,0,585,0,0,null,36,null,null,null,null,621,0,0,21,0,0,21,0,0,21,0,0,21,{"$f":"VLOOKUP(A830,'Pivot ECAST'!A:B,2,FALSE)","v":2},1,"18112011",2,1,3,2,1,3,2,0]
["1811201","1811202","Charles Drew MS Gifted Magnet","Magnet 2",0,0,106,0,0,null,null,null,null,null,null,106,0,0,4,0,0,4,0,0,4,0,0,4,{"$f":"VLOOKUP(A831,'Pivot ECAST'!A:B,2,FALSE)","v":2},2,"18112012",0,0,0,0,0,0,0,0]
["1811301","1811301","Edison MS","PHBAO",0,0,1003,0,0,null,97,null,null,null,null,1100,0,0,35,0,0,35,0,0,37,0,0,37,{"$f":"VLOOKUP(A832,'Pivot ECAST'!A:B,2,FALSE)","v":1},1,"18113011",2,2,3,2,2,3,0,0]
["1811601","1811601","Romer MS","PHBAO",0,0,577,0,0,null,70,null,null,null,null,647,0,0,21,0,0,21,0,0,21,0,0,21,{"$f":"VLOOKUP(A833,'Pivot ECAST'!A:B,2,FALSE)","v":3},1,"18116011",2,2,3,2,2,3,0,0]
["1811601","1811602","Romer STEM Magnet","Magnet 2",0,0,303,0,0,null,6,null,null,null,null,309,0,0,12,0,0,12,0,0,12,0,0,12,{"$f":"VLOOKUP(A834,'Pivot ECAST'!A:B,2,FALSE)","v":3},2,"18116012",0,0,0,0,0,0,0,0]
["1811601","1811603","Romer MS G/HG/HA/Humanities Magnet","Magnet 2",0,0,59,0,0,null,null,null,null,null,null,59,0,0,3,0,0,3,0,0,2,0,0,2,{"$f":"VLOOKUP(A835,'Pivot ECAST'!A:B,2,FALSE)","v":3},3,{"$f":"A835&AD835","v":"18116013"},0,0,0,0,0,0,0,0]
["1811701","1811701","Vista MS","PHBAO",0,0,693,0,0,null,84,null,null,null,null,777,0,0,25,0,0,25,0,0,28,0,0,28,{"$f":"VLOOKUP(A836,'Pivot ECAST'!A:B,2,FALSE)","v":3},1,"18117011",2,2,3,2,2,4,0,0]
["1811701","1811703","Vista MS Sports Med/College Prep Magnet","Magnet 2",0,0,291,0,0,null,9,null,null,null,null,300,0,0,11,0,0,11,0,0,11,0,0,11,{"$f":"VLOOKUP(A837,'Pivot ECAST'!A:B,2,FALSE)","v":3},{"$f":"IF(A837=A836,AD836+1,1)","v":2},"18117012",0,0,0,0,0,0,0,0]
["1811701","1811704","Vista MS Gifted STEAM Magnet","Magnet 2",0,0,105,0,0,null,null,null,null,null,null,105,0,0,4,0,0,4,0,0,0,0,0,0,{"$f":"VLOOKUP(A838,'Pivot ECAST'!A:B,2,FALSE)","v":3},3,"18117013",0,0,0,0,0,0,0,0]
["1811801","1811801","El Sereno MS","PHBAO",0,0,548,0,0,null,75,null,null,null,null,623,0,0,20,0,0,20,0,0,21,0,0,21,{"$f":"VLOOKUP(A839,'Pivot ECAST'!A:B,2,FALSE)","v":4},1,"18118011",2,2,3,2,2,3,0,0]
["1811801","1811802","El Sereno MS Science/Tech/Math Magnet","Magnet 2",0,0,130,0,0,null,2,null,null,null,null,132,0,0,5,0,0,5,0,0,5,0,0,5,{"$f":"VLOOKUP(A840,'Pivot ECAST'!A:B,2,FALSE)","v":4},2,"18118012",0,0,0,0,0,0,0,0]
["1811801","1811803","El Sereno MS Gifted Magnet","Magnet 2",0,0,132,0,0,null,null,null,null,null,null,132,0,0,5,0,0,5,0,0,5,0,0,5,{"$f":"VLOOKUP(A841,'Pivot ECAST'!A:B,2,FALSE)","v":4},3,"18118013",0,0,0,0,0,0,0,0]
["1811801","1811804","El Sereno MS Env Sci/Humanitarian Magnet","Magnet 2",0,0,159,0,0,null,1,null,null,null,null,160,0,0,6,0,0,6,0,0,6,0,0,6,{"$f":"VLOOKUP(A842,'Pivot ECAST'!A:B,2,FALSE)","v":4},4,"18118014",0,0,0,0,0,0,0,0]
["1812301","1812301","Emerson Comm Charter","Desegregated/Receiver",0,0,441,0,0,null,62,null,null,null,null,503,0,0,14,0,0,14,0,0,15,0,0,15,{"$f":"VLOOKUP(A843,'Pivot ECAST'!A:B,2,FALSE)","v":1},1,"18123011",1,1,2,1,1,2,1,0]
["1812701","1812701","Fleming MS","PHBAO",0,0,766,0,0,null,93,null,null,null,null,859,0,0,27,0,0,27,0,0,28,0,0,28,{"$f":"VLOOKUP(A844,'Pivot ECAST'!A:B,2,FALSE)","v":2},1,"18127011",2,2,4,2,2,4,0,0]
["1812701","1812702","Alexander Fleming MS Science/Tech/Math Mag","Magnet 2",0,0,393,0,0,null,3,null,null,null,null,396,0,0,15,0,0,15,0,0,15,0,0,15,{"$f":"VLOOKUP(A845,'Pivot ECAST'!A:B,2,FALSE)","v":2},2,"18127012",0,0,0,0,0,0,0,0]
["1813201","1813201","Foshay LC","PHBAO",87,55,874,399,733,null,60,null,null,null,null,1809,4,2,31,3,22,62,4,2,32,2,22,62,{"$f":"VLOOKUP(A846,'Pivot ECAST'!A:B,2,FALSE)","v":1},1,"18132011",4,3,5,4,3,5,0,0]
["1813701","1813701","Frost MS","Desegregated/Receiver",0,0,1065,0,0,null,41,null,null,null,null,1106,0,0,34,0,0,34,0,0,34,0,0,34,{"$f":"VLOOKUP(A847,'Pivot ECAST'!A:B,2,FALSE)","v":2},1,"18137011",3,2,4,3,2,4,1,0]
["1813701","1813702","Robert Frost MS Science/Tech/Math Magnet","Magnet 1",0,0,429,0,0,null,2,null,null,null,null,431,0,0,15,0,0,15,0,0,15,0,0,15,{"$f":"VLOOKUP(A848,'Pivot ECAST'!A:B,2,FALSE)","v":2},2,"18137012",0,0,0,0,0,0,0,0]
["1814201","1814201","Fulton College Prep","PHBAO",0,0,566,285,527,null,30,24,null,null,null,1147,0,0,20,2,16,38,0,0,21,2,17,40,{"$f":"VLOOKUP(A849,'Pivot ECAST'!A:B,2,FALSE)","v":2},1,"18142011",2,2,4,3,2,4,0,0]
["1814201","1814204","Fulton Communication Arts/Music Magnet","Magnet 2",0,0,94,0,74,null,null,1,null,null,null,169,0,0,4,0,3,7,0,0,4,0,2,6,{"$f":"VLOOKUP(A850,'Pivot ECAST'!A:B,2,FALSE)","v":2},2,"18142012",0,0,0,0,0,0,0,0]
["1815101","1815101","Gage MS","PHBAO",0,0,989,0,0,null,94,null,null,null,null,1083,0,0,35,0,0,35,0,0,36,0,0,36,{"$f":"VLOOKUP(A851,'Pivot ECAST'!A:B,2,FALSE)","v":2},1,"18151011",3,2,4,3,2,4,0,0]
["1815101","1815102","Henry T Gage MS Science/Tech/Math Magnet","Magnet 2",0,0,290,0,0,null,1,null,null,null,null,291,0,0,11,0,0,11,0,0,11,0,0,11,{"$f":"VLOOKUP(A852,'Pivot ECAST'!A:B,2,FALSE)","v":2},2,"18151012",0,0,0,0,0,0,0,0]
["1815301","1815301","Southeast MS","PHBAO",0,0,689,0,0,null,75,null,null,null,null,764,0,0,26,0,0,26,0,0,28,0,0,28,{"$f":"VLOOKUP(A853,'Pivot ECAST'!A:B,2,FALSE)","v":2},1,"18153011",2,2,4,2,2,4,0,0]
["1815301","1815302","Southeast MS DREAMS Magnet","Magnet 2",0,0,498,0,0,null,2,null,null,null,null,500,0,0,20,0,0,20,0,0,17,0,0,17,{"$f":"VLOOKUP(A854,'Pivot ECAST'!A:B,2,FALSE)","v":2},2,"18153012",0,0,0,0,0,0,0,0]
["1816001","1816001","Gompers MS","PHBAO",0,0,220,0,0,null,71,null,null,null,null,291,0,0,9,0,0,9,0,0,10,0,0,10,{"$f":"VLOOKUP(A855,'Pivot ECAST'!A:B,2,FALSE)","v":2},1,"18160011",1,0.5,2,1,1,2,0,0.5]
["1816001","1816002","Gompers MS STEAM Magnet","Magnet 2",0,0,92,0,0,null,1,null,null,null,null,93,0,0,4,0,0,4,0,0,5,0,0,5,{"$f":"VLOOKUP(A856,'Pivot ECAST'!A:B,2,FALSE)","v":2},2,"18160012",0,0,0,0,0,0,0,0]
["1816801","1816801","Griffith MS STEAM Magnet","Magnet 2",0,0,1290,0,0,null,111,null,null,null,null,1401,0,0,49,0,0,49,0,0,48,0,0,48,{"$f":"VLOOKUP(A857,'Pivot ECAST'!A:B,2,FALSE)","v":1},1,"18168011",3,2,4,3,2,4,0,0]
["1816901","1816901","George E Hale Charter Acad","Desegregated/Receiver",0,0,1352,0,0,null,83,null,null,null,null,1435,0,0,43,0,0,43,0,0,48,0,0,48,{"$f":"VLOOKUP(A858,'Pivot ECAST'!A:B,2,FALSE)","v":3},1,"18169011",4,3,5,5,3,6,0,0]
["1816901","1816902","George Ellery Hale Charter Aca Gifted St","Magnet 1",0,0,486,0,0,null,2,null,null,null,null,488,0,0,17,0,0,17,0,0,17,0,0,17,{"$f":"VLOOKUP(A859,'Pivot ECAST'!A:B,2,FALSE)","v":3},2,"18169012",0,0,0,0,0,0,0,0]
["1816901","1816903","Hale Charter Academy VAPA Magnet","Magnet 1",0,0,163,0,0,null,null,null,null,null,null,163,0,0,6,0,0,6,0,0,0,0,0,0,{"$f":"VLOOKUP(A860,'Pivot ECAST'!A:B,2,FALSE)","v":3},3,"18169013",0,0,0,0,0,0,0,0]
["1817001","1817001","Harte Prep MS","PHBAO",0,0,274,0,0,null,51,null,null,null,null,325,0,0,11,0,0,11,0,0,12,0,0,12,{"$f":"VLOOKUP(A861,'Pivot ECAST'!A:B,2,FALSE)","v":1},1,"18170011",1,0.5,2,1,0.5,2,0,0]
["1817401","1817401","Henry MS","PHBAO",0,0,405,0,0,null,52,null,null,null,null,457,0,0,15,0,0,15,0,0,16,0,0,16,{"$f":"VLOOKUP(A862,'Pivot ECAST'!A:B,2,FALSE)","v":3},1,"18174011",2,2,4,2,2,4,0,0]
["1817401","1817402","Henry MS Comp/M/S Mg","Magnet 2",0,0,364,0,0,null,10,null,null,null,null,374,0,0,14,0,0,14,0,0,14,0,0,14,{"$f":"VLOOKUP(A863,'Pivot ECAST'!A:B,2,FALSE)","v":3},2,"18174012",0,0,0,0,0,0,0,0]
["1817401","1817403","Henry Visual And Performing Arts Magnet","Magnet 2",0,0,360,0,0,null,11,null,null,null,null,371,0,0,14,0,0,14,0,0,14,0,0,14,{"$f":"VLOOKUP(A864,'Pivot ECAST'!A:B,2,FALSE)","v":3},3,"18174013",0,0,0,0,0,0,0,0]
["1817901","1817901","Hollenbeck MS","PHBAO",0,0,576,0,0,null,74,null,null,null,null,650,0,0,21,0,0,21,0,0,20,0,0,20,{"$f":"VLOOKUP(A865,'Pivot ECAST'!A:B,2,FALSE)","v":3},1,"18179011",2,2,3,2,2,3,0,0]
["1817901","1817902","Hollenbeck MS STEMM Magnet","Magnet 2",0,0,300,0,0,null,1,null,null,null,null,301,0,0,12,0,0,12,0,0,12,0,0,12,{"$f":"VLOOKUP(A866,'Pivot ECAST'!A:B,2,FALSE)","v":3},2,"18179012",0,0,0,0,0,0,0,0]
["1817901","1817903","Hollenbeck MS Law/Public Service Magnet","Magnet 2",0,0,137,0,0,null,1,null,null,null,null,138,0,0,6,0,0,6,0,0,7,0,0,7,{"$f":"VLOOKUP(A867,'Pivot ECAST'!A:B,2,FALSE)","v":3},3,"18179013",0,0,0,0,0,0,0,0]
["1818201","1818201","Holmes MS","PHBAO",0,0,720,0,0,null,58,null,null,null,null,778,0,0,26,0,0,26,0,0,27,0,0,27,{"$f":"VLOOKUP(A868,'Pivot ECAST'!A:B,2,FALSE)","v":2},1,"18182011",2,2,4,2,2,4,0,0]
["1818201","1818202","Holmes Int Human Mag","Magnet 2",0,0,415,0,0,null,10,null,null,null,null,425,0,0,16,0,0,16,0,0,16,0,0,16,{"$f":"VLOOKUP(A869,'Pivot ECAST'!A:B,2,FALSE)","v":2},2,"18182012",0,0,0,0,0,0,0,0]
["1818901","1818901","Irving MME Mag","Magnet 2",0,0,730,0,0,null,50,null,null,null,null,780,0,0,28,0,0,28,0,0,27,0,0,27,{"$f":"VLOOKUP(A870,'Pivot ECAST'!A:B,2,FALSE)","v":1},1,"18189011",2,1,3,2,1,3,0,1]
["1820001","1820001","Los Angeles Acad MS","PHBAO",0,0,762,0,0,null,65,null,null,null,null,827,0,0,27,0,0,27,0,0,29,0,0,29,{"$f":"VLOOKUP(A871,'Pivot ECAST'!A:B,2,FALSE)","v":2},1,"18200011",2,2,3,2,2,4,0,0]
["1820001","1820002","Los Angeles Academy STEAM Magnet","Magnet 2",0,0,308,0,0,null,4,null,null,null,null,312,0,0,12,0,0,12,0,0,12,0,0,12,{"$f":"VLOOKUP(A872,'Pivot ECAST'!A:B,2,FALSE)","v":2},2,"18200012",0,0,0,0,0,0,0,0]
["1820601","1820601","RFK Sch Vis Arts/Hum","PHBAO",0,0,0,237,407,null,null,9,null,null,null,416,0,0,0,2,13,15,0,0,0,2,12,14,{"$f":"VLOOKUP(A873,'Pivot ECAST'!A:B,2,FALSE)","v":1},1,"18206011",1,1,2,1,1,2,0,0]
["1820701","1820701","Contreras LC ALC","PHBAO",0,0,0,269,449,null,null,12,null,null,null,461,0,0,0,2,14,16,0,0,0,2,13,15,{"$f":"VLOOKUP(A874,'Pivot ECAST'!A:B,2,FALSE)","v":1},1,"18207011",1,1,2,1,1,2,0,0]
["1820801","1820801","King Film/Media Mag","Magnet 2",0,0,1042,0,0,null,76,null,null,null,null,1118,0,0,40,0,0,40,0,0,38,0,0,38,{"$f":"VLOOKUP(A875,'Pivot ECAST'!A:B,2,FALSE)","v":3},1,"18208011",5,3,5,5,3,5,0,0]
["1820801","1820802","Thomas Starr King MS Gifted/Arts/Technology","Magnet 1",0,0,486,0,0,null,null,null,null,null,null,486,0,0,17,0,0,17,0,0,17,0,0,17,{"$f":"VLOOKUP(A876,'Pivot ECAST'!A:B,2,FALSE)","v":3},2,"18208012",0,0,0,0,0,0,0,0]
["1820801","1820803","King MS ESTEAM Magnet","Magnet 1",0,0,486,0,0,null,5,null,null,null,null,491,0,0,17,0,0,17,0,0,17,0,0,17,{"$f":"VLOOKUP(A877,'Pivot ECAST'!A:B,2,FALSE)","v":3},3,"18208013",0,0,0,0,0,0,0,0]
["1821701","1821701","Lawrence MS","PHBAO",0,0,717,0,0,null,52,null,null,null,null,769,0,0,26,0,0,26,0,0,28,0,0,28,{"$f":"VLOOKUP(A878,'Pivot ECAST'!A:B,2,FALSE)","v":3},1,"18217011",3,2,4,3,2,4,0,0]
["1821701","1821702","Ernest Lawrence MS Gifted Magnet","Magnet 2",0,0,425,0,0,null,null,null,null,null,null,425,0,0,16,0,0,16,0,0,15,0,0,15,{"$f":"VLOOKUP(A879,'Pivot ECAST'!A:B,2,FALSE)","v":3},2,"18217012",0,0,0,0,0,0,0,0]
["1821701","1821703","Lawrence MS Pioneering Science Magnet","Magnet 2",0,0,165,0,0,null,1,null,null,null,null,166,0,0,7,0,0,7,0,0,5,0,0,5,{"$f":"VLOOKUP(A880,'Pivot ECAST'!A:B,2,FALSE)","v":3},3,"18217013",0,0,0,0,0,0,0,0]
["1822601","1822601","Le Conte MS","PHBAO",0,0,385,0,0,null,34,null,null,null,null,419,0,0,14,0,0,14,0,0,14,0,0,14,{"$f":"VLOOKUP(A881,'Pivot ECAST'!A:B,2,FALSE)","v":3},1,"18226011",2,1,3,2,1,3,0,0]
["1822601","1822602","Le Conte HEAT Magnet","Magnet 2",0,0,154,0,0,null,2,null,null,null,null,156,0,0,6,0,0,6,0,0,7,0,0,7,{"$f":"VLOOKUP(A882,'Pivot ECAST'!A:B,2,FALSE)","v":3},2,"18226012",0,0,0,0,0,0,0,0]
["1822601","1822603","Le Conte CES CA Mag","Magnet 2",0,0,156,0,0,null,1,null,null,null,null,157,0,0,6,0,0,6,0,0,6,0,0,6,{"$f":"VLOOKUP(A883,'Pivot ECAST'!A:B,2,FALSE)","v":3},3,"18226013",0,0,0,0,0,0,0,0]
["1822801","1822801","Maclay MS","PHBAO",0,0,339,0,0,null,39,null,null,null,null,378,0,0,13,0,0,13,0,0,16,0,0,16,{"$f":"VLOOKUP(A884,'Pivot ECAST'!A:B,2,FALSE)","v":1},1,"18228011",1,0.5,2,1,1,2,0,0.5]
["1823001","1823001","Madison MS","PHBAO",0,0,828,0,0,null,92,null,null,null,null,920,0,0,29,0,0,29,0,0,29,0,0,29,{"$f":"VLOOKUP(A885,'Pivot ECAST'!A:B,2,FALSE)","v":3},1,"18230011",3,3,4,3,3,4,0,0]
["1823001","1823002","Madison M/S/Med Mag","Magnet 1",0,0,305,0,0,null,null,null,null,null,null,305,0,0,11,0,0,11,0,0,11,0,0,11,{"$f":"VLOOKUP(A886,'Pivot ECAST'!A:B,2,FALSE)","v":3},2,"18230012",0,0,0,0,0,0,0,0]
["1823001","1823003","Madison Computer Sci/Eng Design Magnet","Magnet 1",0,0,387,0,0,null,1,null,null,null,null,388,0,0,14,0,0,14,0,0,14,0,0,14,{"$f":"VLOOKUP(A887,'Pivot ECAST'!A:B,2,FALSE)","v":3},3,"18230013",0,0,0,0,0,0,0,0]
["1823501","1823501","Marina Del Rey MS","PHBAO",0,0,161,0,0,null,33,null,null,null,null,194,0,0,6,0,0,6,0,0,6,0,0,6,{"$f":"VLOOKUP(A888,'Pivot ECAST'!A:B,2,FALSE)","v":2},1,"18235011",1,1,2,1,1,2,0,0]
["1823501","1823502","Marina Del Rey PA Mg","Magnet 2",0,0,297,0,0,null,13,null,null,null,null,310,0,0,12,0,0,12,0,0,12,0,0,12,{"$f":"VLOOKUP(A889,'Pivot ECAST'!A:B,2,FALSE)","v":2},2,"18235012",0,0,0,0,0,0,0,0]
["1823701","1823701","Markham MS","PHBAO",0,0,437,0,0,null,92,null,null,null,null,529,0,0,17,0,0,17,0,0,17,0,0,17,{"$f":"VLOOKUP(A890,'Pivot ECAST'!A:B,2,FALSE)","v":2},1,"18237011",1,1,2,2,1,2,0,0]
["1823701","1823702","Markham Hlth CAR Mag","Magnet 2",0,0,142,0,0,null,null,null,null,null,null,142,0,0,6,0,0,6,0,0,7,0,0,7,{"$f":"VLOOKUP(A891,'Pivot ECAST'!A:B,2,FALSE)","v":2},2,"18237012",0,0,0,0,0,0,0,0]
["1823801","1823801","Robert A. Millikan Affiliated Chtr & PAM","Desegregated/Receiver",0,0,1025,0,0,null,48,null,null,null,null,1073,0,0,32,0,0,32,0,0,36,0,0,36,{"$f":"VLOOKUP(A892,'Pivot ECAST'!A:B,2,FALSE)","v":3},1,"18238011",3,2,5,3,2,5,0,0]
["1823801","1823802","Millikan Charter MS Performing Arts Mag","Magnet 1",0,0,443,0,0,null,4,null,null,null,null,447,0,0,16,0,0,16,0,0,16,0,0,16,{"$f":"VLOOKUP(A893,'Pivot ECAST'!A:B,2,FALSE)","v":3},2,"18238012",0,0,0,0,0,0,0,0]
["1823801","1823804","Millikan Charter MS Socl/Gndr Equity Mg","Magnet 1",0,0,143,0,0,null,null,null,null,null,null,143,0,0,5,0,0,5,0,0,3,0,0,3,{"$f":"VLOOKUP(A894,'Pivot ECAST'!A:B,2,FALSE)","v":3},3,"18238013",0,0,0,0,0,0,0,0]
["1824001","1824001","Mount Gleason MS","PHBAO",0,0,358,0,0,null,45,null,null,null,null,403,0,0,13,0,0,13,0,0,13,0,0,13,{"$f":"VLOOKUP(A895,'Pivot ECAST'!A:B,2,FALSE)","v":3},1,"18240011",2,2,3,2,2,3,0,0]
["1824001","1824002","Mount Gleason MS Gifted Magnet","Magnet 1",0,0,197,0,0,null,null,null,null,null,null,197,0,0,7,0,0,7,0,0,7,0,0,7,{"$f":"VLOOKUP(A896,'Pivot ECAST'!A:B,2,FALSE)","v":3},2,"18240012",0,0,0,0,0,0,0,0]
["1824001","1824003","Mount Gleason MS STEAM Magnet","Magnet 1",0,0,231,0,0,null,9,null,null,null,null,240,0,0,9,0,0,9,0,0,8,0,0,8,{"$f":"VLOOKUP(A897,'Pivot ECAST'!A:B,2,FALSE)","v":3},3,"18240013",0,0,0,0,0,0,0,0]
["1824501","1824501","Cochran MS","PHBAO",0,0,439,0,0,null,74,null,null,null,null,513,0,0,17,0,0,17,0,0,18,0,0,18,{"$f":"VLOOKUP(A898,'Pivot ECAST'!A:B,2,FALSE)","v":1},1,"18245011",1,1,2,1,1,2,0,0]
["1825501","1825501","Muir MS","PHBAO",0,0,483,0,0,null,61,null,null,null,null,544,0,0,18,0,0,18,0,0,19,0,0,19,{"$f":"VLOOKUP(A899,'Pivot ECAST'!A:B,2,FALSE)","v":2},1,{"$f":"A899&AD899","v":"18255011"},1,1,2,2,1,3,0,0]
["1825501","1825502","John Muir MS Science/Tech/Math Magnet","Magnet 2",0,0,139,0,0,null,1,null,null,null,null,140,0,0,6,0,0,6,0,0,6,0,0,6,{"$f":"VLOOKUP(A900,'Pivot ECAST'!A:B,2,FALSE)","v":2},2,"18255012",0,0,0,0,0,0,0,0]
["1825901","1825901","Mulholland MS","PHBAO",0,0,524,0,0,null,68,null,null,null,null,592,0,0,19,0,0,19,0,0,20,0,0,20,{"$f":"VLOOKUP(A901,'Pivot ECAST'!A:B,2,FALSE)","v":3},{"$f":"IF(A901=A900,AD900+1,1)","v":1},"18259011",2,2,4,3,2,4,0,0]
["1825901","1825902","Mulholland MS Police Academy","Magnet 2",0,0,349,0,0,null,8,null,null,null,null,357,0,0,14,0,0,14,0,0,13,0,0,13,{"$f":"VLOOKUP(A902,'Pivot ECAST'!A:B,2,FALSE)","v":3},2,"18259012",0,0,0,0,0,0,0,0]
["1825901","1825903","Mulholland Robotics Magnet","Magnet 2",0,0,372,0,0,null,13,null,null,null,null,385,0,0,14,0,0,14,0,0,14,0,0,14,{"$f":"VLOOKUP(A903,'Pivot ECAST'!A:B,2,FALSE)","v":3},3,"18259013",0,0,0,0,0,0,0,0]
["1826401","1826401","Nightingale MS","PHBAO",0,0,264,0,0,null,75,null,null,null,null,339,0,0,10,0,0,10,0,0,10,0,0,10,{"$f":"VLOOKUP(A904,'Pivot ECAST'!A:B,2,FALSE)","v":4},1,"18264011",2,2,3,2,2,3,0,0]
["1826401","1826402","Nightingale BET Magnet","Magnet 2",0,0,283,0,0,null,null,null,null,null,null,283,0,0,11,0,0,11,0,0,11,0,0,11,{"$f":"VLOOKUP(A905,'Pivot ECAST'!A:B,2,FALSE)","v":4},2,"18264012",0,0,0,0,0,0,0,0]
["1826401","1826403","Florence Nightingale MS Gifted STEM Magnet","Magnet 2",0,0,99,0,0,null,null,null,null,null,null,99,0,0,4,0,0,4,0,0,4,0,0,4,{"$f":"VLOOKUP(A906,'Pivot ECAST'!A:B,2,FALSE)","v":4},3,"18264013",0,0,0,0,0,0,0,0]
["1826401","1826404","Nightingale MS Med/Hea/Kinesiology Mag","Magnet 2",0,0,117,0,0,null,null,null,null,null,null,117,0,0,5,0,0,5,0,0,5,0,0,5,{"$f":"VLOOKUP(A907,'Pivot ECAST'!A:B,2,FALSE)","v":4},4,"18264014",0,0,0,0,0,0,0,0]
["1826801","1826801","Nimitz MS","PHBAO",0,0,728,0,0,null,98,null,null,null,null,826,0,0,26,0,0,26,0,0,28,0,0,28,{"$f":"VLOOKUP(A908,'Pivot ECAST'!A:B,2,FALSE)","v":2},1,"18268011",2,2,4,2,2,4,0,0]
["1826801","1826802","Chester W Nimitz MS Science/Technology/Math","Magnet 2",0,0,453,0,0,null,1,null,null,null,null,454,0,0,17,0,0,17,0,0,16,0,0,16,{"$f":"VLOOKUP(A909,'Pivot ECAST'!A:B,2,FALSE)","v":2},2,"18268012",0,0,0,0,0,0,0,0]
["1827201","1827201","Alfred B. Nobel Charter Middle","PHBAO",0,0,1281,0,0,null,11,null,null,null,null,1292,0,0,45,0,0,45,0,0,48,0,0,48,{"$f":"VLOOKUP(A910,'Pivot ECAST'!A:B,2,FALSE)","v":2},1,"18272011",5,3,6,5,3,6,0,0]
["1827201","1827202","Nobel Charter MS STEAM Magnet","Magnet 1",0,0,948,0,0,null,null,null,null,null,null,948,0,0,33,0,0,33,0,0,31,0,0,31,{"$f":"VLOOKUP(A911,'Pivot ECAST'!A:B,2,FALSE)","v":2},2,"18272012",0,0,0,0,0,0,0,0]
["1828301","1828301","Northridge MS","PHBAO",0,0,478,0,0,null,80,null,null,null,null,558,0,0,18,0,0,18,0,0,19,0,0,19,{"$f":"VLOOKUP(A912,'Pivot ECAST'!A:B,2,FALSE)","v":2},1,"18283011",2,1,3,2,2,3,0,1]
["1828301","1828303","Northridge MS Medical/Health Careers Mag","Magnet 2",0,0,221,0,0,null,3,null,null,null,null,224,0,0,9,0,0,9,0,0,9,0,0,9,{"$f":"VLOOKUP(A913,'Pivot ECAST'!A:B,2,FALSE)","v":2},2,"18283012",0,0,0,0,0,0,0,0]
["1830601","1830601","Olive Vista MS","PHBAO",0,0,697,0,0,null,117,null,null,null,null,814,0,0,25,0,0,25,0,0,25,0,0,25,{"$f":"VLOOKUP(A914,'Pivot ECAST'!A:B,2,FALSE)","v":2},1,"18306011",2,2,3,2,2,4,0,0]
["1830601","1830602","Olive Vista MS STEAM Magnet","Magnet 2",0,0,372,0,0,null,7,null,null,null,null,379,0,0,14,0,0,14,0,0,14,0,0,14,{"$f":"VLOOKUP(A915,'Pivot ECAST'!A:B,2,FALSE)","v":2},2,"18306012",0,0,0,0,0,0,0,0]
["1832101","1832101","Pacoima MS","PHBAO",0,0,606,0,0,null,39,null,null,null,null,645,0,0,22,0,0,22,0,0,23,0,0,23,{"$f":"VLOOKUP(A916,'Pivot ECAST'!A:B,2,FALSE)","v":3},1,"18321011",2,2,3,2,2,3,0,0]
["1832101","1832102","Pacoima MS Film/Media/Perf Arts Magnet","Magnet 2",0,0,258,0,0,null,5,null,null,null,null,263,0,0,10,0,0,10,0,0,10,0,0,10,{"$f":"VLOOKUP(A917,'Pivot ECAST'!A:B,2,FALSE)","v":3},2,"18321012",0,0,0,0,0,0,0,0]
["1832101","1832103","Pacoima MS Computer Science/Math Magnet","Magnet 2",0,0,158,0,0,null,null,null,null,null,null,158,0,0,6,0,0,6,0,0,6,0,0,6,{"$f":"VLOOKUP(A918,'Pivot ECAST'!A:B,2,FALSE)","v":3},3,"18321013",0,0,0,0,0,0,0,0]
["1834001","1834001","Palms MS","PHBAO",0,0,500,0,0,null,47,null,null,null,null,547,0,0,18,0,0,18,0,0,25,0,0,25,{"$f":"VLOOKUP(A919,'Pivot ECAST'!A:B,2,FALSE)","v":3},1,"18340011",2,2,4,2,2,4,0,0]
["1834001","1834002","Palms MS Gifted Magnet","Magnet 1",0,0,546,0,0,null,null,null,null,null,null,546,0,0,19,0,0,19,0,0,19,0,0,19,{"$f":"VLOOKUP(A920,'Pivot ECAST'!A:B,2,FALSE)","v":3},2,"18340012",0,0,0,0,0,0,0,0]
["1834001","1834003","PalMS MS Modern Media/Comm. Magnet","Magnet 2",0,0,229,0,0,null,null,null,null,null,null,229,0,0,9,0,0,9,0,0,0,0,0,0,{"$f":"VLOOKUP(A921,'Pivot ECAST'!A:B,2,FALSE)","v":3},3,"18340013",0,0,0,0,0,0,0,0]
["1834401","1834401","Woodland Hills Acad","PHBAO",0,0,553,0,0,null,33,null,null,null,null,586,0,0,20,0,0,20,0,0,21,0,0,21,{"$f":"VLOOKUP(A922,'Pivot ECAST'!A:B,2,FALSE)","v":2},1,"18344011",1,1,2,1,1,2,0,0]
["1834401","1834402","Woodland Hills Academy Humanities Magnet","Magnet 2",0,0,41,0,0,null,null,null,null,null,null,41,0,0,2,0,0,2,0,0,0,0,0,0,{"$f":"VLOOKUP(A923,'Pivot ECAST'!A:B,2,FALSE)","v":2},2,"18344012",0,0,0,0,0,0,0,0]
["1835201","1835201","Peary MS","PHBAO",0,0,770,0,0,null,85,null,null,null,null,855,0,0,27,0,0,27,0,0,28,0,0,28,{"$f":"VLOOKUP(A924,'Pivot ECAST'!A:B,2,FALSE)","v":3},1,"18352011",2,2,4,2,2,4,0,0]
["1835201","1835202","Peary MS STEAM Magnet","Magnet 2",0,0,285,0,0,null,7,null,null,null,null,292,0,0,11,0,0,11,0,0,10,0,0,10,{"$f":"VLOOKUP(A925,'Pivot ECAST'!A:B,2,FALSE)","v":3},2,"18352012",0,0,0,0,0,0,0,0]
["1835201","1835203","Peary MS Gifted Magnet","Magnet 2",0,0,72,0,0,null,null,null,null,null,null,72,0,0,3,0,0,3,0,0,2,0,0,2,{"$f":"VLOOKUP(A926,'Pivot ECAST'!A:B,2,FALSE)","v":3},3,"18352013",0,0,0,0,0,0,0,0]
["1835401","1835401","Porter MS","PHBAO",0,0,634,0,0,null,47,null,null,null,null,681,0,0,23,0,0,23,0,0,25,0,0,25,{"$f":"VLOOKUP(A927,'Pivot ECAST'!A:B,2,FALSE)","v":2},1,"18354011",2,2,4,2,2,4,0,0]
["1835401","1835402","George K Porter MS Gifted Magnet","Magnet 2",0,0,531,0,0,null,null,null,null,null,null,531,0,0,20,0,0,20,0,0,20,0,0,20,{"$f":"VLOOKUP(A928,'Pivot ECAST'!A:B,2,FALSE)","v":2},2,"18354012",0,0,0,0,0,0,0,0]
["1835501","1835501","Reed MS","Desegregated/Receiver",0,0,1587,0,0,null,58,null,null,null,null,1645,0,0,50,0,0,50,0,0,50,0,0,50,{"$f":"VLOOKUP(A929,'Pivot ECAST'!A:B,2,FALSE)","v":1},1,"18355011",3,2,4,3,2,5,0,0]
["1835601","1835601","Revere MS","Desegregated/Receiver",0,0,1515,0,0,null,41,null,null,null,null,1556,0,0,48,0,0,48,0,0,48,0,0,48,{"$f":"VLOOKUP(A930,'Pivot ECAST'!A:B,2,FALSE)","v":2},1,"18356011",4,3,5,4,3,5,0,0]
["1835601","1835602","Paul Revere Charter MS Science/Tech/Math","Magnet 1",0,0,419,0,0,null,15,null,null,null,null,434,0,0,15,0,0,15,0,0,15,0,0,15,{"$f":"VLOOKUP(A931,'Pivot ECAST'!A:B,2,FALSE)","v":2},2,"18356012",0,0,0,0,0,0,0,0]
["1835801","1835801","San Fernando MS","PHBAO",0,0,507,0,0,null,72,null,null,null,null,579,0,0,19,0,0,19,0,0,21,0,0,21,{"$f":"VLOOKUP(A932,'Pivot ECAST'!A:B,2,FALSE)","v":1},1,"18358011",1,1,2,1,1,2,0,0]
["1836301","1836301","Sepulveda MS","PHBAO",0,0,565,0,0,null,99,null,null,null,null,664,0,0,20,0,0,20,0,0,26,0,0,26,{"$f":"VLOOKUP(A933,'Pivot ECAST'!A:B,2,FALSE)","v":3},1,"18363011",2,2,3,2,2,3,0,0]
["1836301","1836302","Francisco Sepulveda MS Gifted Magnet","Magnet 2",0,0,303,0,0,null,null,null,null,null,null,303,0,0,12,0,0,12,0,0,13,0,0,13,{"$f":"VLOOKUP(A934,'Pivot ECAST'!A:B,2,FALSE)","v":3},2,"18363012",0,0,0,0,0,0,0,0]
["1836301","1836303","Sepulveda MS Kine/Sports Medicine Magnet","Magnet 2",0,0,192,0,0,null,null,null,null,null,null,192,0,0,8,0,0,8,0,0,0,0,0,0,{"$f":"VLOOKUP(A935,'Pivot ECAST'!A:B,2,FALSE)","v":3},3,"18363013",0,0,0,0,0,0,0,0]
["1837701","1837701","South Gate MS","PHBAO",0,0,1081,0,0,null,95,null,null,null,null,1176,0,0,38,0,0,38,0,0,41,0,0,41,{"$f":"VLOOKUP(A936,'Pivot ECAST'!A:B,2,FALSE)","v":2},1,"18377011",3,2,4,3,3,5,0,1]
["1837701","1837702","South Gate MS Science/Tech/Math Magnet","Magnet 2",0,0,372,0,0,null,null,null,null,null,null,372,0,0,14,0,0,14,0,0,14,0,0,14,{"$f":"VLOOKUP(A937,'Pivot ECAST'!A:B,2,FALSE)","v":2},2,"18377012",0,0,0,0,0,0,0,0]
["1838701","1838701","Robert L Stevenson College & Career Prep","PHBAO",0,0,618,0,0,null,109,null,null,null,null,727,0,0,22,0,0,22,0,0,24,0,0,24,{"$f":"VLOOKUP(A938,'Pivot ECAST'!A:B,2,FALSE)","v":3},1,"18387011",2,2,3,2,2,3,0,0]
["1838701","1838702","Stevenson Col & Car Prep Gifted Magnet","Magnet 2",0,0,138,0,0,null,null,null,null,null,null,138,0,0,6,0,0,6,0,0,6,0,0,6,{"$f":"VLOOKUP(A939,'Pivot ECAST'!A:B,2,FALSE)","v":3},2,"18387012",0,0,0,0,0,0,0,0]
["1838701","1838703","Stevenson Col & Car Prep Ca Magnet","Magnet 2",0,0,171,0,0,null,2,null,null,null,null,173,0,0,7,0,0,7,0,0,6,0,0,6,{"$f":"VLOOKUP(A940,'Pivot ECAST'!A:B,2,FALSE)","v":3},3,"18387013",0,0,0,0,0,0,0,0]
["1839001","1839001","Walnut Park MS SJ/SL","PHBAO",0,0,476,0,0,null,8,null,null,null,null,484,0,0,17,0,0,17,0,0,17,0,0,17,{"$f":"VLOOKUP(A941,'Pivot ECAST'!A:B,2,FALSE)","v":1},1,"18390011",1,1,2,1,1,2,0,0]
["1839601","1839601","Sun Valley ET Mag","Magnet 2",0,0,426,0,0,null,20,null,null,null,null,446,0,0,16,0,0,16,0,0,16,0,0,16,{"$f":"VLOOKUP(A942,'Pivot ECAST'!A:B,2,FALSE)","v":3},1,"18396011",3,2,4,3,2,4,0,0]
["1839601","1839602","Sun Valley ES Mag","Magnet 2",0,0,329,0,0,null,48,null,null,null,null,377,0,0,13,0,0,13,0,0,13,0,0,13,{"$f":"VLOOKUP(A943,'Pivot ECAST'!A:B,2,FALSE)","v":3},2,"18396012",0,0,0,0,0,0,0,0]
["1839601","1839603","Sun Valley BSEL Mag","Magnet 2",0,0,239,0,400,null,10,null,null,null,null,649,0,0,9,0,15,24,0,0,9,0,15,24,{"$f":"VLOOKUP(A944,'Pivot ECAST'!A:B,2,FALSE)","v":3},3,"18396013",0,0,0,0,0,0,0,0]
["1840601","1840601","Sutter MS","PHBAO",0,0,466,0,0,null,118,null,null,null,null,584,0,0,17,0,0,17,0,0,20,0,0,20,{"$f":"VLOOKUP(A945,'Pivot ECAST'!A:B,2,FALSE)","v":2},1,"18406011",2,2,3,2,2,3,0,0]
["1840601","1840602","Sutter MS STEAM Magnet","Magnet 2",0,0,253,0,0,null,3,null,null,null,null,256,0,0,10,0,0,10,0,0,7,0,0,7,{"$f":"VLOOKUP(A946,'Pivot ECAST'!A:B,2,FALSE)","v":2},2,"18406012",0,0,0,0,0,0,0,0]
["1842501","1842501","Mark Twain MS","PHBAO",0,0,648,0,0,null,32,null,null,null,null,680,0,0,23,0,0,23,0,0,21,0,0,21,{"$f":"VLOOKUP(A947,'Pivot ECAST'!A:B,2,FALSE)","v":2},1,"18425011",2,2,3,2,2,3,2,0]
["1842501","1842502","Mark Twain WL Mag","Magnet 2",0,0,178,0,0,null,7,null,null,null,null,185,0,0,7,0,0,7,0,0,7,0,0,7,{"$f":"VLOOKUP(A948,'Pivot ECAST'!A:B,2,FALSE)","v":2},2,"18425012",0,0,0,0,0,0,0,0]
["1843401","1843401","Van Nuys MS","PHBAO",0,0,620,0,0,null,67,null,null,null,null,687,0,0,22,0,0,22,0,0,23,0,0,23,{"$f":"VLOOKUP(A949,'Pivot ECAST'!A:B,2,FALSE)","v":2},1,"18434011",2,2,3,2,2,3,0,0]
["1843401","1843402","Van Nuys MS STEAM Magnet","Magnet 2",0,0,282,0,0,null,5,null,null,null,null,287,0,0,11,0,0,11,0,0,11,0,0,11,{"$f":"VLOOKUP(A950,'Pivot ECAST'!A:B,2,FALSE)","v":2},2,"18434012",0,0,0,0,0,0,0,0]
["1846201","1846201","Virgil MS","PHBAO",0,0,613,0,0,null,119,null,null,null,null,732,0,0,22,0,0,22,0,0,23,0,0,23,{"$f":"VLOOKUP(A951,'Pivot ECAST'!A:B,2,FALSE)","v":2},1,"18462011",2,2,3,2,2,3,0,0]
["1846201","1846202","Virgil Med & Health Sci Magnet","Magnet 2",0,0,399,0,0,null,null,null,null,null,null,399,0,0,15,0,0,15,0,0,15,0,0,15,{"$f":"VLOOKUP(A952,'Pivot ECAST'!A:B,2,FALSE)","v":2},2,"18462012",0,0,0,0,0,0,0,0]
["1848101","1848101","Webster MS","PHBAO",0,0,197,0,0,null,48,null,null,null,null,245,0,0,8,0,0,8,0,0,9,0,0,9,{"$f":"VLOOKUP(A953,'Pivot ECAST'!A:B,2,FALSE)","v":2},1,"18481011",1,1,2,1,1,2,1,0]
["1848101","1848102","Webster MS STEAM Magnet","Magnet 2",0,0,198,0,0,null,5,null,null,null,null,203,0,0,8,0,0,8,0,0,8,0,0,8,{"$f":"VLOOKUP(A954,'Pivot ECAST'!A:B,2,FALSE)","v":2},2,"18481012",0,0,0,0,0,0,0,0]
["1848701","1848701","White MS","PHBAO",0,0,1066,0,0,null,111,null,null,null,null,1177,0,0,38,0,0,38,0,0,38,0,0,38,{"$f":"VLOOKUP(A955,'Pivot ECAST'!A:B,2,FALSE)","v":2},1,"18487011",3,3,5,3,3,5,0,0]
["1848701","1848702","White STEAM Magnet","Magnet 2",0,0,480,0,0,null,4,null,null,null,null,484,0,0,18,0,0,18,0,0,18,0,0,18,{"$f":"VLOOKUP(A956,'Pivot ECAST'!A:B,2,FALSE)","v":2},2,"18487012",0,0,0,0,0,0,0,0]
["1849001","1849001","Wilmington MS STEAM Magnet","Magnet 2",0,0,1510,0,0,null,120,null,null,null,null,1630,0,0,57,0,0,57,0,0,57,0,0,57,{"$f":"VLOOKUP(A957,'Pivot ECAST'!A:B,2,FALSE)","v":1},1,"18490011",3,3,4,3,3,5,0,0]
["1849301","1849301","Wright Eng & Design Magnet","Magnet 2",0,0,461,0,0,null,44,null,null,null,null,505,0,0,18,0,0,18,0,0,18,0,0,18,{"$f":"VLOOKUP(A958,'Pivot ECAST'!A:B,2,FALSE)","v":2},1,"18493011",1,1,2,1,1,2,0,0]
["1849301","1849303","Wright MS Gifted Magnet","Magnet 2",0,0,85,0,0,null,null,null,null,null,null,85,0,0,4,0,0,4,0,0,3,0,0,3,{"$f":"VLOOKUP(A959,'Pivot ECAST'!A:B,2,FALSE)","v":2},2,"18493012",0,0,0,0,0,0,0,0]
["1850101","1850101","RFK LA SH Arts","PHBAO",0,0,0,219,425,null,null,5,null,null,null,430,0,0,0,2,13,15,0,0,0,2,13,15,{"$f":"VLOOKUP(A960,'Pivot ECAST'!A:B,2,FALSE)","v":1},1,"18501011",1,1,2,1,1,2,0,0]
["1851301","1851301","Northridge Acad SH","PHBAO",0,0,0,446,892,null,null,47,null,null,null,939,0,0,0,3,27,30,0,0,0,3,27,30,{"$f":"VLOOKUP(A961,'Pivot ECAST'!A:B,2,FALSE)","v":1},1,"18513011",2,2,3,2,2,3,0,0]
["1851601","1851601","Cortines Sch Of VPA","PHBAO",0,0,0,592,1113,null,null,40,null,null,null,1153,0,0,0,4,33,37,0,0,0,4,33,37,{"$f":"VLOOKUP(A962,'Pivot ECAST'!A:B,2,FALSE)","v":1},1,"18516011",2,2,3,2,2,3,2,0]
["1851701","1851701","Contreras Bus Tour","PHBAO",0,0,0,277,427,null,null,25,null,null,null,452,0,0,0,2,13,15,0,0,0,2,12,14,{"$f":"VLOOKUP(A963,'Pivot ECAST'!A:B,2,FALSE)","v":1},1,{"$f":"A963&AD963","v":"18517011"},1,1,2,1,1,2,0,0]
["1851801","1851801","Dr. R.A. Vladovic Harbor Tchr Prep Acad","PHBAO",0,0,0,254,476,null,null,null,null,null,null,476,0,0,0,2,15,17,0,0,0,2,14,16,{"$f":"VLOOKUP(A964,'Pivot ECAST'!A:B,2,FALSE)","v":1},1,"18518011",1,1,2,1,1,2,0,0]
["1852701","1852701","Contreras LC Soc Jus","PHBAO",0,0,0,320,497,null,null,null,null,null,null,497,0,0,0,2,15,17,0,0,0,2,14,16,{"$f":"VLOOKUP(A965,'Pivot ECAST'!A:B,2,FALSE)","v":1},{"$f":"IF(A965=A964,AD964+1,1)","v":1},"18527011",1,1,2,1,1,2,0,0]
["1852901","1852901","Banning SH","PHBAO",0,0,0,865,1494,null,null,172,null,null,null,1666,0,0,0,5,45,50,0,0,0,5,46,51,{"$f":"VLOOKUP(A966,'Pivot ECAST'!A:B,2,FALSE)","v":5},1,"18529011",5,4,6,5,4,6,2,0]
["1852901","1852902","Banning HS College Preparatory Magnet","Magnet 2",0,0,0,0,400,null,null,1,null,null,null,401,0,0,0,0,15,15,0,0,0,0,15,15,{"$f":"VLOOKUP(A967,'Pivot ECAST'!A:B,2,FALSE)","v":5},2,"18529012",0,0,0,0,0,0,0,0]
["1852901","1852907","Phineas Banning Senior High Firefighter","Magnet 2",0,0,0,0,175,null,null,3,null,null,null,178,0,0,0,0,7,7,0,0,0,0,7,7,{"$f":"VLOOKUP(A968,'Pivot ECAST'!A:B,2,FALSE)","v":5},3,"18529013",0,0,0,0,0,0,0,0]
["1852901","1852908","Phineas Banning Senior High STEAM Magnet","Magnet 2",0,0,0,0,139,null,null,null,null,null,null,139,0,0,0,0,6,6,0,0,0,0,5,5,{"$f":"VLOOKUP(A969,'Pivot ECAST'!A:B,2,FALSE)","v":5},4,"18529014",0,0,0,0,0,0,0,0]
["1852901","1852909","Banning HS Police Academy Magnet","Magnet 2",0,0,0,0,21,null,null,null,null,null,null,21,0,0,0,0,1,1,0,0,0,0,0,0,{"$f":"VLOOKUP(A970,'Pivot ECAST'!A:B,2,FALSE)","v":5},5,"18529015",0,0,0,0,0,0,0,0]
["1853601","1853601","Bell SH","PHBAO",0,0,0,1002,1559,null,null,41,null,null,null,1600,0,0,0,6,47,53,0,0,0,5,48,53,{"$f":"VLOOKUP(A971,'Pivot ECAST'!A:B,2,FALSE)","v":2},1,"18536011",5,4,6,5,4,6,0,0]
["1853601","1853614","Bell SH Gifted Science/Tech/Eng/Math Mag","Magnet 2",0,0,0,0,640,null,null,null,null,null,null,640,0,0,0,0,24,24,0,0,0,0,24,24,{"$f":"VLOOKUP(A972,'Pivot ECAST'!A:B,2,FALSE)","v":2},2,"18536012",0,0,0,0,0,0,0,0]
["1854301","1854301","Belmont SH","PHBAO",0,0,0,399,689,null,null,63,null,null,null,752,0,0,0,3,21,24,0,0,0,2,21,23,{"$f":"VLOOKUP(A973,'Pivot ECAST'!A:B,2,FALSE)","v":1},1,"18543011",2,2,3,2,2,3,2,0]
["1854401","1854401","Roybal LC","PHBAO",0,0,0,408,685,null,null,64,null,null,null,749,0,0,0,3,21,24,0,0,0,2,22,24,{"$f":"VLOOKUP(A974,'Pivot ECAST'!A:B,2,FALSE)","v":2},1,"18544011",2,2,3,2,2,3,0,0]
["1854401","1854406","Roybal LC Innov Cine Arts/Music Prod Mag","Magnet 2",0,0,0,0,66,null,null,null,null,null,null,66,0,0,0,0,3,3,0,0,0,0,2,2,{"$f":"VLOOKUP(A975,'Pivot ECAST'!A:B,2,FALSE)","v":2},2,"18544012",0,0,0,0,0,0,0,0]
["1855801","1855801","Pearl Journ/Comm Mag","Magnet 1",0,0,0,0,310,null,null,1,null,null,null,311,0,0,0,0,11,11,0,0,0,0,11,11,{"$f":"VLOOKUP(A976,'Pivot ECAST'!A:B,2,FALSE)","v":1},1,"18558011",1,0.5,2,1,0.5,2,0,0]
["1857101","1857101","Canoga Park SH","PHBAO",0,0,0,473,846,null,null,114,null,null,null,960,0,0,0,3,26,29,0,0,0,3,26,29,{"$f":"VLOOKUP(A977,'Pivot ECAST'!A:B,2,FALSE)","v":3},1,"18571011",3,3,4,3,3,4,0,0]
["1857101","1857102","Canoga Park HS Eng & Env/Vet Sci Magnet","Magnet 2",0,0,0,0,212,null,null,2,null,null,null,214,0,0,0,0,8,8,0,0,0,0,8,8,{"$f":"VLOOKUP(A978,'Pivot ECAST'!A:B,2,FALSE)","v":3},2,"18571012",0,0,0,0,0,0,0,0]
["1857101","1857106","Canoga Park HS Comm Arts/Media Magnet","Magnet 2",0,0,0,0,215,null,null,2,null,null,null,217,0,0,0,0,9,9,0,0,0,0,8,8,{"$f":"VLOOKUP(A979,'Pivot ECAST'!A:B,2,FALSE)","v":3},3,"18571013",0,0,0,0,0,0,0,0]
["1857501","1857501","Carson SH","PHBAO",0,0,0,757,1409,null,null,88,null,null,null,1497,0,0,0,4,42,46,0,0,0,4,41,45,{"$f":"VLOOKUP(A980,'Pivot ECAST'!A:B,2,FALSE)","v":1},1,"18575011",3,3,4,3,3,4,0,0]
["1857701","1857701","Sotomayor Art/Sciences Magnet","Magnet 2",0,0,259,0,438,null,null,28,null,null,null,725,0,0,10,0,17,27,0,0,10,0,16,26,{"$f":"VLOOKUP(A981,'Pivot ECAST'!A:B,2,FALSE)","v":1},1,"18577011",2,2,3,2,2,3,1,0]
["1858301","1858301","Chatsworth Chtr HS","PHBAO",0,0,0,734,1454,null,null,118,null,null,null,1572,0,0,0,4,44,48,0,0,0,4,45,49,{"$f":"VLOOKUP(A982,'Pivot ECAST'!A:B,2,FALSE)","v":2},1,"18583011",3,3,4,3,3,4,0,0]
["1858301","1858309","Chatsworth Charter HS GSTEAM Magnet","Magnet 2",0,0,0,0,86,null,null,null,null,null,null,86,0,0,0,0,4,4,0,0,0,0,0,0,{"$f":"VLOOKUP(A983,'Pivot ECAST'!A:B,2,FALSE)","v":2},2,"18583012",0,0,0,0,0,0,0,0]
["1859001","1859001","Cleveland Chtr HS","PHBAO",0,0,0,1025,1741,null,null,114,null,null,null,1855,0,0,0,6,52,58,0,0,0,6,55,61,{"$f":"VLOOKUP(A984,'Pivot ECAST'!A:B,2,FALSE)","v":3},1,"18590011",5,5,7,5,5,8,0,0]
["1859001","1859002","Cleveland Human Mag","Magnet 1",0,0,0,0,860,null,null,null,null,null,null,860,0,0,0,0,30,30,0,0,0,0,30,30,{"$f":"VLOOKUP(A985,'Pivot ECAST'!A:B,2,FALSE)","v":3},2,"18590012",0,0,0,0,0,0,0,0]
["1859001","1859007","Cleveland Charter HS GMS Magnet","Magnet 1",0,0,0,0,265,null,null,2,null,null,null,267,0,0,0,0,10,10,0,0,0,0,7,7,{"$f":"VLOOKUP(A986,'Pivot ECAST'!A:B,2,FALSE)","v":3},3,"18590013",0,0,0,0,0,0,0,0]
["1859601","1859601","Crenshaw STEMM Mag","Magnet 2",0,0,0,0,636,null,null,77,null,null,null,713,0,0,0,0,24,24,0,0,0,0,23,23,{"$f":"VLOOKUP(A987,'Pivot ECAST'!A:B,2,FALSE)","v":1},1,"18596011",2,2,3,1,2,2,0,0]
["1860001","1860001","Dorsey SH","PHBAO",0,0,0,193,384,null,null,102,null,null,null,486,0,0,0,2,12,14,0,0,0,2,14,16,{"$f":"VLOOKUP(A988,'Pivot ECAST'!A:B,2,FALSE)","v":4},1,"18600011",2,2,3,2,2,3,0,0]
["1860001","1860002","Susan Miller Dorsey SH Science/Tech/Math","Magnet 2",0,0,0,0,108,null,null,3,null,null,null,111,0,0,0,0,5,5,0,0,0,0,4,4,{"$f":"VLOOKUP(A989,'Pivot ECAST'!A:B,2,FALSE)","v":4},2,"18600012",0,0,0,0,0,0,0,0]
["1860001","1860003","Susan Miller Dorsey SH Law/Public Srv/Po","Magnet 2",0,0,0,0,123,null,null,2,null,null,null,125,0,0,0,0,5,5,0,0,0,0,5,5,{"$f":"VLOOKUP(A990,'Pivot ECAST'!A:B,2,FALSE)","v":4},3,"18600013",0,0,0,0,0,0,0,0]
["1860001","1860009","Dorsey HS Firefighter/EMS Magnet","Magnet 2",0,0,0,0,84,null,null,null,null,null,null,84,0,0,0,0,4,4,0,0,0,0,0,0,{"$f":"VLOOKUP(A991,'Pivot ECAST'!A:B,2,FALSE)","v":4},4,"18600014",0,0,0,0,0,0,0,0]
["1860601","1860601","Torres ELA PA Mag","Magnet 2",0,0,0,0,403,null,null,20,null,null,null,423,0,0,0,0,16,16,0,0,0,0,16,16,{"$f":"VLOOKUP(A992,'Pivot ECAST'!A:B,2,FALSE)","v":1},1,"18606011",1,1,2,1,1,2,0,0]
["1860701","1860701","East Valley SH","PHBAO",0,0,0,238,422,null,null,71,null,null,null,493,0,0,0,2,13,15,0,0,0,2,13,15,{"$f":"VLOOKUP(A993,'Pivot ECAST'!A:B,2,FALSE)","v":1},1,"18607011",1,1,2,1,1,2,0,0]
["1860901","1860901","Arleta SH","PHBAO",0,0,0,647,1212,null,null,73,null,null,null,1285,0,0,0,4,36,40,0,0,0,4,37,41,{"$f":"VLOOKUP(A994,'Pivot ECAST'!A:B,2,FALSE)","v":1},1,"18609011",2,2,4,2,2,4,0,0]
["1861001","1861001","Panorama SH","PHBAO",0,0,0,651,1048,null,null,83,null,null,null,1131,0,0,0,4,32,36,0,0,0,3,31,34,{"$f":"VLOOKUP(A995,'Pivot ECAST'!A:B,2,FALSE)","v":3},1,"18610011",3,2,4,2,2,4,0,1]
["1861001","1861007","Panorama HS Sports Med/Info Tech Magnet","Magnet 2",0,0,0,0,182,null,null,10,null,null,null,192,0,0,0,0,7,7,0,0,0,0,5,5,{"$f":"VLOOKUP(A996,'Pivot ECAST'!A:B,2,FALSE)","v":3},2,"18610012",0,0,0,0,0,0,0,0]
["1861001","1861008","Panorama HS Gifted STEAM Magnet","Magnet 2",0,0,0,0,51,null,null,null,null,null,null,51,0,0,0,0,2,2,0,0,0,0,0,0,{"$f":"VLOOKUP(A997,'Pivot ECAST'!A:B,2,FALSE)","v":3},3,"18610013",0,0,0,0,0,0,0,0]
["1861101","1861101","Mendez SH","PHBAO",0,0,0,474,892,null,null,91,null,null,null,983,0,0,0,3,27,30,0,0,0,3,27,30,{"$f":"VLOOKUP(A998,'Pivot ECAST'!A:B,2,FALSE)","v":1},1,"18611011",2,2,3,2,2,3,0,0]
["1861401","1861401","Eagle Rock HS","PHBAO",0,0,382,573,1075,null,8,85,null,null,null,1550,0,0,14,4,32,50,0,0,15,3,30,48,{"$f":"VLOOKUP(A999,'Pivot ECAST'!A:B,2,FALSE)","v":2},1,"18614011",5,4,6,5,4,6,0,0]
["1861401","1861402","Eagle Rock High School Gifted Magnet","Magnet 1",0,0,230,0,460,null,null,null,null,null,null,690,0,0,8,0,16,24,0,0,8,0,16,24,{"$f":"VLOOKUP(A1000,'Pivot ECAST'!A:B,2,FALSE)","v":2},2,"18614012",0,0,0,0,0,0,0,0]
["1861801","1861801","Wilson SH","PHBAO",0,0,0,580,855,null,null,114,null,null,null,969,0,0,0,4,26,30,0,0,0,3,26,29,{"$f":"VLOOKUP(A1001,'Pivot ECAST'!A:B,2,FALSE)","v":4},1,"18618011",3,3,4,3,3,4,1,0]
["1861801","1861802","Wilson Police Acd Mg","Magnet 2",0,0,0,0,117,null,null,5,null,null,null,122,0,0,0,0,5,5,0,0,0,0,5,5,{"$f":"VLOOKUP(A1002,'Pivot ECAST'!A:B,2,FALSE)","v":4},2,"18618012",0,0,0,0,0,0,0,0]
["1861801","1861803","Wilson Adm/Law Mag","Magnet 2",0,0,0,0,212,null,null,2,null,null,null,214,0,0,0,0,8,8,0,0,0,0,8,8,{"$f":"VLOOKUP(A1003,'Pivot ECAST'!A:B,2,FALSE)","v":4},3,"18618013",0,0,0,0,0,0,0,0]
["1861801","1861810","Woodrow Wilson Senior High Firefighter Mag","Magnet 2",0,0,0,0,101,null,null,null,null,null,null,101,0,0,0,0,4,4,0,0,0,0,4,4,{"$f":"VLOOKUP(A1004,'Pivot ECAST'!A:B,2,FALSE)","v":4},4,"18618014",0,0,0,0,0,0,0,0]
["1862101","1862101","Fairfax SH","PHBAO",0,0,0,569,1038,null,null,101,null,null,null,1139,0,0,0,3,31,34,0,0,0,4,33,37,{"$f":"VLOOKUP(A1005,'Pivot ECAST'!A:B,2,FALSE)","v":3},1,"18621011",3,3,5,4,3,5,0,0]
["1862101","1862102","Fairfax Vis Arts Mag","Magnet 2",0,0,0,0,400,null,null,10,null,null,null,410,0,0,0,0,15,15,0,0,0,0,15,15,{"$f":"VLOOKUP(A1006,'Pivot ECAST'!A:B,2,FALSE)","v":3},2,"18621012",0,0,0,0,0,0,0,0]
["1862101","1862108","Fairfax HS Police Academy Magnet","Magnet 2",0,0,0,0,169,null,null,10,null,null,null,179,0,0,0,0,7,7,0,0,0,0,5,5,{"$f":"VLOOKUP(A1007,'Pivot ECAST'!A:B,2,FALSE)","v":3},3,"18621013",0,0,0,0,0,0,0,0]
["1863601","1863601","Polytechnic SH","PHBAO",0,0,0,1130,2062,null,null,84,null,null,null,2146,0,0,0,6,62,68,0,0,0,6,61,67,{"$f":"VLOOKUP(A1008,'Pivot ECAST'!A:B,2,FALSE)","v":2},1,"18636011",5,4,6,5,4,6,0,0]
["1863601","1863602","John H Francis Polytechnic SH Sci/Tech/Math","Magnet 2",0,0,0,0,372,null,null,null,null,null,null,372,0,0,0,0,14,14,0,0,0,0,14,14,{"$f":"VLOOKUP(A1009,'Pivot ECAST'!A:B,2,FALSE)","v":2},2,"18636012",0,0,0,0,0,0,0,0]
["1864301","1864301","Franklin SH","PHBAO",0,0,0,477,751,null,null,13,null,null,null,764,0,0,0,3,23,26,0,0,0,3,24,27,{"$f":"VLOOKUP(A1010,'Pivot ECAST'!A:B,2,FALSE)","v":3},1,"18643011",3,3,4,3,3,4,1,0]
["1864301","1864302","Benjamin Franklin SH Science/Tech/Math Mag","Magnet 2",0,0,0,0,409,null,null,null,null,null,null,409,0,0,0,0,16,16,0,0,0,0,15,15,{"$f":"VLOOKUP(A1011,'Pivot ECAST'!A:B,2,FALSE)","v":3},2,"18643012",0,0,0,0,0,0,0,0]
["1864301","1864311","Franklin HS Dual Language Academy Magnet","Magnet 2",0,0,94,0,116,null,null,null,null,null,null,210,0,0,4,0,5,9,0,0,4,0,4,8,{"$f":"VLOOKUP(A1012,'Pivot ECAST'!A:B,2,FALSE)","v":3},3,"18643013",0,0,0,0,0,0,0,0]
["1865001","1865001","Fremont SH","PHBAO",0,0,0,1032,1616,null,null,178,null,null,null,1794,0,0,0,6,48,54,0,0,0,5,47,52,{"$f":"VLOOKUP(A1013,'Pivot ECAST'!A:B,2,FALSE)","v":2},1,"18650011",5,4,6,5,4,5,0,0]
["1865001","1865002","Fremont HS STEAM Magnet","Magnet 2",0,0,0,0,372,null,null,2,null,null,null,374,0,0,0,0,14,14,0,0,0,0,14,14,{"$f":"VLOOKUP(A1014,'Pivot ECAST'!A:B,2,FALSE)","v":2},2,"18650012",0,0,0,0,0,0,0,0]
["1866401","1866401","Gardena SH","PHBAO",0,0,0,425,705,null,null,86,null,null,null,791,0,0,0,3,21,24,0,0,0,3,23,26,{"$f":"VLOOKUP(A1015,'Pivot ECAST'!A:B,2,FALSE)","v":3},1,"18664011",2,2,4,3,3,4,0,1]
["1866401","1866402","Gardena HS Gobal Business Magnet","Magnet 2",0,0,0,0,355,null,null,3,null,null,null,358,0,0,0,0,14,14,0,0,0,0,14,14,{"$f":"VLOOKUP(A1016,'Pivot ECAST'!A:B,2,FALSE)","v":3},2,"18664012",0,0,0,0,0,0,0,0]
["1866401","1866407","Gardena HS Law/Public Service Magnet","Magnet 2",0,0,0,0,200,null,null,5,null,null,null,205,0,0,0,0,8,8,0,0,0,0,6,6,{"$f":"VLOOKUP(A1017,'Pivot ECAST'!A:B,2,FALSE)","v":3},3,"18664013",0,0,0,0,0,0,0,0]
["1867901","1867901","Garfield SH","PHBAO",0,0,0,1130,2078,null,null,147,null,null,null,2225,0,0,0,6,62,68,0,0,0,6,62,68,{"$f":"VLOOKUP(A1018,'Pivot ECAST'!A:B,2,FALSE)","v":2},1,"18679011",5,4,6,5,4,6,0,0]
["1867901","1867902","Garfield Comp Sci Mg","Magnet 2",0,0,0,0,264,null,null,1,null,null,null,265,0,0,0,0,10,10,0,0,0,0,10,10,{"$f":"VLOOKUP(A1019,'Pivot ECAST'!A:B,2,FALSE)","v":2},2,"18679012",0,0,0,0,0,0,0,0]
["1868301","1868301","Grant SH","Desegregated/Receiver",0,0,0,697,1212,null,null,126,null,null,null,1338,0,0,0,2,36,38,0,0,0,2,37,39,{"$f":"VLOOKUP(A1020,'Pivot ECAST'!A:B,2,FALSE)","v":3},1,"18683011",4,3,5,4,3,5,0,0]
["1868301","1868302","Grant HS College Prep/Digital Arts Mag","Magnet 1",0,0,0,0,400,null,null,4,null,null,null,404,0,0,0,0,14,14,0,0,0,0,14,14,{"$f":"VLOOKUP(A1021,'Pivot ECAST'!A:B,2,FALSE)","v":3},2,"18683012",0,0,0,0,0,0,0,0]
["1868301","1868308","Grant HS Hum For Interdiscip Studies Mag","Magnet 1",0,0,0,0,206,null,null,2,null,null,null,208,0,0,0,0,8,8,0,0,0,0,7,7,{"$f":"VLOOKUP(A1022,'Pivot ECAST'!A:B,2,FALSE)","v":3},3,"18683013",0,0,0,0,0,0,0,0]
["1868601","1868601","Hamilton SH-Complex","PHBAO",0,0,0,675,1196,null,null,107,null,null,null,1303,0,0,0,4,36,40,0,0,0,4,35,39,{"$f":"VLOOKUP(A1023,'Pivot ECAST'!A:B,2,FALSE)","v":3},1,"18686011",5,4,7,5,4,6,0,0]
["1868601","1868602","Hamilton Music & Perf Arts Mag","Magnet 1",0,0,0,0,920,null,null,17,null,null,null,937,0,0,0,0,32,32,0,0,0,0,32,32,{"$f":"VLOOKUP(A1024,'Pivot ECAST'!A:B,2,FALSE)","v":3},2,"18686012",0,0,0,0,0,0,0,0]
["1868601","1868603","Hamilton Human Mag","Magnet 1",0,0,0,0,371,null,null,3,null,null,null,374,0,0,0,0,13,13,0,0,0,0,13,13,{"$f":"VLOOKUP(A1025,'Pivot ECAST'!A:B,2,FALSE)","v":3},3,"18686013",0,0,0,0,0,0,0,0]
["1869301","1869301","Hollywood SH","PHBAO",0,0,0,380,694,null,null,27,null,null,null,721,0,0,0,2,21,23,0,0,0,2,21,23,{"$f":"VLOOKUP(A1026,'Pivot ECAST'!A:B,2,FALSE)","v":3},1,"18693011",3,3,4,3,3,4,1,0]
["1869301","1869302","Hollywood Per Art Mg","Magnet 2",0,0,0,0,344,null,null,7,null,null,null,351,0,0,0,0,13,13,0,0,0,0,13,13,{"$f":"VLOOKUP(A1027,'Pivot ECAST'!A:B,2,FALSE)","v":3},2,{"$f":"A1027&AD1027","v":"18693012"},0,0,0,0,0,0,0,0]
["1869301","1869307","Hollywood HS New Media Magnet","Magnet 2",0,0,0,0,372,null,null,1,null,null,null,373,0,0,0,0,14,14,0,0,0,0,14,14,{"$f":"VLOOKUP(A1028,'Pivot ECAST'!A:B,2,FALSE)","v":3},3,"18693013",0,0,0,0,0,0,0,0]
["1869601","1869601","Bernstein SH","PHBAO",0,0,0,321,573,null,null,15,null,null,null,588,0,0,0,2,17,19,0,0,0,2,17,19,{"$f":"VLOOKUP(A1029,'Pivot ECAST'!A:B,2,FALSE)","v":2},{"$f":"IF(A1029=A1028,AD1028+1,1)","v":1},"18696011",2,2,3,1,2,2,0,0]
["1869601","1869602","Bernstein HS Cine Arts/Creative Tech Mag","Magnet 2",0,0,0,0,167,null,null,5,null,null,null,172,0,0,0,0,7,7,0,0,0,0,5,5,{"$f":"VLOOKUP(A1030,'Pivot ECAST'!A:B,2,FALSE)","v":2},2,"18696012",0,0,0,0,0,0,0,0]
["1870001","1870001","Huntington Park SH","PHBAO",0,0,0,740,1181,null,null,40,null,null,null,1221,0,0,0,4,35,39,0,0,0,4,36,40,{"$f":"VLOOKUP(A1031,'Pivot ECAST'!A:B,2,FALSE)","v":2},1,"18700011",3,3,4,3,3,4,1,0]
["1870001","1870018","Huntington Park HS STEAM Magnet","Magnet 2",0,0,0,0,286,null,null,2,null,null,null,288,0,0,0,0,11,11,0,0,0,0,8,8,{"$f":"VLOOKUP(A1032,'Pivot ECAST'!A:B,2,FALSE)","v":2},2,"18700012",0,0,0,0,0,0,0,0]
["1870101","1870101","International St LC","PHBAO",0,0,449,302,489,null,11,1,null,null,null,950,0,0,16,2,15,33,0,0,15,2,14,31,{"$f":"VLOOKUP(A1033,'Pivot ECAST'!A:B,2,FALSE)","v":1},1,"18701011",2,2,3,2,2,3,0,0]
["1871001","1871001","Early College Acad","PHBAO",0,0,0,77,147,null,null,null,null,null,null,147,0,0,0,1,5,6,0,0,0,1,5,6,{"$f":"VLOOKUP(A1034,'Pivot ECAST'!A:B,2,FALSE)","v":1},1,"18710011",1,0.5,2,1,0.5,2,1,0]
["1871301","1871301","Hawkins SH C/DAGS","PHBAO",0,0,0,282,470,null,null,3,null,null,null,473,0,0,0,2,14,16,0,0,0,2,14,16,{"$f":"VLOOKUP(A1035,'Pivot ECAST'!A:B,2,FALSE)","v":1},1,"18713011",1,1,2,1,1,2,0,0]
["1871401","1871401","Jefferson SH","PHBAO",0,0,0,501,745,null,null,18,null,null,null,763,0,0,0,3,23,26,0,0,0,3,20,23,{"$f":"VLOOKUP(A1036,'Pivot ECAST'!A:B,2,FALSE)","v":1},1,"18714011",2,2,3,2,2,3,0,0]
["1871601","1871601","Santee Educ Complex","PHBAO",0,0,0,940,1592,null,null,145,null,null,null,1737,0,0,0,5,48,53,0,0,0,5,48,53,{"$f":"VLOOKUP(A1037,'Pivot ECAST'!A:B,2,FALSE)","v":1},1,"18716011",3,3,5,4,3,5,1,0]
["1872101","1872101","Jordan SH","PHBAO",0,0,0,233,410,null,null,104,null,null,null,514,0,0,0,2,13,15,0,0,0,2,13,15,{"$f":"VLOOKUP(A1038,'Pivot ECAST'!A:B,2,FALSE)","v":1},1,"18721011",1,1,2,1,1,2,0,0]
["1872501","1872501","Kennedy SH","PHBAO",0,0,0,551,1150,null,null,132,null,null,null,1282,0,0,0,3,35,38,0,0,0,4,35,39,{"$f":"VLOOKUP(A1039,'Pivot ECAST'!A:B,2,FALSE)","v":3},1,"18725011",5,4,6,5,4,6,0,0]
["1872501","1872502","Kennedy A/DD/FM Magnet","Magnet 2",0,0,0,0,452,null,null,16,null,null,null,468,0,0,0,0,17,17,0,0,0,0,17,17,{"$f":"VLOOKUP(A1040,'Pivot ECAST'!A:B,2,FALSE)","v":3},2,"18725012",0,0,0,0,0,0,0,0]
["1872501","1872508","John F Kennedy Senior High Gifted Medical Mag","Magnet 2",0,0,0,0,504,null,null,null,null,null,null,504,0,0,0,0,19,19,0,0,0,0,19,19,{"$f":"VLOOKUP(A1041,'Pivot ECAST'!A:B,2,FALSE)","v":3},3,"18725013",0,0,0,0,0,0,0,0]
["1872701","1872701","King-Drew Med Mag","Magnet 2",0,0,0,0,1600,null,null,null,null,null,null,1600,0,0,0,0,60,60,0,0,0,0,57,57,{"$f":"VLOOKUP(A1042,'Pivot ECAST'!A:B,2,FALSE)","v":1},1,"18727011",3,3,4,3,3,4,0,0]
["1872901","1872901","Lincoln SH","PHBAO",0,0,0,345,623,null,null,83,null,null,null,706,0,0,0,2,19,21,0,0,0,2,19,21,{"$f":"VLOOKUP(A1043,'Pivot ECAST'!A:B,2,FALSE)","v":3},1,"18729011",2,2,3,2,2,3,0,0]
["1872901","1872902","Abraham Lincoln SH Science/Tech/Math Mag","Magnet 2",0,0,0,0,209,null,null,null,null,null,null,209,0,0,0,0,8,8,0,0,0,0,8,8,{"$f":"VLOOKUP(A1044,'Pivot ECAST'!A:B,2,FALSE)","v":3},2,"18729012",0,0,0,0,0,0,0,0]
["1872901","1872908","Lincoln ESP Magnet","Magnet 2",0,0,0,0,171,null,null,null,null,null,null,171,0,0,0,0,7,7,0,0,0,0,6,6,{"$f":"VLOOKUP(A1045,'Pivot ECAST'!A:B,2,FALSE)","v":3},3,"18729013",0,0,0,0,0,0,0,0]
["1873601","1873601","Los Angeles SH","PHBAO",0,0,0,392,752,null,null,80,null,null,null,832,0,0,0,3,23,26,0,0,0,3,24,27,{"$f":"VLOOKUP(A1046,'Pivot ECAST'!A:B,2,FALSE)","v":2},1,"18736011",2,2,3,2,2,3,1,0]
["1873601","1873602","Los Angeles HS STEAM Magnet","Magnet 2",0,0,0,0,276,null,null,2,null,null,null,278,0,0,0,0,11,11,0,0,0,0,11,11,{"$f":"VLOOKUP(A1047,'Pivot ECAST'!A:B,2,FALSE)","v":2},2,"18736012",0,0,0,0,0,0,0,0]
["1873801","1873801","Downtwn Business Mag","Magnet 2",0,0,0,0,664,null,null,null,null,null,null,664,0,0,0,0,25,25,0,0,0,0,25,25,{"$f":"VLOOKUP(A1048,'Pivot ECAST'!A:B,2,FALSE)","v":2},1,"18738011",2,2,3,2,2,3,0,0]
["1873801","1873803","Downtown Computer Sci/Digital Media Arts","Magnet 2",0,0,0,0,372,null,null,null,null,null,null,372,0,0,0,0,14,14,0,0,0,0,14,14,{"$f":"VLOOKUP(A1049,'Pivot ECAST'!A:B,2,FALSE)","v":2},2,"18738012",0,0,0,0,0,0,0,0]
["1874101","1874101","LACES Mag","Magnet 1",0,0,690,0,969,null,null,2,null,null,null,1661,0,0,24,0,34,58,0,0,25,0,33,58,{"$f":"VLOOKUP(A1050,'Pivot ECAST'!A:B,2,FALSE)","v":1},1,"18741011",3,3,4,3,3,4,0,0]
["1874301","1874301","Manual Arts SH","PHBAO",0,0,0,497,905,null,null,51,null,null,null,956,0,0,0,3,27,30,0,0,0,3,27,30,{"$f":"VLOOKUP(A1051,'Pivot ECAST'!A:B,2,FALSE)","v":2},1,"18743011",2,2,4,2,2,4,0,0]
["1874301","1874302","Manual Arts Col Prep","Magnet 2",0,0,0,0,324,null,null,1,null,null,null,325,0,0,0,0,13,13,0,0,0,0,13,13,{"$f":"VLOOKUP(A1052,'Pivot ECAST'!A:B,2,FALSE)","v":2},2,"18743012",0,0,0,0,0,0,0,0]
["1874801","1874801","West AdaMS Prep SH","PHBAO",0,0,0,566,972,null,null,109,null,null,null,1081,0,0,0,3,29,32,0,0,0,3,32,35,{"$f":"VLOOKUP(A1053,'Pivot ECAST'!A:B,2,FALSE)","v":3},1,"18748011",2,2,4,2,2,4,0,0]
["1874801","1874802","West Adams HS Firefighter Academy Magnet","Magnet 2",0,0,0,0,56,null,null,null,null,null,null,56,0,0,0,0,3,3,0,0,0,0,2,2,{"$f":"VLOOKUP(A1054,'Pivot ECAST'!A:B,2,FALSE)","v":3},2,"18748012",0,0,0,0,0,0,0,0]
["1874801","1874803","West Adams HS Police Academy Magnet","Magnet 2",0,0,0,0,93,null,null,null,null,null,null,93,0,0,0,0,4,4,0,0,0,0,3,3,{"$f":"VLOOKUP(A1055,'Pivot ECAST'!A:B,2,FALSE)","v":3},3,"18748013",0,0,0,0,0,0,0,0]
["1875001","1875001","Marshall SH","PHBAO",0,0,0,885,1692,null,null,115,null,null,null,1807,0,0,0,5,51,56,0,0,0,5,51,56,{"$f":"VLOOKUP(A1056,'Pivot ECAST'!A:B,2,FALSE)","v":2},1,"18750011",5,4,6,5,4,6,2,0]
["1875001","1875002","John Marshall Senior High Gifted Magnet","Magnet 1",0,0,0,0,423,null,null,null,null,null,null,423,0,0,0,0,15,15,0,0,0,0,15,15,{"$f":"VLOOKUP(A1057,'Pivot ECAST'!A:B,2,FALSE)","v":2},2,"18750012",0,0,0,0,0,0,0,0]
["1875401","1875401","Bravo Medical Mag","Magnet 2",0,0,0,0,1760,null,null,1,null,null,null,1761,0,0,0,0,66,66,0,0,0,0,66,66,{"$f":"VLOOKUP(A1058,'Pivot ECAST'!A:B,2,FALSE)","v":1},1,"18754011",4,3,5,4,3,5,0,0]
["1876001","1876001","Middle College HS","PHBAO",0,0,0,206,404,null,null,null,null,null,null,404,0,0,0,2,12,14,0,0,0,2,12,14,{"$f":"VLOOKUP(A1059,'Pivot ECAST'!A:B,2,FALSE)","v":1},1,"18760011",1,1,2,1,1,2,0,0]
["1876801","1876801","Monroe SH","PHBAO",0,0,0,941,1370,null,null,153,null,null,null,1523,0,0,0,5,41,46,0,0,0,5,41,46,{"$f":"VLOOKUP(A1060,'Pivot ECAST'!A:B,2,FALSE)","v":5},1,"18768011",4,3,5,4,3,5,0,1]
["1876801","1876802","Monroe Police Acd Mg","Magnet 2",0,0,0,0,160,null,null,2,null,null,null,162,0,0,0,0,6,6,0,0,0,0,6,6,{"$f":"VLOOKUP(A1061,'Pivot ECAST'!A:B,2,FALSE)","v":5},2,"18768012",0,0,0,0,0,0,0,0]
["1876801","1876803","Monroe Law/Gov Mag","Magnet 2",0,0,0,0,257,null,null,1,null,null,null,258,0,0,0,0,10,10,0,0,0,0,10,10,{"$f":"VLOOKUP(A1062,'Pivot ECAST'!A:B,2,FALSE)","v":5},3,"18768013",0,0,0,0,0,0,0,0]
["1876801","1876810","POPP","PHBAO",0,0,0,0,22,null,null,null,null,null,null,22,0,0,0,0,1,1,0,0,0,0,1,1,{"$f":"VLOOKUP(A1063,'Pivot ECAST'!A:B,2,FALSE)","v":5},4,"18768014",0,0,0,0,0,0,0,0]
["1876801","1876812","Monroe HS Firefighter Academy Magnet","Magnet 2",0,0,0,0,89,null,null,4,null,null,null,93,0,0,0,0,4,4,0,0,0,0,3,3,{"$f":"VLOOKUP(A1064,'Pivot ECAST'!A:B,2,FALSE)","v":5},5,"18768015",0,0,0,0,0,0,0,0]
["1877401","1877401","Contreras LC Glbl St","PHBAO",0,0,0,205,366,null,null,1,null,null,null,367,0,0,0,2,11,13,0,0,0,2,11,13,{"$f":"VLOOKUP(A1065,'Pivot ECAST'!A:B,2,FALSE)","v":1},1,"18774011",1,1,2,1,1,2,0,0]
["1877901","1877901","Narbonne SH","PHBAO",0,0,0,641,1181,null,null,120,null,null,null,1301,0,0,0,4,35,39,0,0,0,4,39,43,{"$f":"VLOOKUP(A1066,'Pivot ECAST'!A:B,2,FALSE)","v":3},1,"18779011",4,3,5,5,4,5,0,1]
["1877901","1877902","Narbonne HS STEAM Magnet","Magnet 2",0,0,0,0,480,null,null,4,null,null,null,484,0,0,0,0,18,18,0,0,0,0,18,18,{"$f":"VLOOKUP(A1067,'Pivot ECAST'!A:B,2,FALSE)","v":3},2,"18779012",0,0,0,0,0,0,0,0]
["1877901","1877911","Narbonne HS Bus/Entrep/Tech Magnet","Magnet 2",0,0,0,0,271,null,null,6,null,null,null,277,0,0,0,0,11,11,0,0,0,0,8,8,{"$f":"VLOOKUP(A1068,'Pivot ECAST'!A:B,2,FALSE)","v":3},3,"18779013",0,0,0,0,0,0,0,0]
["1878601","1878601","No Hollywood SH","PHBAO",0,0,0,868,1621,null,null,115,null,null,null,1736,0,0,0,5,49,54,0,0,0,5,52,57,{"$f":"VLOOKUP(A1069,'Pivot ECAST'!A:B,2,FALSE)","v":4},1,"18786011",5,4,6,5,4,6,0,0]
["1878601","1878602","No Hollywood Hg Mag","Magnet 1",0,0,0,0,316,null,null,null,null,null,null,316,0,0,0,0,11,11,0,0,0,0,11,11,{"$f":"VLOOKUP(A1070,'Pivot ECAST'!A:B,2,FALSE)","v":4},2,"18786012",0,0,0,0,0,0,0,0]
["1878601","1878603","NHHS/LA Zoo Biol Mag","Magnet 1",0,0,0,0,316,null,null,1,null,null,null,317,0,0,0,0,11,11,0,0,0,0,11,11,{"$f":"VLOOKUP(A1071,'Pivot ECAST'!A:B,2,FALSE)","v":4},3,"18786013",0,0,0,0,0,0,0,0]
["1878601","1878612","North Hollywood HS STEM Magnet","Magnet 1",0,0,0,0,202,null,null,1,null,null,null,203,0,0,0,0,8,8,0,0,0,0,4,4,{"$f":"VLOOKUP(A1072,'Pivot ECAST'!A:B,2,FALSE)","v":4},4,"18786014",0,0,0,0,0,0,0,0]
["1881401","1881401","Reseda Charter High School","PHBAO",0,0,56,304,629,null,null,109,null,null,null,794,0,0,2,2,19,23,0,0,0,2,19,21,{"$f":"VLOOKUP(A1073,'Pivot ECAST'!A:B,2,FALSE)","v":4},1,"18814011",3,3,4,3,2,4,0,0]
["1881401","1881402","Reseda Charter HS Police Academy Magnet","Magnet 2",0,0,0,0,247,null,null,5,null,null,null,252,0,0,0,0,10,10,0,0,0,0,9,9,{"$f":"VLOOKUP(A1074,'Pivot ECAST'!A:B,2,FALSE)","v":4},2,"18814012",0,0,0,0,0,0,0,0]
["1881401","1881403","Reseda Charter HS Science Magnet","Magnet 2",0,0,0,0,301,null,null,null,null,null,null,301,0,0,0,0,12,12,0,0,0,0,11,11,{"$f":"VLOOKUP(A1075,'Pivot ECAST'!A:B,2,FALSE)","v":4},3,"18814013",0,0,0,0,0,0,0,0]
["1881401","1881409","Reseda Charter HS Arts/Media/Ent Magnet","Magnet 2",0,0,0,0,140,null,null,5,null,null,null,145,0,0,0,0,6,6,0,0,0,0,5,5,{"$f":"VLOOKUP(A1076,'Pivot ECAST'!A:B,2,FALSE)","v":4},4,"18814014",0,0,0,0,0,0,0,0]
["1883801","1883801","Narbonne SH Harts LA","PHBAO",0,0,0,261,407,null,null,10,null,null,null,417,0,0,0,2,13,15,0,0,0,2,12,14,{"$f":"VLOOKUP(A1077,'Pivot ECAST'!A:B,2,FALSE)","v":1},1,"18838011",1,1,2,1,1,2,0,0]
["1884201","1884201","SOCES Mag","Magnet 1",0,373,690,0,1035,1,null,null,null,null,null,2099,0,13,24,0,36,73,0,11,25,0,36,72,{"$f":"VLOOKUP(A1078,'Pivot ECAST'!A:B,2,FALSE)","v":1},1,"18842011",5,3,5,5,3,5,0,0]
["1884301","1884301","San Fernando SH","PHBAO",0,0,0,893,1479,null,null,172,null,null,null,1651,0,0,0,5,44,49,0,0,0,5,43,48,{"$f":"VLOOKUP(A1079,'Pivot ECAST'!A:B,2,FALSE)","v":2},1,"18843011",5,4,5,5,4,5,0,0]
["1884301","1884302","San Fernando Senior High Science/Tech/Math","Magnet 2",0,0,0,0,452,null,null,null,null,null,null,452,0,0,0,0,17,17,0,0,0,0,17,17,{"$f":"VLOOKUP(A1080,'Pivot ECAST'!A:B,2,FALSE)","v":2},2,"18843012",0,0,0,0,0,0,0,0]
["1885001","1885001","San Pedro SH","PHBAO",0,0,0,850,1507,null,null,121,null,null,null,1628,0,0,0,5,45,50,0,0,0,5,47,52,{"$f":"VLOOKUP(A1081,'Pivot ECAST'!A:B,2,FALSE)","v":5},1,"18850011",5,4,6,5,4,6,4,0]
["1885001","1885002","San Pedro Pol Acd Mg","Magnet 2",0,0,0,0,104,null,null,6,null,null,null,110,0,0,0,0,4,4,0,0,0,0,4,4,{"$f":"VLOOKUP(A1082,'Pivot ECAST'!A:B,2,FALSE)","v":5},2,"18850012",0,0,0,0,0,0,0,0]
["1885001","1885003","San Pedro Senior High Marine Science/Tech","Magnet 1",0,0,0,0,369,null,null,2,null,null,null,371,0,0,0,0,13,13,0,0,0,0,13,13,{"$f":"VLOOKUP(A1083,'Pivot ECAST'!A:B,2,FALSE)","v":5},3,"18850013",0,0,0,0,0,0,0,0]
["1885001","1885010","San Pedro Senior High Gifted STEAM Magnet","Magnet 2",0,0,0,0,344,null,null,null,null,null,null,344,0,0,0,0,13,13,0,0,0,0,11,11,{"$f":"VLOOKUP(A1084,'Pivot ECAST'!A:B,2,FALSE)","v":5},4,"18850014",0,0,0,0,0,0,0,0]
["1885001","1885011","San Pedro HS Visual/Perf Arts Magnet","Magnet 2",0,0,0,0,132,null,null,2,null,null,null,134,0,0,0,0,5,5,0,0,0,0,3,3,{"$f":"VLOOKUP(A1085,'Pivot ECAST'!A:B,2,FALSE)","v":5},5,"18850015",0,0,0,0,0,0,0,0]
["1885301","1885301","Orthopaedic Hosp Mag","Magnet 2",0,0,0,0,800,null,null,null,null,null,null,800,0,0,0,0,30,30,0,0,0,0,30,30,{"$f":"VLOOKUP(A1086,'Pivot ECAST'!A:B,2,FALSE)","v":1},1,"18853011",2,2,3,2,2,3,0,0]
["1886601","1886601","Marquez SH HPIAM","PHBAO",0,0,0,395,743,null,null,7,null,null,null,750,0,0,0,3,23,26,0,0,0,3,23,26,{"$f":"VLOOKUP(A1087,'Pivot ECAST'!A:B,2,FALSE)","v":1},1,"18866011",2,2,3,2,2,3,0,0]
["1886701","1886701","Rivera LC Pub Srv","PHBAO",0,0,0,299,543,null,null,1,null,null,null,544,0,0,0,2,17,19,0,0,0,2,16,18,{"$f":"VLOOKUP(A1088,'Pivot ECAST'!A:B,2,FALSE)","v":1},1,"18867011",1,1,2,1,1,2,0,0]
["1886801","1886801","Rancho Domingz Prep","PHBAO",0,0,240,185,306,null,2,33,null,null,null,581,0,0,9,1,10,20,0,0,9,1,9,19,{"$f":"VLOOKUP(A1089,'Pivot ECAST'!A:B,2,FALSE)","v":2},1,"18868011",2,2,3,2,2,3,0,0]
["1886801","1886802","Rancho Dominguez PS Law/Gov/Pub Serv Mag","Magnet 2",0,0,0,0,186,null,null,null,null,null,null,186,0,0,0,0,7,7,0,0,0,0,7,7,{"$f":"VLOOKUP(A1090,'Pivot ECAST'!A:B,2,FALSE)","v":2},2,"18868012",0,0,0,0,0,0,0,0]
["1887101","1887101","South Gate SH","PHBAO",0,0,0,1183,2006,null,null,61,null,null,null,2067,0,0,0,7,60,67,0,0,0,6,62,68,{"$f":"VLOOKUP(A1091,'Pivot ECAST'!A:B,2,FALSE)","v":1},1,{"$f":"A1091&AD1091","v":"18871011"},4,3,5,5,4,6,0,1]
["1887801","1887801","Sylmar Charter High School","PHBAO",0,0,0,627,978,null,null,123,null,null,null,1101,0,0,0,4,29,33,0,0,0,3,29,32,{"$f":"VLOOKUP(A1092,'Pivot ECAST'!A:B,2,FALSE)","v":2},1,"18878011",3,3,4,3,3,4,0,0]
["1887801","1887802","Sylmar Charter HS Sci/Tech/Math Magnet","Magnet 2",0,0,0,0,452,null,null,null,null,null,null,452,0,0,0,0,17,17,0,0,0,0,17,17,{"$f":"VLOOKUP(A1093,'Pivot ECAST'!A:B,2,FALSE)","v":2},{"$f":"IF(A1093=A1092,AD1092+1,1)","v":2},"18878012",0,0,0,0,0,0,0,0]
["1888001","1888001","William Howard Taft Charter HS","Desegregated/Receiver",0,0,0,1123,1890,null,null,116,null,null,null,2006,0,0,0,2,56,58,0,0,0,2,54,56,{"$f":"VLOOKUP(A1094,'Pivot ECAST'!A:B,2,FALSE)","v":2},1,"18880011",5,4,6,5,4,6,0,0]
["1888001","1888007","William Howard Taft Charter SH Gifted St","Magnet 1",0,0,0,0,492,null,null,null,null,null,null,492,0,0,0,0,18,18,0,0,0,0,14,14,{"$f":"VLOOKUP(A1095,'Pivot ECAST'!A:B,2,FALSE)","v":2},2,"18880012",0,0,0,0,0,0,0,0]
["1888101","1888101","South East SH","PHBAO",0,0,0,706,1392,null,null,118,null,null,null,1510,0,0,0,4,42,46,0,0,0,4,42,46,{"$f":"VLOOKUP(A1096,'Pivot ECAST'!A:B,2,FALSE)","v":2},1,"18881011",4,3,5,4,3,5,0,0]
["1888101","1888108","SEHS Tech/Media Mag","Magnet 2",0,0,0,0,452,null,null,1,null,null,null,453,0,0,0,0,17,17,0,0,0,0,17,17,{"$f":"VLOOKUP(A1097,'Pivot ECAST'!A:B,2,FALSE)","v":2},2,"18881012",0,0,0,0,0,0,0,0]
["1888201","1888201","Maywood Academy SH","PHBAO",0,0,0,700,1133,null,null,39,null,null,null,1172,0,0,0,4,34,38,0,0,0,4,33,37,{"$f":"VLOOKUP(A1098,'Pivot ECAST'!A:B,2,FALSE)","v":1},1,"18882011",2,2,3,2,2,3,0,0]
["1888601","1888601","University High School Charter","PHBAO",0,0,0,465,844,null,null,83,null,null,null,927,0,0,0,3,26,29,0,0,0,3,25,28,{"$f":"VLOOKUP(A1099,'Pivot ECAST'!A:B,2,FALSE)","v":2},1,"18886011",3,3,4,3,3,4,0,0]
["1888601","1888607","University Charter HS Mth/Art/Sci/Tch Mg","Magnet 2",0,0,0,0,532,null,null,10,null,null,null,542,0,0,0,0,20,20,0,0,0,0,20,20,{"$f":"VLOOKUP(A1100,'Pivot ECAST'!A:B,2,FALSE)","v":2},2,"18886012",0,0,0,0,0,0,0,0]
["1889301","1889301","Van Nuys SH","PHBAO",0,0,0,681,1062,null,null,91,null,null,null,1153,0,0,0,4,32,36,0,0,0,4,32,36,{"$f":"VLOOKUP(A1101,'Pivot ECAST'!A:B,2,FALSE)","v":4},1,"18893011",5,4,6,5,4,6,0,0]
["1889301","1889302","Van Nuys Medical Mag","Magnet 2",0,0,0,0,308,null,null,null,null,null,null,308,0,0,0,0,12,12,0,0,0,0,12,12,{"$f":"VLOOKUP(A1102,'Pivot ECAST'!A:B,2,FALSE)","v":4},2,"18893012",0,0,0,0,0,0,0,0]
["1889301","1889303","Van Nuys Senior High Science/Tech/Math Mag","Magnet 2",0,0,0,0,664,null,null,3,null,null,null,667,0,0,0,0,25,25,0,0,0,0,25,25,{"$f":"VLOOKUP(A1103,'Pivot ECAST'!A:B,2,FALSE)","v":4},3,"18893013",0,0,0,0,0,0,0,0]
["1889301","1889304","Van Nuys Per Arts Mg","Magnet 2",0,0,0,0,439,null,null,3,null,null,null,442,0,0,0,0,17,17,0,0,0,0,16,16,{"$f":"VLOOKUP(A1104,'Pivot ECAST'!A:B,2,FALSE)","v":4},4,"18893014",0,0,0,0,0,0,0,0]
["1889801","1889801","Valley Acad Arts/Sci","PHBAO",0,0,0,584,1027,null,null,51,null,null,null,1078,0,0,0,4,31,35,0,0,0,3,30,33,{"$f":"VLOOKUP(A1105,'Pivot ECAST'!A:B,2,FALSE)","v":1},1,"18898011",2,2,3,2,2,3,0,0]
["1890101","1890101","Chavez Learning Acad-Technology Prep","PHBAO",0,0,0,263,386,null,null,4,null,null,null,390,0,0,0,2,12,14,0,0,0,2,11,13,{"$f":"VLOOKUP(A1106,'Pivot ECAST'!A:B,2,FALSE)","v":1},1,"18901011",1,1,2,1,1,2,0,0]
["1890701","1890701","Venice SH","PHBAO",0,0,0,531,902,null,null,104,null,null,null,1006,0,0,0,3,27,30,0,0,0,3,26,29,{"$f":"VLOOKUP(A1107,'Pivot ECAST'!A:B,2,FALSE)","v":3},1,"18907011",4,3,5,4,3,5,0,1]
["1890701","1890702","Venice SH World Languages/Golbal Studies","Magnet 2",0,0,0,0,503,null,null,9,null,null,null,512,0,0,0,0,19,19,0,0,0,0,19,19,{"$f":"VLOOKUP(A1108,'Pivot ECAST'!A:B,2,FALSE)","v":3},2,"18907012",0,0,0,0,0,0,0,0]
["1890701","1890707","Venice SH STEMM Mag","Magnet 2",0,0,0,0,504,null,null,12,null,null,null,516,0,0,0,0,19,19,0,0,0,0,19,19,{"$f":"VLOOKUP(A1109,'Pivot ECAST'!A:B,2,FALSE)","v":3},3,"18907013",0,0,0,0,0,0,0,0]
["1891401","1891401","Verdugo Hills SH","PHBAO",0,0,0,335,540,null,null,52,null,null,null,592,0,0,0,2,16,18,0,0,0,2,16,18,{"$f":"VLOOKUP(A1110,'Pivot ECAST'!A:B,2,FALSE)","v":3},1,"18914011",2,2,4,2,2,4,0,0]
["1891401","1891402","Verdguo Hills HS STEMM Magnet","Magnet 1",0,0,0,0,416,null,null,2,null,null,null,418,0,0,0,0,15,15,0,0,0,0,14,14,{"$f":"VLOOKUP(A1111,'Pivot ECAST'!A:B,2,FALSE)","v":3},2,"18914012",0,0,0,0,0,0,0,0]
["1891401","1891408","Verdugo Hills SH Visual and Performing Acad","Magnet 1",0,0,0,0,264,null,null,6,null,null,null,270,0,0,0,0,10,10,0,0,0,0,10,10,{"$f":"VLOOKUP(A1112,'Pivot ECAST'!A:B,2,FALSE)","v":3},3,"18914013",0,0,0,0,0,0,0,0]
["1891701","1891701","Maywood Center for Enriched Studies Mag","Magnet 2",0,0,426,0,932,null,null,null,null,null,null,1358,0,0,16,0,35,51,0,0,21,0,30,51,{"$f":"VLOOKUP(A1113,'Pivot ECAST'!A:B,2,FALSE)","v":1},1,"18917011",3,2,4,3,2,4,0,1]
["1892101","1892101","Legacy SH STEAM","PHBAO",0,0,0,319,573,null,null,1,null,null,null,574,0,0,0,2,17,19,0,0,0,2,17,19,{"$f":"VLOOKUP(A1114,'Pivot ECAST'!A:B,2,FALSE)","v":1},1,"18921011",1,1,2,1,1,2,0,0]
["1892801","1892801","Washington Prep SH","PHBAO",0,0,0,281,490,null,null,49,null,null,null,539,0,0,0,2,15,17,0,0,0,2,14,16,{"$f":"VLOOKUP(A1115,'Pivot ECAST'!A:B,2,FALSE)","v":2},1,"18928011",2,2,3,2,2,3,0,0]
["1892801","1892803","Washington Preparatory HS STEAM Magnet","Magnet 2",0,0,0,0,248,null,null,3,null,null,null,251,0,0,0,0,10,10,0,0,0,0,10,10,{"$f":"VLOOKUP(A1116,'Pivot ECAST'!A:B,2,FALSE)","v":2},2,"18928012",0,0,0,0,0,0,0,0]
["1894301","1894301","Wesm Hlth/Sports Med","Magnet 2",0,0,0,0,394,null,null,17,null,null,null,411,0,0,0,0,15,15,0,0,0,0,15,15,{"$f":"VLOOKUP(A1117,'Pivot ECAST'!A:B,2,FALSE)","v":3},1,"18943011",2,2,3,2,2,3,0,0]
["1894301","1894309","Westchester HS G/HG/HA/STEAM Magnet","Magnet 2",0,0,0,0,151,null,null,null,null,null,null,151,0,0,0,0,6,6,0,0,0,0,7,7,{"$f":"VLOOKUP(A1118,'Pivot ECAST'!A:B,2,FALSE)","v":3},2,"18943012",0,0,0,0,0,0,0,0]
["1894301","1894310","Wesm Env Natrl Sci","Magnet 2",0,0,0,0,213,null,null,20,null,null,null,233,0,0,0,0,8,8,0,0,0,0,9,9,{"$f":"VLOOKUP(A1119,'Pivot ECAST'!A:B,2,FALSE)","v":3},3,"18943013",0,0,0,0,0,0,0,0]
[null,"1809301",null,null,null,null,null,null,null,null,null,null,null,null,null,null,null,null,null,null,null,null,null,null,null,null,null,null,null,null,null,null,null,null,1,1,2,0,0]
["Grand Total",null,null,null,{"$f":"SUM(E3:E1120)","v":146230},{"$f":"SUM(F3:F1120)","v":76778},89968,47379,119491,10899,5839,5989,3089,3170,6489,467942,6555,2969,3285,296,3895,17001,6724,2928,3303,286,3783,17024,2125,1621,0,964,397,1739,975,401,1763,77,17]

{"sheet":"School List","index":8,"n_rows":1118,"n_cols":3,"rows_kept":1118,"cut":false,"hidden":true,"merged":[]}
["Cost Center","School Name","Combined"]
["1194901","Marlton",{"$f":"A2&\"-\"&B2","v":"1194901-Marlton"}]
["1201401","Albion El",{"$f":"A3&\"-\"&B3","v":"1201401-Albion El"}]
["1202701","Aldama El","1202701-Aldama El"]
["1202702","Aldama El DL Two-Way Im Spanish","1202702-Aldama El DL Two-Way Im Spanish"]
["1204101","Alexandria El","1204101-Alexandria El"]
["1204102","Alexandria Ave. El DL Two-Way Im Spanish","1204102-Alexandria Ave. El DL Two-Way Im Spanish"]
["1204201","Harvard El","1204201-Harvard El"]
["1204202","Harvard El DL Two-Way Im Spanish","1204202-Harvard El DL Two-Way Im Spanish"]
["1206801","Allesandro El","1206801-Allesandro El"]
["1206802","Allesndro Coop Lr Mg","1206802-Allesndro Coop Lr Mg"]
["1208201","Alta Loma El","1208201-Alta Loma El"]
["1208202","Alta Loma El DL Two-Way Im Spanish","1208202-Alta Loma El DL Two-Way Im Spanish"]
["1208901","Ambler El","1208901-Ambler El"]
["1208902","Ambler Avenue Elementary Gifted Magnet","1208902-Ambler Avenue Elementary Gifted Magnet"]
["1208903","Ambler El DL Two-Way Im Spanish","1208903-Ambler El DL Two-Way Im Spanish"]
["1209601","Amestoy El","1209601-Amestoy El"]
["1209602","Amestoy ES Multilingual/Multicultural Mg","1209602-Amestoy ES Multilingual/Multicultural Mg"]
["1211001","Anatola El","1211001-Anatola El"]
["1211701","Andasol El","1211701-Andasol El"]
["1212301","Angeles Mesa El","1212301-Angeles Mesa El"]
["1212302","Angeles Mesa ES DREAMS Magnet","1212302-Angeles Mesa ES DREAMS Magnet"]
["1213701","Ann El","1213701-Ann El"]
["1214601","Annalee El","1214601-Annalee El"]
["1214602","Annalee Av ES STEAM Mag","1214602-Annalee Av ES STEAM Mag"]
["1215101","Annandale El","1215101-Annandale El"]
["1216401","Apperson El","1216401-Apperson El"]
["1217801","Aragon El","1217801-Aragon El"]
["1219201","Arlington Hts El","1219201-Arlington Hts El"]
["1219202","Arlington Hts El DL Two-Way Im Spanish","1219202-Arlington Hts El DL Two-Way Im Spanish"]
["1220501","Arminta El","1220501-Arminta El"]
["1221901","Ascot El","1221901-Ascot El"]
["1223301","Atwater El","1223301-Atwater El"]
["1223302","Atwater El DL Two-Way Im Spanish","1223302-Atwater El DL Two-Way Im Spanish"]
["1224701","Avalon Gardens El","1224701-Avalon Gardens El"]
["1225001","Acad For Enrch Sci","1225001-Acad For Enrch Sci"]
["1226901","Balboa G/HA Mag","1226901-Balboa G/HA Mag"]
["1227401","Baldwin Hills El","1227401-Baldwin Hills El"]
["1227402","Baldwin Hills Elementary Gifted Magnet","1227402-Baldwin Hills Elementary Gifted Magnet"]
["1228801","Bandini El","1228801-Bandini El"]
["1228802","Bandini St El DL Two-Way Im Spanish","1228802-Bandini St El DL Two-Way Im Spanish"]
["1230101","De La Torre Jr El","1230101-De La Torre Jr El"]
["1230102","De La Torre ES STEAM Magnet","1230102-De La Torre ES STEAM Magnet"]
["1230201","Obama El","1230201-Obama El"]
["1230301","Porter Ranch School","1230301-Porter Ranch School"]
["1230302","Porter Ranch School DL Two-Way Im Korean","1230302-Porter Ranch School DL Two-Way Im Korean"]
["1230601","Playa Vista Elementary Sch","1230601-Playa Vista Elementary Sch"]
["1230701","Lee Med Hlth Mag","1230701-Lee Med Hlth Mag"]
["1230801","Ride El Smart Acad","1230801-Ride El Smart Acad"]
["1230901","Willow El","1230901-Willow El"]
["1230902","Willow El DL Two-Way Im Spanish","1230902-Willow El DL Two-Way Im Spanish"]
["1231101","Poindexter Lamotte El","1231101-Poindexter Lamotte El"]
["1231201","Lawson Acad A/M/S","1231201-Lawson Acad A/M/S"]
["1231301","Moore M/S/T Acad","1231301-Moore M/S/T Acad"]
["1231501","Barton Hill El","1231501-Barton Hill El"]
["1231502","Barton Hill ES Maritime STEAM Magnet","1231502-Barton Hill ES Maritime STEAM Magnet"]
["1232301","Bassett El","1232301-Bassett El"]
["1232901","Beachy El","1232901-Beachy El"]
["1233501","Beckford Chtr Enr St","1233501-Beckford Chtr Enr St"]
["1234201","Beethoven El","1234201-Beethoven El"]
["1236901","RFK Ambsdr Glbl Edu","1236901-RFK Ambsdr Glbl Edu"]
["1236902","Rfk Ambsdr Glbl DL One-Way Im Spanish","1236902-Rfk Ambsdr Glbl DL One-Way Im Spanish"]
["1236903","Rfk Ambsdr Glbl Ed DL Two-Way Im Korean","1236903-Rfk Ambsdr Glbl Ed DL Two-Way Im Korean"]
["1237201","Ochoa LC","1237201-Ochoa LC"]
["1237202","Ochoa Lc DL Two-Way Im Spanish","1237202-Ochoa Lc DL Two-Way Im Spanish"]
["1237501","Hughes El","1237501-Hughes El"]
["1237502","Teresa P Hughes Elem Science/Tech/Math Magnet",{"$f":"A67&\"-\"&B67","v":"1237502-Teresa P Hughes Elem Science/Tech/Math Magnet"}]
["1237801","Nueva Vista El","1237801-Nueva Vista El"]
["1237802","Nueva Vista Elem Visual And Performing Arts","1237802-Nueva Vista Elem Visual And Performing Arts"]
["1238101","Maywood El","1238101-Maywood El"]
["1238102","Maywood ES Computer Science Magnet","1238102-Maywood ES Computer Science Magnet"]
["1238301","Esperanza El","1238301-Esperanza El"]
["1238401","Politi El","1238401-Politi El"]
["1238501","Gratts LA for YS","1238501-Gratts LA for YS"]
["1238502","Gratts LA For YS DL One-Way Im Spanish","1238502-Gratts LA For YS DL One-Way Im Spanish"]
["1238601","Del Olmo El","1238601-Del Olmo El"]
["1239101","Huntington Park El","1239101-Huntington Park El"]
["1239102","Huntington Pk El DL Two-Way Im Spanish","1239102-Huntington Pk El DL Two-Way Im Spanish"]
["1239201","Olympic PC","1239201-Olympic PC"]
["1239301","Lake St Primary","1239301-Lake St Primary"]
["1239701","Belvedere El","1239701-Belvedere El"]
["1243801","Bertrand El","1243801-Bertrand El"]
["1247001","Blythe El","1247001-Blythe El"]
["1247301","Bonita El","1247301-Bonita El"]
["1247901","Braddock Drive El","1247901-Braddock Drive El"]
["1247902","Braddock Drive Elementary Gifted Magnet","1247902-Braddock Drive Elementary Gifted Magnet"]
["1247903","Braddock Dr El DL World Lang Im Mandarin","1247903-Braddock Dr El DL World Lang Im Mandarin"]
["1248601","Brainard El","1248601-Brainard El"]
["1249301","Breed El","1249301-Breed El"]
["1250701","Brentwood Sci Mag","1250701-Brentwood Sci Mag"]
["1252101","Bridge El","1252101-Bridge El"]
["1252701","Broad Ave El","1252701-Broad Ave El"]
["1252702","Broad Ave El DL Two-Way Im Spanish","1252702-Broad Ave El DL Two-Way Im Spanish"]
["1253001","Broadacres El","1253001-Broadacres El"]
["1253401","Broadway El","1253401-Broadway El"]
["1253402","Broadway El DL World Lang Im Spanish","1253402-Broadway El DL World Lang Im Spanish"]
["1253403","Broadway El DL World Lang Im Mandarin","1253403-Broadway El DL World Lang Im Mandarin"]
["1254201","White El","1254201-White El"]
["1254202","White ES Visual Arts Magnet","1254202-White ES Visual Arts Magnet"]
["1254301","Lafayette Park PC","1254301-Lafayette Park PC"]
["1254401","Macarthur Park VPA","1254401-Macarthur Park VPA"]
["1254402","Macarthur Park VPA DL Two-Way Im Spanish","1254402-Macarthur Park VPA DL Two-Way Im Spanish"]
["1254801","Brockton El","1254801-Brockton El"]
["1256201","Brooklyn Ave El","1256201-Brooklyn Ave El"]
["1258901","Bryson El","1258901-Bryson El"]
["1258902","Bryson Avenue Elem Science/Tech/Math Mag","1258902-Bryson Avenue Elem Science/Tech/Math Mag"]
["1260301","Buchanan El","1260301-Buchanan El"]
["1260302","Buchanan Street Elem Science/Tech/Math Magnet","1260302-Buchanan Street Elem Science/Tech/Math Magnet"]
["1261601","Budlong El","1261601-Budlong El"]
["1261901","Wilshire Park El","1261901-Wilshire Park El"]
["1263001","Burbank El","1263001-Burbank El"]
["1263002","Burbank El Gifted Global Learning Mag","1263002-Burbank El Gifted Global Learning Mag"]
["1264401","Saturn El","1264401-Saturn El"]
["1264402","Saturn St ES Arts/Media Magnet","1264402-Saturn St ES Arts/Media Magnet"]
["1265801","Burton El","1265801-Burton El"]
["1267101","Bushnell Way El","1267101-Bushnell Way El"]
["1267102","Bushnell Way El DL Two-Way Im Spanish","1267102-Bushnell Way El DL Two-Way Im Spanish"]
["1268501","Cabrillo El","1268501-Cabrillo El"]
["1268502","Cabrillo Av ES STEAM Magnet","1268502-Cabrillo Av ES STEAM Magnet"]
["1269901","Cahuenga El","1269901-Cahuenga El"]
["1269902","Cahuenga El DL One-Way Im Spanish","1269902-Cahuenga El DL One-Way Im Spanish"]
["1269903","Cahuenga El DL Two-Way Im Korean","1269903-Cahuenga El DL Two-Way Im Korean"]
["1270101","Kim El","1270101-Kim El"]
["1270102","Kim El DL Two-Way Im Spanish","1270102-Kim El DL Two-Way Im Spanish"]
["1270103","Kim El DL One-Way Im Korean","1270103-Kim El DL One-Way Im Korean"]
["1270401","Calabash CA","1270401-Calabash CA"]
["1270601","Calahan Street Elementary","1270601-Calahan Street Elementary"]
["1271201","Calvert Chtr For ES","1271201-Calvert Chtr For ES"]
["1272601","Camellia El","1272601-Camellia El"]
["1272602","Camellia Ave El DL Two-Way Im Spanish","1272602-Camellia Ave El DL Two-Way Im Spanish"]
["1274001","Canfield El",{"$f":"A131&\"-\"&B131","v":"1274001-Canfield El"}]
["1274101","Community El Mag CS","1274101-Community El Mag CS"]
["1275301","Canoga Park El","1275301-Canoga Park El"]
["1276701","Cantara El","1276701-Cantara El"]
["1276702","Cantara St ES Visual/Perf Arts Magnet","1276702-Cantara St ES Visual/Perf Arts Magnet"]
["1278101","Canterbury El","1278101-Canterbury El"]
["1278102","Canterbury Avenue Elementary Gifted Magnet","1278102-Canterbury Avenue Elementary Gifted Magnet"]
["1279501","Canyon El","1279501-Canyon El"]
["1280201","Capistrano El","1280201-Capistrano El"]
["1281501","Caroldale Lrng Comm","1281501-Caroldale Lrng Comm"]
["1282201","Carpenter Community Center","1282201-Carpenter Community Center"]
["1283601","Carson El","1283601-Carson El"]
["1284901","Carthay El ES Mag","1284901-Carthay El ES Mag"]
["1286301","Castelar El","1286301-Castelar El"]
["1286302","Castelar El DL Two-Way Im Mandarin","1286302-Castelar El DL Two-Way Im Mandarin"]
["1287701","Castle Hts El","1287701-Castle Hts El"]
["1287702","Castle Heights El World Lang Im Spanish","1287702-Castle Heights El World Lang Im Spanish"]
["1288101","Castlebay Lane Charter","1288101-Castlebay Lane Charter"]
["1289001","Catskill El","1289001-Catskill El"]
["1289002","Catskill El DL Two-Way Im Spanish","1289002-Catskill El DL Two-Way Im Spanish"]
["1293901","Carson-Gore Academy","1293901-Carson-Gore Academy"]
["1293902","Carson-Gore El DL Two-Way Im Spanish","1293902-Carson-Gore El DL Two-Way Im Spanish"]
["1294201","Estrella El","1294201-Estrella El"]
["1294301","Jones El","1294301-Jones El"]
["1294401","Huerta El","1294401-Huerta El"]
["1294501","Century Park El","1294501-Century Park El"]
["1295901","Chandler El","1295901-Chandler El"]
["1298601","Chapman El","1298601-Chapman El"]
["1298602","Chapman El DL Two-Way Im Mandarin","1298602-Chapman El DL Two-Way Im Mandarin"]
["1300201","Charnock Road El","1300201-Charnock Road El"]
["1301401","Chase El","1301401-Chase El"]
["1302701","Chatsworth Park ES UP/CD Magnet","1302701-Chatsworth Park ES UP/CD Magnet"]
["1304101","Cheremoya El","1304101-Cheremoya El"]
["1306801","Cienega El","1306801-Cienega El"]
["1306802","Cienega El DL Two-Way Im Spanish","1306802-Cienega El DL Two-Way Im Spanish"]
["1308201","Cimarron El","1308201-Cimarron El"]
["1308202","Cimarron Av ES STEAM Magnet","1308202-Cimarron Av ES STEAM Magnet"]
["1309601","City Terrace El","1309601-City Terrace El"]
["1309602","City Terrace El DL Two-Way Im Mandarin","1309602-City Terrace El DL Two-Way Im Mandarin"]
["1311001","Clifford El","1311001-Clifford El"]
["1312301","Clover El","1312301-Clover El"]
["1313701","Cohasset El","1313701-Cohasset El"]
["1313702","Cohasset El DL One-Way Im Spanish","1313702-Cohasset El DL One-Way Im Spanish"]
["1315101","Coldwater Cyn El","1315101-Coldwater Cyn El"]
["1315102","Coldwater Cyn DL Two-Way Im Spanish","1315102-Coldwater Cyn DL Two-Way Im Spanish"]
["1316401","Colfax Charter El","1316401-Colfax Charter El"]
["1317801","Coliseum El","1317801-Coliseum El"]
["1319201","Commonwealth El","1319201-Commonwealth El"]
["1319202","Commonwealth Avenue Elem Gifted Arts/Tech","1319202-Commonwealth Avenue Elem Gifted Arts/Tech"]
["1320501","Compton El","1320501-Compton El"]
["1321001","Madison El","1321001-Madison El"]
["1321002","Madison El DL Two-Way Im Spanish","1321002-Madison El DL Two-Way Im Spanish"]
["1321901","Corona El","1321901-Corona El"]
["1322001","Escutia PC","1322001-Escutia PC"]
["1324701","Plasencia El","1324701-Plasencia El"]
["1324702","Plasencia ES STEAM Magnet","1324702-Plasencia ES STEAM Magnet"]
["1326001","Cowan El","1326001-Cowan El"]
["1326002","Cowan Avenue Elem Gifted Int Humanities","1326002-Cowan Avenue Elem Gifted Int Humanities"]
["1326003","Cowan El DL World Lang Im Spanish","1326003-Cowan El DL World Lang Im Spanish"]
["1328801","Crescent Hts L/A/S/J","1328801-Crescent Hts L/A/S/J"]
["1330201","Crestwood St ES STEAM Magnet","1330201-Crestwood St ES STEAM Magnet"]
["1331101","Westside Glbl Awr Mg","1331101-Westside Glbl Awr Mg"]
["1331501","Dena El","1331501-Dena El"]
["1332901","Dahlia Heights El","1332901-Dahlia Heights El"]
["1333501","Danube El",{"$f":"A195&\"-\"&B195","v":"1333501-Danube El"}]
["1334001","Darby Avenue Elementary","1334001-Darby Avenue Elementary"]
["1335601","Dayton Heights El","1335601-Dayton Heights El"]
["1335602","Dayton Heights ES Urban Env Science Mag","1335602-Dayton Heights ES Urban Env Science Mag"]
["1337701","Dearborn El CA","1337701-Dearborn El CA"]
["1338401","Del Amo El","1338401-Del Amo El"]
["1339701","Delevan Drive El","1339701-Delevan Drive El"]
["1342501","Denker El","1342501-Denker El"]
["1342502","Denker El DL Two-Way Im Korean","1342502-Denker El DL Two-Way Im Korean"]
["1342601","Garza PC","1342601-Garza PC"]
["1343801","Dixie Cyn Comm Chtr","1343801-Dixie Cyn Comm Chtr"]
["1345201","Dolores El","1345201-Dolores El"]
["1346601","Dominguez El","1346601-Dominguez El"]
["1346602","Dominguez El DL Two-Way Im Spanish","1346602-Dominguez El DL Two-Way Im Spanish"]
["1347901","Dorris Place El","1347901-Dorris Place El"]
["1349301","Dyer El","1349301-Dyer El"]
["1350001","Midcity Prescott Mag","1350001-Midcity Prescott Mag"]
["1350701","Eagle Rock El","1350701-Eagle Rock El"]
["1350702","Eagle Rock Hg El Mag","1350702-Eagle Rock Hg El Mag"]
["1350703","Eagle Rck G/HA El Mg","1350703-Eagle Rck G/HA El Mg"]
["1352101","Eastman El","1352101-Eastman El"]
["1352102","Eastman El DL One & Two-Way Im Spanish","1352102-Eastman El DL One & Two-Way Im Spanish"]
["1354101","El Dorado El","1354101-El Dorado El"]
["1354501","El Oro Way Chtr CES","1354501-El Oro Way Chtr CES"]
["1354801","Elizabeth LC","1354801-Elizabeth LC"]
["1354805","Elizabeth LC DL Two-Way Im Arabic","1354805-Elizabeth LC DL Two-Way Im Arabic"]
["1356201","El Sereno El","1356201-El Sereno El"]
["1357401","Sendak El","1357401-Sendak El"]
["1357402","Sendak ES Arts/Comm/Technology Magnet","1357402-Sendak ES Arts/Comm/Technology Magnet"]
["1357501","Elysian Heights ES Arts Magnet","1357501-Elysian Heights ES Arts Magnet"]
["1357601","Parks LC","1357601-Parks LC"]
["1357701","Bellingham El","1357701-Bellingham El"]
["1358901","Emelita St El","1358901-Emelita St El"]
["1361001","Enadia Way Tech Charter","1361001-Enadia Way Tech Charter"]
["1361601","Encino Charter El","1361601-Encino Charter El"]
["1363001","Erwin El","1363001-Erwin El"]
["1364001","Eshelman El","1364001-Eshelman El"]
["1367101","Euclid El","1367101-Euclid El"]
["1367102","Euclid Av ES Gifted/STEAM Magnet","1367102-Euclid Av ES Gifted/STEAM Magnet"]
["1367103","Euclid El DL Two-Way Im Spanish","1367103-Euclid El DL Two-Way Im Spanish"]
["1369901","Evergreen El","1369901-Evergreen El"]
["1371201","Fair El","1371201-Fair El"]
["1372601","Fairburn El","1372601-Fairburn El"]
["1374001","Farmdale El","1374001-Farmdale El"]
["1374002","Farmdale El DL Two-Way Im Spanish","1374002-Farmdale El DL Two-Way Im Spanish"]
["1375301","Fernangeles El","1375301-Fernangeles El"]
["1375302","Fernangeles DL One & Two-Way Im Spanish","1375302-Fernangeles DL One & Two-Way Im Spanish"]
["1376701","15th St El","1376701-15th St El"]
["1378101","54th St El","1378101-54th St El"]
["1379501","59th St El","1379501-59th St El"]
["1380801","52nd St El","1380801-52nd St El"]
["1382201","Figueroa El","1382201-Figueroa El"]
["1382901","Broadous El","1382901-Broadous El"]
["1382902","Hillery T Broadous Elem Science/Tech/Math","1382902-Hillery T Broadous Elem Science/Tech/Math"]
["1383601","1st St El","1383601-1st St El"]
["1384901","Fishburn El","1384901-Fishburn El"]
["1384902","Fishburn El DL Two-Way Im Spanish","1384902-Fishburn El DL Two-Way Im Spanish"]
["1387701","Fletcher Dr El","1387701-Fletcher Dr El"]
["1387702","Fletcher Dr ES STEAM Magnet","1387702-Fletcher Dr ES STEAM Magnet"]
["1389001","Florence El","1389001-Florence El"]
["1389002","Florence El DL Two-Way Im Spanish","1389002-Florence El DL Two-Way Im Spanish"]
["1391801","Ford Blvd El","1391801-Ford Blvd El"]
["1391802","Ford Blvd El DL Two-Way Im Spanish","1391802-Ford Blvd El DL Two-Way Im Spanish"]
["1393201","49th St El","1393201-49th St El"]
["1395901","42nd St El",{"$f":"A259&\"-\"&B259","v":"1395901-42nd St El"}]
["1395902","42nd St El DL World Lang Im Spanish","1395902-42nd St El DL World Lang Im Spanish"]
["1397301","4th St El","1397301-4th St El"]
["1397401","4th Street Primary Center","1397401-4th Street Primary Center"]
["1397402","4th St PC DL Two-Way Im Spanish","1397402-4th St PC DL Two-Way Im Spanish"]
["1398601","Franklin El","1398601-Franklin El"]
["1401401","Fries El","1401401-Fries El"]
["1402001","Bakewell PC","1402001-Bakewell PC"]
["1402701","Fullbright El","1402701-Fullbright El"]
["1402702","Fullbright Ave El DL Two-Way Im Spanish","1402702-Fullbright Ave El DL Two-Way Im Spanish"]
["1404101","Gardena El","1404101-Gardena El"]
["1404102","Gardena El DL Two-Way Im Spanish","1404102-Gardena El DL Two-Way Im Spanish"]
["1405501","Garden Grove El","1405501-Garden Grove El"]
["1406801","Gardner El","1406801-Gardner El"]
["1408201","Garvanza ES Tech/Leadership Magnet","1408201-Garvanza ES Tech/Leadership Magnet"]
["1409601","Gates El","1409601-Gates El"]
["1409602","Gates El DL Two-Way Im Spanish","1409602-Gates El DL Two-Way Im Spanish"]
["1409603","Gates St El DL Two-Way Im Mandarin","1409603-Gates St El DL Two-Way Im Mandarin"]
["1411001","Gault El","1411001-Gault El"]
["1411701","Germain Acad AA","1411701-Germain Acad AA"]
["1412301","Glassell Park ES STEAM Magnet","1412301-Glassell Park ES STEAM Magnet"]
["1413001","Gledhill El","1413001-Gledhill El"]
["1413002","Gledhill Street Elem Science/Tech/Math Magnet","1413002-Gledhill Street Elem Science/Tech/Math Magnet"]
["1413701","Glen Alta El","1413701-Glen Alta El"]
["1416401","Glenfeliz Blvd El","1416401-Glenfeliz Blvd El"]
["1419201","Glenwood El","1419201-Glenwood El"]
["1421901","Graham El","1421901-Graham El"]
["1421902","Graham El DL Two-Way Im Spanish","1421902-Graham El DL Two-Way Im Spanish"]
["1423301","Granada Elementary","1423301-Granada Elementary"]
["1424701","Grand View El","1424701-Grand View El"]
["1424702","Grand View El DL Two-Way Im Spanish","1424702-Grand View El DL Two-Way Im Spanish"]
["1426001","Grant El","1426001-Grant El"]
["1426002","Grant El DL Two-Way Im Armenian","1426002-Grant El DL Two-Way Im Armenian"]
["1427401","Grape El","1427401-Grape El"]
["1429501","Gridley El","1429501-Gridley El"]
["1429502","Gridley El DL Two-Way Im Spanish","1429502-Gridley El DL Two-Way Im Spanish"]
["1430101","Griffin El","1430101-Griffin El"]
["1431501","Gulf El","1431501-Gulf El"]
["1431502","Gulf ES STEAM Magnet","1431502-Gulf ES STEAM Magnet"]
["1432201","Arroyo Seco Musm Sci","1432201-Arroyo Seco Musm Sci"]
["1432901","Haddon El","1432901-Haddon El"]
["1432902","Haddon Av ES STEAM Magnet","1432902-Haddon Av ES STEAM Magnet"]
["1434201","Halldale El","1434201-Halldale El"]
["1434901","Hamlin CA","1434901-Hamlin CA"]
["1435601","Anton El","1435601-Anton El"]
["1435602","Anton El DL Two-Way Im Spanish","1435602-Anton El DL Two-Way Im Spanish"]
["1439701","Hancock Park El","1439701-Hancock Park El"]
["1442501","Harbor City El","1442501-Harbor City El"]
["1443101","Harding El","1443101-Harding El"]
["1443801","Harrison El","1443801-Harrison El"]
["1443802","Harrison El DL Two-Way Im Spanish","1443802-Harrison El DL Two-Way Im Spanish"]
["1444501","Hart St El","1444501-Hart St El"]
["1445201","Haskell STEAM Magnet","1445201-Haskell STEAM Magnet"]
["1446601","Hawaiian El","1446601-Hawaiian El"]
["1446602","Hawaiian ES STEAM Magnet","1446602-Hawaiian ES STEAM Magnet"]
["1447301","Haynes CES","1447301-Haynes CES"]
["1449301","Hazeltine El","1449301-Hazeltine El"]
["1449302","Hazeltine El DL Two-Way Im Spanish","1449302-Hazeltine El DL Two-Way Im Spanish"]
["1450701","Heliotrope El","1450701-Heliotrope El"]
["1451501","Herrick El","1451501-Herrick El"]
["1452101","Hesby Oaks Lead Chtr","1452101-Hesby Oaks Lead Chtr"]
["1452801","Hillcrest Dr El","1452801-Hillcrest Dr El"]
["1452802","Hillcrest Drive Elementary Music Magnet","1452802-Hillcrest Drive Elementary Music Magnet"]
["1452803","Hillcrest Dr El DL Two-Way Im Spanish","1452803-Hillcrest Dr El DL Two-Way Im Spanish"]
["1453401","Hillside El",{"$f":"A323&\"-\"&B323","v":"1453401-Hillside El"}]
["1454801","Hobart Blvd El","1454801-Hobart Blvd El"]
["1454802","Hobart Blvd El DL Two-Way Im Spanish","1454802-Hobart Blvd El DL Two-Way Im Spanish"]
["1456201","Holmes El","1456201-Holmes El"]
["1457501","Hooper El","1457501-Hooper El"]
["1457502","Hooper El DL Two-Way Im Spanish","1457502-Hooper El DL Two-Way Im Spanish"]
["1457601","Hooper PC","1457601-Hooper PC"]
["1457602","Hooper PC El DL Two-Way Im Spanish","1457602-Hooper PC El DL Two-Way Im Spanish"]
["1458901","Hoover El","1458901-Hoover El"]
["1460301","Hubbard El","1460301-Hubbard El"]
["1460302","Hubbard St ES STEAM Magnet","1460302-Hubbard St ES STEAM Magnet"]
["1461601","Humphreys El","1461601-Humphreys El"]
["1461602","Humphreys Avenue Elem Science/Tech/Math","1461602-Humphreys Avenue Elem Science/Tech/Math"]
["1461603","Humphreys El DL Two-Way Im Spanish","1461603-Humphreys El DL Two-Way Im Spanish"]
["1463001","Huntington Dr El","1463001-Huntington Dr El"]
["1463002","Huntington Dr El DL Two-Way Im Spanish","1463002-Huntington Dr El DL Two-Way Im Spanish"]
["1464001","Walnut Park El","1464001-Walnut Park El"]
["1464002","Walnut Park El DL Two-Way Im Spanish","1464002-Walnut Park El DL Two-Way Im Spanish"]
["1464101","San Antonio El","1464101-San Antonio El"]
["1464102","San Antonio ES STEM Magnet","1464102-San Antonio ES STEM Magnet"]
["1464201","Pacific Blvd School","1464201-Pacific Blvd School"]
["1464202","Pacific Blvd El DL Two-Way Im Spanish","1464202-Pacific Blvd El DL Two-Way Im Spanish"]
["1465801","YES Academy","1465801-YES Academy"]
["1467101","Ivanhoe El","1467101-Ivanhoe El"]
["1468001","Lizarraga El","1468001-Lizarraga El"]
["1468101","Harmony El","1468101-Harmony El"]
["1468102","Harmony El DL Two-Way Im Spanish","1468102-Harmony El DL Two-Way Im Spanish"]
["1468501","Aurora El","1468501-Aurora El"]
["1468502","Aurora El DL Two-Way Im Spanish","1468502-Aurora El DL Two-Way Im Spanish"]
["1469201","Justice St Acad Chtr","1469201-Justice St Acad Chtr"]
["1469601","Kennedy El","1469601-Kennedy El"]
["1469602","Kennedy, RF ES VAPA Magnet","1469602-Kennedy, RF ES VAPA Magnet"]
["1469901","Kenter Canyon Elementary Charter","1469901-Kenter Canyon Elementary Charter"]
["1471201","Kentwood El","1471201-Kentwood El"]
["1472601","Kester El","1472601-Kester El"]
["1472602","Kester Avenue Elementary Gifted Magnet","1472602-Kester Avenue Elementary Gifted Magnet"]
["1476001","Kittridge El","1476001-Kittridge El"]
["1476002","Kittridge El DL Two-Way Im Spanish","1476002-Kittridge El DL Two-Way Im Spanish"]
["1476003","Kittridge El DL Two-Way Im Armenian","1476003-Kittridge El DL Two-Way Im Armenian"]
["1476201","Knollwood Prep Acad","1476201-Knollwood Prep Acad"]
["1476401","Lanai El","1476401-Lanai El"]
["1476701","Lane El","1476701-Lane El"]
["1477501","Langdon El","1477501-Langdon El"]
["1477601","Primary Academy","1477601-Primary Academy"]
["1478101","Lankershim El","1478101-Lankershim El"]
["1478601","La Salle El","1478601-La Salle El"]
["1478602","La Salle El DL Two-Way Im Spanish","1478602-La Salle El DL Two-Way Im Spanish"]
["1479001","Lassen El","1479001-Lassen El"]
["1479002","Lassen El DL Two-Way Im Spanish","1479002-Lassen El DL Two-Way Im Spanish"]
["1479501","Latona El","1479501-Latona El"]
["1479502","Latona El DL Two-Way Im Spanish","1479502-Latona El DL Two-Way Im Spanish"]
["1480801","Laurel Cinematic Arts Creative Tech Mag","1480801-Laurel Cinematic Arts Creative Tech Mag"]
["1482901","Leapwood El","1482901-Leapwood El"]
["1483601","Leland El","1483601-Leland El"]
["1483602","Leland St ES Global Awareness Magnet","1483602-Leland St ES Global Awareness Magnet"]
["1484901","Lemay El","1484901-Lemay El"]
["1486301","Liberty El","1486301-Liberty El"]
["1487001","Liggett El","1487001-Liggett El"]
["1487701","Lillian El","1487701-Lillian El"]
["1488101","Limerick El","1488101-Limerick El"]
["1488102","Limerick Ave El DL Two-Way Im Spanish","1488102-Limerick Ave El DL Two-Way Im Spanish"]
["1488701","Lockhurst Dr Chtr El","1488701-Lockhurst Dr Chtr El"]
["1489001","Lockwood El","1489001-Lockwood El"]
["1490401","Logan Academy of Global Ecology","1490401-Logan Academy of Global Ecology"]
["1490402","Logan El DL Two-Way Im Spanish",{"$f":"A387&\"-\"&B387","v":"1490402-Logan El DL Two-Way Im Spanish"}]
["1491801","Loma Vista El","1491801-Loma Vista El"]
["1491802","Loma Vista El DL Two-Way Im Spanish","1491802-Loma Vista El DL Two-Way Im Spanish"]
["1493201","Lomita Math/Sci Mag","1493201-Lomita Math/Sci Mag"]
["1494501","Lorena El","1494501-Lorena El"]
["1494502","Lorena St. El DL Two-Way Im Spanish","1494502-Lorena St. El DL Two-Way Im Spanish"]
["1495901","Loreto El","1495901-Loreto El"]
["1495902","Loreto El DL Two-Way Im Spanish","1495902-Loreto El DL Two-Way Im Spanish"]
["1497301","Lorne El","1497301-Lorne El"]
["1497302","Lorne Street Elem Science/Tech/Math Magnet","1497302-Lorne Street Elem Science/Tech/Math Magnet"]
["1498001","Pio Pico MS","1498001-Pio Pico MS"]
["1498201","Los Angeles El","1498201-Los Angeles El"]
["1498301","Mariposa-Nabi PC","1498301-Mariposa-Nabi PC"]
["1498601","Los Feliz STEMM Magnet","1498601-Los Feliz STEMM Magnet"]
["1501401","Loyola Village ES Fine/Performing Arts Magnet","1501401-Loyola Village ES Fine/Performing Arts Magnet"]
["1501601","Coughlin El","1501601-Coughlin El"]
["1505501","Magnolia El","1505501-Magnolia El"]
["1505502","Magnolia El DL One & Two-Way Im Spanish","1505502-Magnolia El DL One & Two-Way Im Spanish"]
["1506801","Main St El","1506801-Main St El"]
["1506802","Main St El DL Two-Way Im Spanish","1506802-Main St El DL Two-Way Im Spanish"]
["1508201","Malabar El","1508201-Malabar El"]
["1508202","Malabar St El DL Two-Way Im Spanish","1508202-Malabar St El DL Two-Way Im Spanish"]
["1509601","Manchester El","1509601-Manchester El"]
["1509602","Manchester Av ES Comm/Broadcasting Mag","1509602-Manchester Av ES Comm/Broadcasting Mag"]
["1511001","Manhattan Place El","1511001-Manhattan Place El"]
["1511101","Alexander Sci Ctr Sc","1511101-Alexander Sci Ctr Sc"]
["1511102","Alexander Sci Ctr DL Two-Way Im Spanish","1511102-Alexander Sci Ctr DL Two-Way Im Spanish"]
["1511201","Jones PC","1511201-Jones PC"]
["1511301","Mack El","1511301-Mack El"]
["1511302","Mack El DL Two-Way Im Spanish","1511302-Mack El DL Two-Way Im Spanish"]
["1513701","Marianna El","1513701-Marianna El"]
["1513702","Marianna Ave El DL Two-Way Im Spanish","1513702-Marianna Ave El DL Two-Way Im Spanish"]
["1515301","Orchard Academies 2B","1515301-Orchard Academies 2B"]
["1515401","Orchard Academies 2C","1515401-Orchard Academies 2C"]
["1516401","Marquez Charter","1516401-Marquez Charter"]
["1517001","Lexington Ave PC","1517001-Lexington Ave PC"]
["1517301","Dr. Julian Nava Learning Academy","1517301-Dr. Julian Nava Learning Academy"]
["1517801","Marvin El","1517801-Marvin El"]
["1517802","Marvin Dual Lang Mag","1517802-Marvin Dual Lang Mag"]
["1519201","Mar Vista El","1519201-Mar Vista El"]
["1519301","Walnut Park MS STEM","1519301-Walnut Park MS STEM"]
["1519801","Mayall El","1519801-Mayall El"]
["1520501","Mayberry El","1520501-Mayberry El"]
["1520502","Mayberry El DL Two-Way Im Spanish","1520502-Mayberry El DL Two-Way Im Spanish"]
["1520503","Mayberry St ES Communication Arts Magnet","1520503-Mayberry St ES Communication Arts Magnet"]
["1521901","Melrose M/S/T Mag","1521901-Melrose M/S/T Mag"]
["1523301","Melvin El","1523301-Melvin El"]
["1523302","Melvin Av ES Humanities/Leadership Mag","1523302-Melvin Av ES Humanities/Leadership Mag"]
["1524001","Katherine Johnson STEM Academy","1524001-Katherine Johnson STEM Academy"]
["1524701","Menlo El","1524701-Menlo El"]
["1528801","Micheltorena El","1528801-Micheltorena El"]
["1528802","Micheltorena DL Two-Way Im Spanish","1528802-Micheltorena DL Two-Way Im Spanish"]
["1530101","Middleton El","1530101-Middleton El"]
["1530201","Middleton PC","1530201-Middleton PC"]
["1531501","Miles El","1531501-Miles El"]
["1531502","Miles Avenue Elem Science/Tech/Math Magnet","1531502-Miles Avenue Elem Science/Tech/Math Magnet"]
["1531503","Miles El DL Two-Way Im Spanish","1531503-Miles El DL Two-Way Im Spanish"]
["1532101","Miller El","1532101-Miller El"]
["1532901","Miramonte El","1532901-Miramonte El"]
["1532902","Miramonte El DL Two-Way Im Spanish","1532902-Miramonte El DL Two-Way Im Spanish"]
["1534201","Monlux El","1534201-Monlux El"]
["1534202","John B Monlux Elem Science/Tech/Math Mag","1534202-John B Monlux Elem Science/Tech/Math Mag"]
["1538401","Monte Vista El","1538401-Monte Vista El"]
["1538402","Monte Vista St ES Film/Comm Magnet","1538402-Monte Vista St ES Film/Comm Magnet"]
["1538501","Riordan PC",{"$f":"A451&\"-\"&B451","v":"1538501-Riordan PC"}]
["1538502","Riordan PC DL World Lang Im French","1538502-Riordan PC DL World Lang Im French"]
["1539701","Morningside El","1539701-Morningside El"]
["1540401","Mountain View El","1540401-Mountain View El"]
["1540402","Mountain View El DL Two-Way Im Armenian","1540402-Mountain View El DL Two-Way Im Armenian"]
["1541101","Mt Washington El","1541101-Mt Washington El"]
["1542501","Multnomah El","1542501-Multnomah El"]
["1542502","Multnomah Street Elementary Gifted Magnet","1542502-Multnomah Street Elementary Gifted Magnet"]
["1542503","Multnomah Env Sc Mag","1542503-Multnomah Env Sc Mag"]
["1543801","Murchison El","1543801-Murchison El"]
["1544601","Napa El","1544601-Napa El"]
["1544602","Napa St El DL Two-Way Im Spanish","1544602-Napa St El DL Two-Way Im Spanish"]
["1545201","Nestle Ave Charter","1545201-Nestle Ave Charter"]
["1545901","Nevada El","1545901-Nevada El"]
["1545902","Nevada El DL Two-Way Im Spanish","1545902-Nevada El DL Two-Way Im Spanish"]
["1546601","Nevin El","1546601-Nevin El"]
["1547901","Newcastle El","1547901-Newcastle El"]
["1550501","9th St El","1550501-9th St El"]
["1552101","95th St El","1552101-95th St El"]
["1553401","99th St El","1553401-99th St El"]
["1554801","92nd St El","1554801-92nd St El"]
["1556201","Barrett El","1556201-Barrett El"]
["1556202","Barrett El DL Two-Way Im Spanish","1556202-Barrett El DL Two-Way Im Spanish"]
["1557501","96th St El","1557501-96th St El"]
["1557502","96th St El DL Two-Way Im Spanish","1557502-96th St El DL Two-Way Im Spanish"]
["1558201","93rd St El","1558201-93rd St El"]
["1558202","93rd St El DL Two-Way Im Spanish","1558202-93rd St El DL Two-Way Im Spanish"]
["1558203","93rd St ES STEAM Magnet","1558203-93rd St ES STEAM Magnet"]
["1560301","Noble El","1560301-Noble El"]
["1560401","Panorama City El","1560401-Panorama City El"]
["1563001","Normandie El","1563001-Normandie El"]
["1563002","Normandie El DL Two-Way Im Spanish","1563002-Normandie El DL Two-Way Im Spanish"]
["1564401","Normont El","1564401-Normont El"]
["1564402","Normont El DL Two-Way Im Spanish","1564402-Normont El DL Two-Way Im Spanish"]
["1569901","Norwood El","1569901-Norwood El"]
["1572601","O Melveny El","1572601-O Melveny El"]
["1574001","118th St El","1574001-118th St El"]
["1574002","118th St El DL Two-Way Im Spanish","1574002-118th St El DL Two-Way Im Spanish"]
["1575301","186th St El","1575301-186th St El"]
["1578101","Flournoy El","1578101-Flournoy El"]
["1578102","Flournoy ES STEAM Magnet","1578102-Flournoy ES STEAM Magnet"]
["1580801","156th St El","1580801-156th St El"]
["1582201","153rd St El","1582201-153rd St El"]
["1582202","153rd St El DL Two-Way Im Spanish","1582202-153rd St El DL Two-Way Im Spanish"]
["1583601","109th St El","1583601-109th St El"]
["1584901","Griffith Joyner El","1584901-Griffith Joyner El"]
["1584902","Griffith Joyner ES Visual/Perf Arts Mag","1584902-Griffith Joyner ES Visual/Perf Arts Mag"]
["1585701","107th St El","1585701-107th St El"]
["1585702","107th St ES STEAM Magnet","1585702-107th St ES STEAM Magnet"]
["1586301","116th St El","1586301-116th St El"]
["1586302","116th St El DL Two-Way Im Spanish","1586302-116th St El DL Two-Way Im Spanish"]
["1587701","135th St El","1587701-135th St El"]
["1587702","135th St El DL Two-Way Im Spanish","1587702-135th St El DL Two-Way Im Spanish"]
["1588401","112th St El","1588401-112th St El"]
["1588701","122nd St El","1588701-122nd St El"]
["1588702","122nd St El DL Two-Way Im Spanish","1588702-122nd St El DL Two-Way Im Spanish"]
["1588901","Open Charter Magnet","1588901-Open Charter Magnet"]
["1589401","Osceola El","1589401-Osceola El"]
["1590401","Overland El","1590401-Overland El"]
["1591801","Oxnard El","1591801-Oxnard El"]
["1595901","Palisades Charter El","1595901-Palisades Charter El"]
["1598601","Palms El","1598601-Palms El"]
["1600501","Park Ave El","1600501-Park Ave El"]
["1600502","Park Ave El DL Two-Way Im Spanish","1600502-Park Ave El DL Two-Way Im Spanish"]
["1601301","Park Western El",{"$f":"A515&\"-\"&B515","v":"1601301-Park Western El"}]
["1601302","Park Western Pl ES Gifted/STEAM Magnet","1601302-Park Western Pl ES Gifted/STEAM Magnet"]
["1602101","Parmelee El","1602101-Parmelee El"]
["1602102","Parmelee Ave El DL Two-Way Im Spanish","1602102-Parmelee Ave El DL Two-Way Im Spanish"]
["1602701","Parthenia Academy of Arts and Technology","1602701-Parthenia Academy of Arts and Technology"]
["1605201","Paseo Del Rey Nat Sc","1605201-Paseo Del Rey Nat Sc"]
["1606801","Pinewood El","1606801-Pinewood El"]
["1608701","Girls Acad Leader, Dr. King Sch for STEM","1608701-Girls Acad Leader, Dr. King Sch for STEM"]
["1609601","Plainview Academc CA","1609601-Plainview Academc CA"]
["1611001","Playa Del Rey El","1611001-Playa Del Rey El"]
["1612301","Plummer El","1612301-Plummer El"]
["1613701","Pt Fermin Mar Sci Mg","1613701-Pt Fermin Mar Sci Mg"]
["1614001","Pomelo Community CS","1614001-Pomelo Community CS"]
["1614002","Pomelo CCES Arts/Sciences Magnet","1614002-Pomelo CCES Arts/Sciences Magnet"]
["1614801","President El","1614801-President El"]
["1614802","President El DL Two-Way Im Spanish","1614802-President El DL Two-Way Im Spanish"]
["1615801","Purche El","1615801-Purche El"]
["1615802","Purche ES STEAM Magnet","1615802-Purche ES STEAM Magnet"]
["1616401","Queen Anne El","1616401-Queen Anne El"]
["1616402","Queen Anne El DL Two-Way Im Spanish","1616402-Queen Anne El DL Two-Way Im Spanish"]
["1617801","Ramona El","1617801-Ramona El"]
["1617901","Kingsley El","1617901-Kingsley El"]
["1617902","Kingsley El DL Two-Way Im Spanish","1617902-Kingsley El DL Two-Way Im Spanish"]
["1619201","Ranchito El","1619201-Ranchito El"]
["1619202","Ranchito Ave El DL Two-Way Im Spanish","1619202-Ranchito Ave El DL Two-Way Im Spanish"]
["1621901","Raymond Ave El","1621901-Raymond Ave El"]
["1623301","Reseda El","1623301-Reseda El"]
["1626001","Richland El","1626001-Richland El"]
["1626002","Richland El DL World Lang Im French","1626002-Richland El DL World Lang Im French"]
["1627401","Hamasaki El","1627401-Hamasaki El"]
["1627402","Hamasaki ES Medical/ Science Magnet","1627402-Hamasaki ES Medical/ Science Magnet"]
["1628801","Rio Vista El","1628801-Rio Vista El"]
["1630101","Ritter El","1630101-Ritter El"]
["1631501","Riverside Drive Charter","1631501-Riverside Drive Charter"]
["1632901","Rockdale VAPA Mag","1632901-Rockdale VAPA Mag"]
["1634201","Coeur D Alene El","1634201-Coeur D Alene El"]
["1635601","Roscoe El","1635601-Roscoe El"]
["1635602","Roscoe El DL Two-Way Ime Spanish","1635602-Roscoe El DL Two-Way Ime Spanish"]
["1636301","Roscomare El","1636301-Roscomare El"]
["1637001","Rosemont El","1637001-Rosemont El"]
["1638401","Rosewood Av ES Urban/Plan Des Magnet","1638401-Rosewood Av ES Urban/Plan Des Magnet"]
["1642501","Rowan El","1642501-Rowan El"]
["1642502","Rowan Ave El DL Two-Way Im Spanish","1642502-Rowan Ave El DL Two-Way Im Spanish"]
["1642601","Amanecer PC","1642601-Amanecer PC"]
["1643801","Russell El","1643801-Russell El"]
["1643802","Russell Elementary Gifted Magnet","1643802-Russell Elementary Gifted Magnet"]
["1645201","San Fernando El","1645201-San Fernando El"]
["1645202","San Fernando El DL Two-Way Im Spanish","1645202-San Fernando El DL Two-Way Im Spanish"]
["1646601","San Gabriel El","1646601-San Gabriel El"]
["1646602","San Gabriel El DL Two-Way Im Spanish","1646602-San Gabriel El DL Two-Way Im Spanish"]
["1647901","San Jose El","1647901-San Jose El"]
["1647902","San Jose Hg Mag","1647902-San Jose Hg Mag"]
["1649301","San Pascual Avenue Elementary STEAM Magnet","1649301-San Pascual Avenue Elementary STEAM Magnet"]
["1650101","San Fernando MS IAM","1650101-San Fernando MS IAM"]
["1650701","San Pedro El","1650701-San Pedro El"]
["1653401","King Jr El","1653401-King Jr El"]
["1653402","King Jr El DL Two-Way Im Spanish","1653402-King Jr El DL Two-Way Im Spanish"]
["1654901","Hollywood PC","1654901-Hollywood PC"]
["1656501","Saticoy El","1656501-Saticoy El"]
["1656502","Saticoy El DL Two-Way Im Armenian","1656502-Saticoy El DL Two-Way Im Armenian"]
["1657501","2nd St El","1657501-2nd St El"]
["1657502","2nd St El DL Two-Way Im Spanish","1657502-2nd St El DL Two-Way Im Spanish"]
["1658901","Selma El","1658901-Selma El"]
["1660601","Serrania CES","1660601-Serrania CES"]
["1661601","7th St El",{"$f":"A579&\"-\"&B579","v":"1661601-7th St El"}]
["1663001","75th St El","1663001-75th St El"]
["1663002","75Th St El DL Two-Way Im Spanish","1663002-75Th St El DL Two-Way Im Spanish"]
["1664401","74th St El","1664401-74th St El"]
["1664402","74th Street Elementary Gifted Magnet","1664402-74th Street Elementary Gifted Magnet"]
["1665801","Mc Kinley El","1665801-Mc Kinley El"]
["1666501","Sharp El","1666501-Sharp El"]
["1667101","Shenandoah El","1667101-Shenandoah El"]
["1668501","Sheridan St El","1668501-Sheridan St El"]
["1668502","Sheridan El DL Two-Way Im Spanish","1668502-Sheridan El DL Two-Way Im Spanish"]
["1669901","Sherman Oaks El CS","1669901-Sherman Oaks El CS"]
["1671201","Shirley El","1671201-Shirley El"]
["1674001","Short El","1674001-Short El"]
["1675301","Sierra Park El","1675301-Sierra Park El"]
["1676701","Sierra Vista El","1676701-Sierra Vista El"]
["1678101","6th Ave El","1678101-6th Ave El"]
["1678102","6th Av El DL Two-Way Im Spanish","1678102-6th Av El DL Two-Way Im Spanish"]
["1679501","Gil Garcetti Learning Academy","1679501-Gil Garcetti Learning Academy"]
["1680801","61st St El","1680801-61st St El"]
["1680802","61st St El DL Two-Way Im Spanish","1680802-61st St El DL Two-Way Im Spanish"]
["1682201","66th St El","1682201-66th St El"]
["1683601","Solano El","1683601-Solano El"]
["1684901","Soto El","1684901-Soto El"]
["1686301","South Park El","1686301-South Park El"]
["1686302","South Park El DL Two-Way Im Spanish","1686302-South Park El DL Two-Way Im Spanish"]
["1686701","Bridges School","1686701-Bridges School"]
["1686801","Obama Global Prep Acad","1686801-Obama Global Prep Acad"]
["1686802","Obama GPA STEAM Magnet","1686802-Obama GPA STEAM Magnet"]
["1686901","Knox El","1686901-Knox El"]
["1686902","Knox El DL Two-Way Im Spanish","1686902-Knox El DL Two-Way Im Spanish"]
["1686903","Knox ES Visual/Performing Arts Magnet","1686903-Knox ES Visual/Performing Arts Magnet"]
["1687001","S Shores Per Arts Mg","1687001-S Shores Per Arts Mg"]
["1687201","Wisdom El","1687201-Wisdom El"]
["1687301","Escalante El","1687301-Escalante El"]
["1687501","San Miguel El","1687501-San Miguel El"]
["1687502","San Miguel Elem Science/Tech/Math Magnet","1687502-San Miguel Elem Science/Tech/Math Magnet"]
["1687503","San Miguel El DL Two-Way Im Spanish","1687503-San Miguel El DL Two-Way Im Spanish"]
["1687504","San Miguel El DL World Lang Im Mandarin","1687504-San Miguel El DL World Lang Im Mandarin"]
["1687801","Montara Ave El","1687801-Montara Ave El"]
["1687802","Montara Avenue Elem Science/Tech/Math Mag","1687802-Montara Avenue Elem Science/Tech/Math Mag"]
["1687803","Montara Ave El DL Two-Way Im Spanish","1687803-Montara Ave El DL Two-Way Im Spanish"]
["1688001","Independence El","1688001-Independence El"]
["1688002","Independence Elementary STEM Magnet","1688002-Independence Elementary STEM Magnet"]
["1688003","Independence El DL Two-Way Im Spanish","1688003-Independence El DL Two-Way Im Spanish"]
["1688401","Roybal-Allard El","1688401-Roybal-Allard El"]
["1688402","Roybal-Allard El DL Two-Way Im Spanish","1688402-Roybal-Allard El DL Two-Way Im Spanish"]
["1688403","Roybal-Allard ES DREAMS Magnet","1688403-Roybal-Allard ES DREAMS Magnet"]
["1688601","BACA Arts Acad","1688601-BACA Arts Acad"]
["1688602","Baca Arts Acad DL Two-Way Im Spanish","1688602-Baca Arts Acad DL Two-Way Im Spanish"]
["1689001","Stagg El","1689001-Stagg El"]
["1690401","Stanford El","1690401-Stanford El"]
["1690402","Stanford Ave El DL Two-Way Im Spanish","1690402-Stanford Ave El DL Two-Way Im Spanish"]
["1690501","Stanford PC","1690501-Stanford PC"]
["1690502","Stanford PC El DL Two-Way Im Spanish","1690502-Stanford PC El DL Two-Way Im Spanish"]
["1691801","State El","1691801-State El"]
["1691802","State St El DL Two-Way Im Spanish","1691802-State St El DL Two-Way Im Spanish"]
["1692001","Hope El","1692001-Hope El"]
["1693201","Sterry El","1693201-Sterry El"]
["1694501","Stonehurst Av ES STEAM Magnet","1694501-Stonehurst Av ES STEAM Magnet"]
["1695201","Stoner El","1695201-Stoner El"]
["1695202","Stoner El DL One-Way Im Spanish","1695202-Stoner El DL One-Way Im Spanish"]
["1695901","Strathern El","1695901-Strathern El"]
["1697301","Sunland El","1697301-Sunland El"]
["1697302","Sunland Elementary Gifted Magnet","1697302-Sunland Elementary Gifted Magnet"]
["1698601","Sunny Brae El",{"$f":"A643&\"-\"&B643","v":"1698601-Sunny Brae El"}]
["1698602","Sunny Brae Av ES Global Awareness Magnet","1698602-Sunny Brae Av ES Global Awareness Magnet"]
["1698603","Sunny Brae El DL Two-Way Im Spanish","1698603-Sunny Brae El DL Two-Way Im Spanish"]
["1698801","Sunrise El","1698801-Sunrise El"]
["1698802","Sunrise El DL Two-Way Im Spanish","1698802-Sunrise El DL Two-Way Im Spanish"]
["1700701","Superior El","1700701-Superior El"]
["1701401","Sylmar El","1701401-Sylmar El"]
["1702701","Sylvan Park El","1702701-Sylvan Park El"]
["1703501","Taper El","1703501-Taper El"]
["1703502","Taper ES STEAM Magnet","1703502-Taper ES STEAM Magnet"]
["1704101","Tarzana El","1704101-Tarzana El"]
["1706801","Telfair El","1706801-Telfair El"]
["1706802","Telfair Ave El DL Two-Way Im Spanish","1706802-Telfair Ave El DL Two-Way Im Spanish"]
["1708201","10th St El","1708201-10th St El"]
["1711001","3rd St El","1711001-3rd St El"]
["1711002","3rd St El DL Two-Way Im Korean","1711002-3rd St El DL Two-Way Im Korean"]
["1712301","Bradley Glbl Awr Mag","1712301-Bradley Glbl Awr Mag"]
["1713701","32nd/USC Per Art Mag","1713701-32nd/USC Per Art Mag"]
["1713702","LAUSD/USC Media Arts/Engineering Magnet","1713702-LAUSD/USC Media Arts/Engineering Magnet"]
["1715101","Weemes El","1715101-Weemes El"]
["1716401","Bright El","1716401-Bright El"]
["1717801","Toland Way El","1717801-Toland Way El"]
["1719201","Toluca Lake El","1719201-Toluca Lake El"]
["1719801","Topanga El CS","1719801-Topanga El CS"]
["1720101","Topeka Charter for Advanced Studies","1720101-Topeka Charter for Advanced Studies"]
["1720501","Towne El","1720501-Towne El"]
["1721901","Trinity El","1721901-Trinity El"]
["1721902","Trinity St El DL Two-Way Im Spanish","1721902-Trinity St El DL Two-Way Im Spanish"]
["1722001","Maple PC","1722001-Maple PC"]
["1722002","Maple PC DL Two-Way Im Spanish","1722002-Maple PC DL Two-Way Im Spanish"]
["1724701","Tulsa El","1724701-Tulsa El"]
["1726001","Tweedy El","1726001-Tweedy El"]
["1726002","Tweedy EL DL Two-Way Im Spanish","1726002-Tweedy EL DL Two-Way Im Spanish"]
["1727401","20th St El","1727401-20th St El"]
["1727402","20th St El DL Two-Way Im Spanish","1727402-20th St El DL Two-Way Im Spanish"]
["1728801","28th St El","1728801-28th St El"]
["1728802","28th St El DL One-Way Im Spanish","1728802-28th St El DL One-Way Im Spanish"]
["1730101","24th St El","1730101-24th St El"]
["1732901","232nd Pl El","1732901-232nd Pl El"]
["1732902","232nd Pl ES STEMM Magnet","1732902-232nd Pl ES STEMM Magnet"]
["1734201","Meyler El","1734201-Meyler El"]
["1734202","Meyler El DL Two-Way Im Spanish","1734202-Meyler El DL Two-Way Im Spanish"]
["1735601","Union El","1735601-Union El"]
["1737001","Utah El","1737001-Utah El"]
["1738401","Valerio El","1738401-Valerio El"]
["1739001","Lake Balboa College Prep Magnet K-12","1739001-Lake Balboa College Prep Magnet K-12"]
["1739701","Valley View El","1739701-Valley View El"]
["1739801","Alta California El","1739801-Alta California El"]
["1739802","Alta California ES Gifted/STEAM Magnet","1739802-Alta California ES Gifted/STEAM Magnet"]
["1739901","Korenstein El","1739901-Korenstein El"]
["1740001","Vista Del Valle Acad","1740001-Vista Del Valle Acad"]
["1740002","Vista Del Valle Ac DL Two-Way Im Spanish","1740002-Vista Del Valle Ac DL Two-Way Im Spanish"]
["1740101","Cardenas El","1740101-Cardenas El"]
["1740201","Mosk El","1740201-Mosk El"]
["1740202","Mosk ES STEAM Magnet","1740202-Mosk ES STEAM Magnet"]
["1740401","Santana Arts Academy","1740401-Santana Arts Academy"]
["1740402","Santana Arts Acad DL Two-Way Im Spanish","1740402-Santana Arts Acad DL Two-Way Im Spanish"]
["1740801","Sylmar Ldshp Acad","1740801-Sylmar Ldshp Acad"]
["1741101","Vanalden El","1741101-Vanalden El"]
["1741901","Van Deene El","1741901-Van Deene El"]
["1742201","Van Gogh Charter","1742201-Van Gogh Charter"]
["1742501","Van Ness El","1742501-Van Ness El"]
["1743201","Columbus Ave El","1743201-Columbus Ave El"]
["1743801","Van Nuys El","1743801-Van Nuys El"]
["1746601","Vena El",{"$f":"A707&\"-\"&B707","v":"1746601-Vena El"}]
["1746602","Vena Avenue Elementary Gifted Magnet","1746602-Vena Avenue Elementary Gifted Magnet"]
["1747901","Vermont El","1747901-Vermont El"]
["1749301","Vernon City El","1749301-Vernon City El"]
["1750701","Victoria El","1750701-Victoria El"]
["1752101","Victory El","1752101-Victory El"]
["1752102","Victory Bl ES STEAM Magnet","1752102-Victory Bl ES STEAM Magnet"]
["1753401","Vine El","1753401-Vine El"]
["1754801","Vinedale El","1754801-Vinedale El"]
["1756201","Vintage Math/Sci Mag","1756201-Vintage Math/Sci Mag"]
["1756601","University Pathways Public Svc Academy","1756601-University Pathways Public Svc Academy"]
["1756701","University Pathways Medical Mag Academy","1756701-University Pathways Medical Mag Academy"]
["1756901","Boys Academic Leadership Academy","1756901-Boys Academic Leadership Academy"]
["1757401","Horace Mann UCLA Community School","1757401-Horace Mann UCLA Community School"]
["1757501","Virginia El","1757501-Virginia El"]
["1757502","Virginia Rd El DL Two-Way Im Spanish","1757502-Virginia Rd El DL Two-Way Im Spanish"]
["1758901","Wadsworth El","1758901-Wadsworth El"]
["1760301","Walgrove El","1760301-Walgrove El"]
["1760401","The Science Academy STEM Magnet","1760401-The Science Academy STEM Magnet"]
["1761401","Nava Coll Prep Acad","1761401-Nava Coll Prep Acad"]
["1761501","Boyle Heights HS STEM Magnet","1761501-Boyle Heights HS STEM Magnet"]
["1761601","Warner El","1761601-Warner El"]
["1763001","Washington PC","1763001-Washington PC"]
["1763002","Washington PC DL Two-Way Im Spanish","1763002-Washington PC DL Two-Way Im Spanish"]
["1763401","Weigand El","1763401-Weigand El"]
["1763701","Welby Way Charter ES & GHA Magnet","1763701-Welby Way Charter ES & GHA Magnet"]
["1763702","Welby Way Charter Elementary Gifted Magnet","1763702-Welby Way Charter Elementary Gifted Magnet"]
["1764001","Chavez El","1764001-Chavez El"]
["1764401","West Athens El","1764401-West Athens El"]
["1764901","West Hollywood El","1764901-West Hollywood El"]
["1765401","West Vernon El","1765401-West Vernon El"]
["1765601","Carson Acad Med Arts","1765601-Carson Acad Med Arts"]
["1765701","Carson Acad Ed & Emp","1765701-Carson Acad Ed & Emp"]
["1765801","Sylmar Academy Biotech Health/Eng Magnet","1765801-Sylmar Academy Biotech Health/Eng Magnet"]
["1766401","Legacy SH VAPA","1766401-Legacy SH VAPA"]
["1766501","Hawkins SH CHAS","1766501-Hawkins SH CHAS"]
["1766601","Hawkins SH RISE","1766601-Hawkins SH RISE"]
["1766701","Dymally SH","1766701-Dymally SH"]
["1766702","Dymally HS Biomed Science/Research Mag","1766702-Dymally HS Biomed Science/Research Mag"]
["1766901","Marquez SH Soc Jus","1766901-Marquez SH Soc Jus"]
["1767101","Western Av Tech/Eng/Comm/Hum Magnet","1767101-Western Av Tech/Eng/Comm/Hum Magnet"]
["1769901","Westminster ES Math/Tech/Env Stud Magnet","1769901-Westminster ES Math/Tech/Env Stud Magnet"]
["1771201","Westport Hts El","1771201-Westport Hts El"]
["1771501","Chavez LA Artes Mag","1771501-Chavez LA Artes Mag"]
["1771601","Chavez LA SJ Hum Ac","1771601-Chavez LA SJ Hum Ac"]
["1771701","Chavez LA ASE","1771701-Chavez LA ASE"]
["1771801","Rivera LC Com & Tech","1771801-Rivera LC Com & Tech"]
["1771901","Diego Rivera LC Green Design STEAM Acad","1771901-Diego Rivera LC Green Design STEAM Acad"]
["1772101","Rivera LC Perf Arts","1772101-Rivera LC Perf Arts"]
["1772201","Dr. Maya Angelou Community Senior High","1772201-Dr. Maya Angelou Community Senior High"]
["1772501","Marquez SH LIBRA","1772501-Marquez SH LIBRA"]
["1773401","Bernstein SH STEM","1773401-Bernstein SH STEM"]
["1774001","Westwood Chtr El","1774001-Westwood Chtr El"]
["1774901","Roosevelt SH","1774901-Roosevelt SH"]
["1774902","Roosevelt HS Law/Public Services Magnet","1774902-Roosevelt HS Law/Public Services Magnet"]
["1775101","Roosevelt Senior High Science/Tech/Math","1775101-Roosevelt Senior High Science/Tech/Math"]
["1775201","Solis Learning Acad","1775201-Solis Learning Acad"]
["1776701","White Point El","1776701-White Point El"]
["1777101","RFK Ambsdr Glbl Ldsh","1777101-RFK Ambsdr Glbl Ldsh"]
["1777201","Torres Renaissance","1777201-Torres Renaissance"]
["1777301","Torres Eng & Tech","1777301-Torres Eng & Tech"]
["1777401","Wilbur El","1777401-Wilbur El"]
["1777501","Torres Hum/Art/Tech","1777501-Torres Hum/Art/Tech"]
["1777701","Torres HS Social Justice Ldshp Ac Magnet","1777701-Torres HS Social Justice Ldshp Ac Magnet"]
["1778001","RFK UCLA Comm Sch",{"$f":"A771&\"-\"&B771","v":"1778001-RFK UCLA Comm Sch"}]
["1778002","RFK UCLA Comm Sch DL One-Way Im Spanish","1778002-RFK UCLA Comm Sch DL One-Way Im Spanish"]
["1778101","Wilmington Park El","1778101-Wilmington Park El"]
["1778301","RFK Comm Schs-New Open World Acad K-12","1778301-RFK Comm Schs-New Open World Acad K-12"]
["1779501","Wilshire Crest El","1779501-Wilshire Crest El"]
["1779502","Wilshire Crest El DL Two-Way Im Spanish","1779502-Wilshire Crest El DL Two-Way Im Spanish"]
["1780801","Wilton Pl El","1780801-Wilton Pl El"]
["1780802","Wilton Pl El DL Two-Way Im Spanish","1780802-Wilton Pl El DL Two-Way Im Spanish"]
["1780803","Wilton Pl El DL Two-Way Im Korean","1780803-Wilton Pl El DL Two-Way Im Korean"]
["1782201","Windsor M/S Aero Mag","1782201-Windsor M/S Aero Mag"]
["1783601","Winnetka El","1783601-Winnetka El"]
["1784901","Wonderland El","1784901-Wonderland El"]
["1784902","Wonderland G/HA Mag","1784902-Wonderland G/HA Mag"]
["1786301","Woodcrest El","1786301-Woodcrest El"]
["1787701","Woodlake Elementary Community Charter","1787701-Woodlake Elementary Community Charter"]
["1789001","Woodland Hills CES","1789001-Woodland Hills CES"]
["1789501","Valley Oaks Center for Enr Studies Mag","1789501-Valley Oaks Center for Enr Studies Mag"]
["1790401","Woodlawn El","1790401-Woodlawn El"]
["1790402","Woodlawn Ave El DL Two-Way Im Spanish","1790402-Woodlawn Ave El DL Two-Way Im Spanish"]
["1795901","Yorkdale El","1795901-Yorkdale El"]
["1800901","Adams MS","1800901-Adams MS"]
["1800902","John Adams MS Gifted Magnet","1800902-John Adams MS Gifted Magnet"]
["1802801","Audubon MS","1802801-Audubon MS"]
["1802802","Audubon MS Gifted Magnet","1802802-Audubon MS Gifted Magnet"]
["1803801","Bancroft MS","1803801-Bancroft MS"]
["1803802","Bancroft Per Art Mag","1803802-Bancroft Per Art Mag"]
["1803803","Hubert Howe Bancroft MS Gifted STEAM Mag","1803803-Hubert Howe Bancroft MS Gifted STEAM Mag"]
["1804501","Castro MS","1804501-Castro MS"]
["1804701","Belvedere MS","1804701-Belvedere MS"]
["1804702","Belvedere Media Mag","1804702-Belvedere Media Mag"]
["1804703","Belvedere MS STEAM Magnet","1804703-Belvedere MS STEAM Magnet"]
["1805701","Berendo MS","1805701-Berendo MS"]
["1805801","Liechty MS","1805801-Liechty MS"]
["1806001","Bethune MS","1806001-Bethune MS"]
["1806002","Mary Mcleod Bethune MS Science/Tech/Math","1806002-Mary Mcleod Bethune MS Science/Tech/Math"]
["1806201","Clinton MS","1806201-Clinton MS"]
["1806401","Kim Academy","1806401-Kim Academy"]
["1806601","Burbank MS Arts/Tech/Comm Magnet","1806601-Burbank MS Arts/Tech/Comm Magnet"]
["1806603","Burbank Police Ac Mg","1806603-Burbank Police Ac Mg"]
["1807501","Burroughs MS","1807501-Burroughs MS"]
["1807502","John Burroughs MS Gifted Magnet","1807502-John Burroughs MS Gifted Magnet"]
["1808001","Byrd MS","1808001-Byrd MS"]
["1808002","Richard E Byrd MS Science/Tech/Math Magnet","1808002-Richard E Byrd MS Science/Tech/Math Magnet"]
["1809001","Carnegie MS","1809001-Carnegie MS"]
["1809002","Carnegie MS Medical Magnet","1809002-Carnegie MS Medical Magnet"]
["1809401","Carver MS","1809401-Carver MS"]
["1810201","Columbus MS","1810201-Columbus MS"]
["1810202","Columbus MS M/S/Med","1810202-Columbus MS M/S/Med"]
["1810301","Curtiss MS","1810301-Curtiss MS"]
["1810302","Curtiss MS STEAM Magnet","1810302-Curtiss MS STEAM Magnet"]
["1810401","Dana MS","1810401-Dana MS"]
["1810402","Dana STEAM Magnet","1810402-Dana STEAM Magnet"]
["1810701","Gaspar De Portola Charter Middle","1810701-Gaspar De Portola Charter Middle"]
["1810702","Portola Highly Gifted Magnet","1810702-Portola Highly Gifted Magnet"]
["1810703","Academy of Integrated Arts & Technology","1810703-Academy of Integrated Arts & Technology"]
["1811001","Dodson MS","1811001-Dodson MS"]
["1811002","Rudecinda Sepulveda Dodson MS Gifted Mag","1811002-Rudecinda Sepulveda Dodson MS Gifted Mag"]
["1811003","Dodson MS Visual/Performing Arts Magnet","1811003-Dodson MS Visual/Performing Arts Magnet"]
["1811201","Drew MS","1811201-Drew MS"]
["1811202","Charles Drew MS Gifted Magnet","1811202-Charles Drew MS Gifted Magnet"]
["1811301","Edison MS","1811301-Edison MS"]
["1811601","Romer MS","1811601-Romer MS"]
["1811602","Romer STEM Magnet","1811602-Romer STEM Magnet"]
["1811603","Romer MS G/HG/HA/Humanities Magnet","1811603-Romer MS G/HG/HA/Humanities Magnet"]
["1811701","Vista MS",{"$f":"A835&\"-\"&B835","v":"1811701-Vista MS"}]
["1811703","Vista MS Sports Med/College Prep Magnet","1811703-Vista MS Sports Med/College Prep Magnet"]
["1811704","Vista MS Gifted STEAM Magnet","1811704-Vista MS Gifted STEAM Magnet"]
["1811801","El Sereno MS","1811801-El Sereno MS"]
["1811802","El Sereno MS Science/Tech/Math Magnet","1811802-El Sereno MS Science/Tech/Math Magnet"]
["1811803","El Sereno MS Gifted Magnet","1811803-El Sereno MS Gifted Magnet"]
["1811804","El Sereno MS Env Sci/Humanitarian Magnet","1811804-El Sereno MS Env Sci/Humanitarian Magnet"]
["1812301","Emerson Comm Charter","1812301-Emerson Comm Charter"]
["1812701","Fleming MS","1812701-Fleming MS"]
["1812702","Alexander Fleming MS Science/Tech/Math Mag","1812702-Alexander Fleming MS Science/Tech/Math Mag"]
["1813201","Foshay LC","1813201-Foshay LC"]
["1813701","Frost MS","1813701-Frost MS"]
["1813702","Robert Frost MS Science/Tech/Math Magnet","1813702-Robert Frost MS Science/Tech/Math Magnet"]
["1814201","Fulton College Prep","1814201-Fulton College Prep"]
["1814204","Fulton Communication Arts/Music Magnet","1814204-Fulton Communication Arts/Music Magnet"]
["1815101","Gage MS","1815101-Gage MS"]
["1815102","Henry T Gage MS Science/Tech/Math Magnet","1815102-Henry T Gage MS Science/Tech/Math Magnet"]
["1815301","Southeast MS","1815301-Southeast MS"]
["1815302","Southeast MS DREAMS Magnet","1815302-Southeast MS DREAMS Magnet"]
["1816001","Gompers MS","1816001-Gompers MS"]
["1816002","Gompers MS STEAM Magnet","1816002-Gompers MS STEAM Magnet"]
["1816801","Griffith MS STEAM Magnet","1816801-Griffith MS STEAM Magnet"]
["1816901","George E Hale Charter Acad","1816901-George E Hale Charter Acad"]
["1816902","George Ellery Hale Charter Aca Gifted St","1816902-George Ellery Hale Charter Aca Gifted St"]
["1816903","Hale Charter Academy VAPA Magnet","1816903-Hale Charter Academy VAPA Magnet"]
["1817001","Harte Prep MS","1817001-Harte Prep MS"]
["1817401","Henry MS","1817401-Henry MS"]
["1817402","Henry MS Comp/M/S Mg","1817402-Henry MS Comp/M/S Mg"]
["1817403","Henry Visual And Performing Arts Magnet","1817403-Henry Visual And Performing Arts Magnet"]
["1817901","Hollenbeck MS","1817901-Hollenbeck MS"]
["1817902","Hollenbeck MS STEMM Magnet","1817902-Hollenbeck MS STEMM Magnet"]
["1817903","Hollenbeck MS Law/Public Service Magnet","1817903-Hollenbeck MS Law/Public Service Magnet"]
["1818201","Holmes MS","1818201-Holmes MS"]
["1818202","Holmes Int Human Mag","1818202-Holmes Int Human Mag"]
["1818901","Irving MME Mag","1818901-Irving MME Mag"]
["1820001","Los Angeles Acad MS","1820001-Los Angeles Acad MS"]
["1820002","Los Angeles Academy STEAM Magnet","1820002-Los Angeles Academy STEAM Magnet"]
["1820601","RFK Sch Vis Arts/Hum","1820601-RFK Sch Vis Arts/Hum"]
["1820701","Contreras LC ALC","1820701-Contreras LC ALC"]
["1820801","King Film/Media Mag","1820801-King Film/Media Mag"]
["1820802","Thomas Starr King MS Gifted/Arts/Technology","1820802-Thomas Starr King MS Gifted/Arts/Technology"]
["1820803","King MS ESTEAM Magnet","1820803-King MS ESTEAM Magnet"]
["1821701","Lawrence MS","1821701-Lawrence MS"]
["1821702","Ernest Lawrence MS Gifted Magnet","1821702-Ernest Lawrence MS Gifted Magnet"]
["1821703","Lawrence MS Pioneering Science Magnet","1821703-Lawrence MS Pioneering Science Magnet"]
["1822601","Le Conte MS","1822601-Le Conte MS"]
["1822602","Le Conte HEAT Magnet","1822602-Le Conte HEAT Magnet"]
["1822603","Le Conte CES CA Mag","1822603-Le Conte CES CA Mag"]
["1822801","Maclay MS","1822801-Maclay MS"]
["1823001","Madison MS","1823001-Madison MS"]
["1823002","Madison M/S/Med Mag","1823002-Madison M/S/Med Mag"]
["1823003","Madison Computer Sci/Eng Design Magnet","1823003-Madison Computer Sci/Eng Design Magnet"]
["1823501","Marina Del Rey MS","1823501-Marina Del Rey MS"]
["1823502","Marina Del Rey PA Mg","1823502-Marina Del Rey PA Mg"]
["1823701","Markham MS","1823701-Markham MS"]
["1823702","Markham Hlth CAR Mag","1823702-Markham Hlth CAR Mag"]
["1823801","Robert A. Millikan Affiliated Chtr & PAM","1823801-Robert A. Millikan Affiliated Chtr & PAM"]
["1823802","Millikan Charter MS Performing Arts Mag","1823802-Millikan Charter MS Performing Arts Mag"]
["1823804","Millikan Charter MS Socl/Gndr Equity Mg","1823804-Millikan Charter MS Socl/Gndr Equity Mg"]
["1824001","Mount Gleason MS","1824001-Mount Gleason MS"]
["1824002","Mount Gleason MS Gifted Magnet","1824002-Mount Gleason MS Gifted Magnet"]
["1824003","Mount Gleason MS STEAM Magnet","1824003-Mount Gleason MS STEAM Magnet"]
["1824501","Cochran MS","1824501-Cochran MS"]
["1825501","Muir MS","1825501-Muir MS"]
["1825502","John Muir MS Science/Tech/Math Magnet",{"$f":"A899&\"-\"&B899","v":"1825502-John Muir MS Science/Tech/Math Magnet"}]
["1825901","Mulholland MS","1825901-Mulholland MS"]
["1825902","Mulholland MS Police Academy","1825902-Mulholland MS Police Academy"]
["1825903","Mulholland Robotics Magnet","1825903-Mulholland Robotics Magnet"]
["1826401","Nightingale MS","1826401-Nightingale MS"]
["1826402","Nightingale BET Magnet","1826402-Nightingale BET Magnet"]
["1826403","Florence Nightingale MS Gifted STEM Magnet","1826403-Florence Nightingale MS Gifted STEM Magnet"]
["1826404","Nightingale MS Med/Hea/Kinesiology Mag","1826404-Nightingale MS Med/Hea/Kinesiology Mag"]
["1826801","Nimitz MS","1826801-Nimitz MS"]
["1826802","Chester W Nimitz MS Science/Technology/Math","1826802-Chester W Nimitz MS Science/Technology/Math"]
["1827201","Alfred B. Nobel Charter Middle","1827201-Alfred B. Nobel Charter Middle"]
["1827202","Nobel Charter MS STEAM Magnet","1827202-Nobel Charter MS STEAM Magnet"]
["1828301","Northridge MS","1828301-Northridge MS"]
["1828303","Northridge MS Medical/Health Careers Mag","1828303-Northridge MS Medical/Health Careers Mag"]
["1830601","Olive Vista MS","1830601-Olive Vista MS"]
["1830602","Olive Vista MS STEAM Magnet","1830602-Olive Vista MS STEAM Magnet"]
["1832101","Pacoima MS","1832101-Pacoima MS"]
["1832102","Pacoima MS Film/Media/Perf Arts Magnet","1832102-Pacoima MS Film/Media/Perf Arts Magnet"]
["1832103","Pacoima MS Computer Science/Math Magnet","1832103-Pacoima MS Computer Science/Math Magnet"]
["1834001","Palms MS","1834001-Palms MS"]
["1834002","Palms MS Gifted Magnet","1834002-Palms MS Gifted Magnet"]
["1834003","PalMS MS Modern Media/Comm. Magnet","1834003-PalMS MS Modern Media/Comm. Magnet"]
["1834401","Woodland Hills Acad","1834401-Woodland Hills Acad"]
["1834402","Woodland Hills Academy Humanities Magnet","1834402-Woodland Hills Academy Humanities Magnet"]
["1835201","Peary MS","1835201-Peary MS"]
["1835202","Peary MS STEAM Magnet","1835202-Peary MS STEAM Magnet"]
["1835203","Peary MS Gifted Magnet","1835203-Peary MS Gifted Magnet"]
["1835401","Porter MS","1835401-Porter MS"]
["1835402","George K Porter MS Gifted Magnet","1835402-George K Porter MS Gifted Magnet"]
["1835501","Reed MS","1835501-Reed MS"]
["1835601","Revere MS","1835601-Revere MS"]
["1835602","Paul Revere Charter MS Science/Tech/Math","1835602-Paul Revere Charter MS Science/Tech/Math"]
["1835801","San Fernando MS","1835801-San Fernando MS"]
["1836301","Sepulveda MS","1836301-Sepulveda MS"]
["1836302","Francisco Sepulveda MS Gifted Magnet","1836302-Francisco Sepulveda MS Gifted Magnet"]
["1836303","Sepulveda MS Kine/Sports Medicine Magnet","1836303-Sepulveda MS Kine/Sports Medicine Magnet"]
["1837701","South Gate MS","1837701-South Gate MS"]
["1837702","South Gate MS Science/Tech/Math Magnet","1837702-South Gate MS Science/Tech/Math Magnet"]
["1838701","Robert L Stevenson College & Career Prep","1838701-Robert L Stevenson College & Career Prep"]
["1838702","Stevenson Col & Car Prep Gifted Magnet","1838702-Stevenson Col & Car Prep Gifted Magnet"]
["1838703","Stevenson Col & Car Prep Ca Magnet","1838703-Stevenson Col & Car Prep Ca Magnet"]
["1839001","Walnut Park MS SJ/SL","1839001-Walnut Park MS SJ/SL"]
["1839601","Sun Valley ET Mag","1839601-Sun Valley ET Mag"]
["1839602","Sun Valley ES Mag","1839602-Sun Valley ES Mag"]
["1839603","Sun Valley BSEL Mag","1839603-Sun Valley BSEL Mag"]
["1840601","Sutter MS","1840601-Sutter MS"]
["1840602","Sutter MS STEAM Magnet","1840602-Sutter MS STEAM Magnet"]
["1842501","Mark Twain MS","1842501-Mark Twain MS"]
["1842502","Mark Twain WL Mag","1842502-Mark Twain WL Mag"]
["1843401","Van Nuys MS","1843401-Van Nuys MS"]
["1843402","Van Nuys MS STEAM Magnet","1843402-Van Nuys MS STEAM Magnet"]
["1846201","Virgil MS","1846201-Virgil MS"]
["1846202","Virgil Med & Health Sci Magnet","1846202-Virgil Med & Health Sci Magnet"]
["1848101","Webster MS","1848101-Webster MS"]
["1848102","Webster MS STEAM Magnet","1848102-Webster MS STEAM Magnet"]
["1848701","White MS","1848701-White MS"]
["1848702","White STEAM Magnet","1848702-White STEAM Magnet"]
["1849001","Wilmington MS STEAM Magnet","1849001-Wilmington MS STEAM Magnet"]
["1849301","Wright Eng & Design Magnet","1849301-Wright Eng & Design Magnet"]
["1849303","Wright MS Gifted Magnet","1849303-Wright MS Gifted Magnet"]
["1850101","RFK LA SH Arts","1850101-RFK LA SH Arts"]
["1851301","Northridge Acad SH","1851301-Northridge Acad SH"]
["1851601","Cortines Sch Of VPA","1851601-Cortines Sch Of VPA"]
["1851701","Contreras Bus Tour","1851701-Contreras Bus Tour"]
["1851801","Dr. R.A. Vladovic Harbor Tchr Prep Acad",{"$f":"A963&\"-\"&B963","v":"1851801-Dr. R.A. Vladovic Harbor Tchr Prep Acad"}]
["1852701","Contreras LC Soc Jus","1852701-Contreras LC Soc Jus"]
["1852901","Banning SH","1852901-Banning SH"]
["1852902","Banning HS College Preparatory Magnet","1852902-Banning HS College Preparatory Magnet"]
["1852907","Phineas Banning Senior High Firefighter","1852907-Phineas Banning Senior High Firefighter"]
["1852908","Phineas Banning Senior High STEAM Magnet","1852908-Phineas Banning Senior High STEAM Magnet"]
["1852909","Banning HS Police Academy Magnet","1852909-Banning HS Police Academy Magnet"]
["1853601","Bell SH","1853601-Bell SH"]
["1853614","Bell SH Gifted Science/Tech/Eng/Math Mag","1853614-Bell SH Gifted Science/Tech/Eng/Math Mag"]
["1854301","Belmont SH","1854301-Belmont SH"]
["1854401","Roybal LC","1854401-Roybal LC"]
["1854406","Roybal LC Innov Cine Arts/Music Prod Mag","1854406-Roybal LC Innov Cine Arts/Music Prod Mag"]
["1855801","Pearl Journ/Comm Mag","1855801-Pearl Journ/Comm Mag"]
["1857101","Canoga Park SH","1857101-Canoga Park SH"]
["1857102","Canoga Park HS Eng & Env/Vet Sci Magnet","1857102-Canoga Park HS Eng & Env/Vet Sci Magnet"]
["1857106","Canoga Park HS Comm Arts/Media Magnet","1857106-Canoga Park HS Comm Arts/Media Magnet"]
["1857501","Carson SH","1857501-Carson SH"]
["1857701","Sotomayor Art/Sciences Magnet","1857701-Sotomayor Art/Sciences Magnet"]
["1858301","Chatsworth Chtr HS","1858301-Chatsworth Chtr HS"]
["1858309","Chatsworth Charter HS GSTEAM Magnet","1858309-Chatsworth Charter HS GSTEAM Magnet"]
["1859001","Cleveland Chtr HS","1859001-Cleveland Chtr HS"]
["1859002","Cleveland Human Mag","1859002-Cleveland Human Mag"]
["1859007","Cleveland Charter HS GMS Magnet","1859007-Cleveland Charter HS GMS Magnet"]
["1859601","Crenshaw STEMM Mag","1859601-Crenshaw STEMM Mag"]
["1860001","Dorsey SH","1860001-Dorsey SH"]
["1860002","Susan Miller Dorsey SH Science/Tech/Math","1860002-Susan Miller Dorsey SH Science/Tech/Math"]
["1860003","Susan Miller Dorsey SH Law/Public Srv/Po","1860003-Susan Miller Dorsey SH Law/Public Srv/Po"]
["1860009","Dorsey HS Firefighter/EMS Magnet","1860009-Dorsey HS Firefighter/EMS Magnet"]
["1860601","Torres ELA PA Mag","1860601-Torres ELA PA Mag"]
["1860701","East Valley SH","1860701-East Valley SH"]
["1860901","Arleta SH","1860901-Arleta SH"]
["1861001","Panorama SH","1861001-Panorama SH"]
["1861007","Panorama HS Sports Med/Info Tech Magnet","1861007-Panorama HS Sports Med/Info Tech Magnet"]
["1861008","Panorama HS Gifted STEAM Magnet","1861008-Panorama HS Gifted STEAM Magnet"]
["1861101","Mendez SH","1861101-Mendez SH"]
["1861401","Eagle Rock HS","1861401-Eagle Rock HS"]
["1861402","Eagle Rock High School Gifted Magnet","1861402-Eagle Rock High School Gifted Magnet"]
["1861801","Wilson SH","1861801-Wilson SH"]
["1861802","Wilson Police Acd Mg","1861802-Wilson Police Acd Mg"]
["1861803","Wilson Adm/Law Mag","1861803-Wilson Adm/Law Mag"]
["1861810","Woodrow Wilson Senior High Firefighter Mag","1861810-Woodrow Wilson Senior High Firefighter Mag"]
["1862101","Fairfax SH","1862101-Fairfax SH"]
["1862102","Fairfax Vis Arts Mag","1862102-Fairfax Vis Arts Mag"]
["1862108","Fairfax HS Police Academy Magnet","1862108-Fairfax HS Police Academy Magnet"]
["1863601","Polytechnic SH","1863601-Polytechnic SH"]
["1863602","John H Francis Polytechnic SH Sci/Tech/Math","1863602-John H Francis Polytechnic SH Sci/Tech/Math"]
["1864301","Franklin SH","1864301-Franklin SH"]
["1864302","Benjamin Franklin SH Science/Tech/Math Mag","1864302-Benjamin Franklin SH Science/Tech/Math Mag"]
["1864311","Franklin HS Dual Language Academy Magnet","1864311-Franklin HS Dual Language Academy Magnet"]
["1865001","Fremont SH","1865001-Fremont SH"]
["1865002","Fremont HS STEAM Magnet","1865002-Fremont HS STEAM Magnet"]
["1866401","Gardena SH","1866401-Gardena SH"]
["1866402","Gardena HS Gobal Business Magnet","1866402-Gardena HS Gobal Business Magnet"]
["1866407","Gardena HS Law/Public Service Magnet","1866407-Gardena HS Law/Public Service Magnet"]
["1867901","Garfield SH","1867901-Garfield SH"]
["1867902","Garfield Comp Sci Mg","1867902-Garfield Comp Sci Mg"]
["1868301","Grant SH","1868301-Grant SH"]
["1868302","Grant HS College Prep/Digital Arts Mag","1868302-Grant HS College Prep/Digital Arts Mag"]
["1868308","Grant HS Hum For Interdiscip Studies Mag","1868308-Grant HS Hum For Interdiscip Studies Mag"]
["1868601","Hamilton SH-Complex","1868601-Hamilton SH-Complex"]
["1868602","Hamilton Music & Perf Arts Mag","1868602-Hamilton Music & Perf Arts Mag"]
["1868603","Hamilton Human Mag","1868603-Hamilton Human Mag"]
["1869301","Hollywood SH","1869301-Hollywood SH"]
["1869302","Hollywood Per Art Mg","1869302-Hollywood Per Art Mg"]
["1869307","Hollywood HS New Media Magnet",{"$f":"A1027&\"-\"&B1027","v":"1869307-Hollywood HS New Media Magnet"}]
["1869601","Bernstein SH","1869601-Bernstein SH"]
["1869602","Bernstein HS Cine Arts/Creative Tech Mag","1869602-Bernstein HS Cine Arts/Creative Tech Mag"]
["1870001","Huntington Park SH","1870001-Huntington Park SH"]
["1870018","Huntington Park HS STEAM Magnet","1870018-Huntington Park HS STEAM Magnet"]
["1870101","International St LC","1870101-International St LC"]
["1871001","Early College Acad","1871001-Early College Acad"]
["1871301","Hawkins SH C/DAGS","1871301-Hawkins SH C/DAGS"]
["1871401","Jefferson SH","1871401-Jefferson SH"]
["1871601","Santee Educ Complex","1871601-Santee Educ Complex"]
["1872101","Jordan SH","1872101-Jordan SH"]
["1872501","Kennedy SH","1872501-Kennedy SH"]
["1872502","Kennedy A/DD/FM Magnet","1872502-Kennedy A/DD/FM Magnet"]
["1872508","John F Kennedy Senior High Gifted Medical Mag","1872508-John F Kennedy Senior High Gifted Medical Mag"]
["1872701","King-Drew Med Mag","1872701-King-Drew Med Mag"]
["1872901","Lincoln SH","1872901-Lincoln SH"]
["1872902","Abraham Lincoln SH Science/Tech/Math Mag","1872902-Abraham Lincoln SH Science/Tech/Math Mag"]
["1872908","Lincoln ESP Magnet","1872908-Lincoln ESP Magnet"]
["1873601","Los Angeles SH","1873601-Los Angeles SH"]
["1873602","Los Angeles HS STEAM Magnet","1873602-Los Angeles HS STEAM Magnet"]
["1873801","Downtwn Business Mag","1873801-Downtwn Business Mag"]
["1873803","Downtown Computer Sci/Digital Media Arts","1873803-Downtown Computer Sci/Digital Media Arts"]
["1874101","LACES Mag","1874101-LACES Mag"]
["1874301","Manual Arts SH","1874301-Manual Arts SH"]
["1874302","Manual Arts Col Prep","1874302-Manual Arts Col Prep"]
["1874801","West AdaMS Prep SH","1874801-West AdaMS Prep SH"]
["1874802","West Adams HS Firefighter Academy Magnet","1874802-West Adams HS Firefighter Academy Magnet"]
["1874803","West Adams HS Police Academy Magnet","1874803-West Adams HS Police Academy Magnet"]
["1875001","Marshall SH","1875001-Marshall SH"]
["1875002","John Marshall Senior High Gifted Magnet","1875002-John Marshall Senior High Gifted Magnet"]
["1875401","Bravo Medical Mag","1875401-Bravo Medical Mag"]
["1876001","Middle College HS","1876001-Middle College HS"]
["1876801","Monroe SH","1876801-Monroe SH"]
["1876802","Monroe Police Acd Mg","1876802-Monroe Police Acd Mg"]
["1876803","Monroe Law/Gov Mag","1876803-Monroe Law/Gov Mag"]
["1876810","POPP","1876810-POPP"]
["1876812","Monroe HS Firefighter Academy Magnet","1876812-Monroe HS Firefighter Academy Magnet"]
["1877401","Contreras LC Glbl St","1877401-Contreras LC Glbl St"]
["1877901","Narbonne SH","1877901-Narbonne SH"]
["1877902","Narbonne HS STEAM Magnet","1877902-Narbonne HS STEAM Magnet"]
["1877911","Narbonne HS Bus/Entrep/Tech Magnet","1877911-Narbonne HS Bus/Entrep/Tech Magnet"]
["1878601","No Hollywood SH","1878601-No Hollywood SH"]
["1878602","No Hollywood Hg Mag","1878602-No Hollywood Hg Mag"]
["1878603","NHHS/LA Zoo Biol Mag","1878603-NHHS/LA Zoo Biol Mag"]
["1878612","North Hollywood HS STEM Magnet","1878612-North Hollywood HS STEM Magnet"]
["1881401","Reseda Charter High School","1881401-Reseda Charter High School"]
["1881402","Reseda Charter HS Police Academy Magnet","1881402-Reseda Charter HS Police Academy Magnet"]
["1881403","Reseda Charter HS Science Magnet","1881403-Reseda Charter HS Science Magnet"]
["1881409","Reseda Charter HS Arts/Media/Ent Magnet","1881409-Reseda Charter HS Arts/Media/Ent Magnet"]
["1883801","Narbonne SH Harts LA","1883801-Narbonne SH Harts LA"]
["1884201","SOCES Mag","1884201-SOCES Mag"]
["1884301","San Fernando SH","1884301-San Fernando SH"]
["1884302","San Fernando Senior High Science/Tech/Math","1884302-San Fernando Senior High Science/Tech/Math"]
["1885001","San Pedro SH","1885001-San Pedro SH"]
["1885002","San Pedro Pol Acd Mg","1885002-San Pedro Pol Acd Mg"]
["1885003","San Pedro Senior High Marine Science/Tech","1885003-San Pedro Senior High Marine Science/Tech"]
["1885010","San Pedro Senior High Gifted STEAM Magnet","1885010-San Pedro Senior High Gifted STEAM Magnet"]
["1885011","San Pedro HS Visual/Perf Arts Magnet","1885011-San Pedro HS Visual/Perf Arts Magnet"]
["1885301","Orthopaedic Hosp Mag","1885301-Orthopaedic Hosp Mag"]
["1886601","Marquez SH HPIAM","1886601-Marquez SH HPIAM"]
["1886701","Rivera LC Pub Srv","1886701-Rivera LC Pub Srv"]
["1886801","Rancho Domingz Prep","1886801-Rancho Domingz Prep"]
["1886802","Rancho Dominguez PS Law/Gov/Pub Serv Mag","1886802-Rancho Dominguez PS Law/Gov/Pub Serv Mag"]
["1887101","South Gate SH","1887101-South Gate SH"]
["1887801","Sylmar Charter High School",{"$f":"A1091&\"-\"&B1091","v":"1887801-Sylmar Charter High School"}]
["1887802","Sylmar Charter HS Sci/Tech/Math Magnet","1887802-Sylmar Charter HS Sci/Tech/Math Magnet"]
["1888001","William Howard Taft Charter HS","1888001-William Howard Taft Charter HS"]
["1888007","William Howard Taft Charter SH Gifted St","1888007-William Howard Taft Charter SH Gifted St"]
["1888101","South East SH","1888101-South East SH"]
["1888108","SEHS Tech/Media Mag","1888108-SEHS Tech/Media Mag"]
["1888201","Maywood Academy SH","1888201-Maywood Academy SH"]
["1888601","University High School Charter","1888601-University High School Charter"]
["1888607","University Charter HS Mth/Art/Sci/Tch Mg","1888607-University Charter HS Mth/Art/Sci/Tch Mg"]
["1889301","Van Nuys SH","1889301-Van Nuys SH"]
["1889302","Van Nuys Medical Mag","1889302-Van Nuys Medical Mag"]
["1889303","Van Nuys Senior High Science/Tech/Math Mag","1889303-Van Nuys Senior High Science/Tech/Math Mag"]
["1889304","Van Nuys Per Arts Mg","1889304-Van Nuys Per Arts Mg"]
["1889801","Valley Acad Arts/Sci","1889801-Valley Acad Arts/Sci"]
["1890101","Chavez Learning Acad-Technology Prep","1890101-Chavez Learning Acad-Technology Prep"]
["1890701","Venice SH","1890701-Venice SH"]
["1890702","Venice SH World Languages/Golbal Studies","1890702-Venice SH World Languages/Golbal Studies"]
["1890707","Venice SH STEMM Mag","1890707-Venice SH STEMM Mag"]
["1891401","Verdugo Hills SH","1891401-Verdugo Hills SH"]
["1891402","Verdguo Hills HS STEMM Magnet","1891402-Verdguo Hills HS STEMM Magnet"]
["1891408","Verdugo Hills SH Visual and Performing Acad","1891408-Verdugo Hills SH Visual and Performing Acad"]
["1891701","Maywood Center for Enriched Studies Mag","1891701-Maywood Center for Enriched Studies Mag"]
["1892101","Legacy SH STEAM","1892101-Legacy SH STEAM"]
["1892801","Washington Prep SH","1892801-Washington Prep SH"]
["1892803","Washington Preparatory HS STEAM Magnet","1892803-Washington Preparatory HS STEAM Magnet"]
["1894301","WESM Hlth/Sports Med","1894301-WESM Hlth/Sports Med"]
["1894309","Westchester HS G/HG/HA/STEAM Magnet","1894309-Westchester HS G/HG/HA/STEAM Magnet"]
["1894310","WESM Env Natrl Sci","1894310-WESM Env Natrl Sci"]